51.36.249.92 - - [28/Jul/2026:18:19:59 +0000] "GET /wp-content/plugins/woocommerce/assets/js/frontend/add-to-cart-variation.min.js?ver=10.3.7 HTTP/1.1" 200 3940 "https://outlet.autozone.com.sa/" "Mozilla/5.0 (Linux; Android 10; K) AppleWebKit/537.36 (KHTML, like Gecko) Chrome/150.0.0.0 Mobile Safari/537.36"
51.36.249.92 - - [28/Jul/2026:18:19:59 +0000] "GET /wp-content/plugins/woo-variation-gallery/assets/js/slick.min.js?ver=1.8.1 HTTP/1.1" 200 10678 "https://outlet.autozone.com.sa/" "Mozilla/5.0 (Linux; Android 10; K) AppleWebKit/537.36 (KHTML, like Gecko) Chrome/150.0.0.0 Mobile Safari/537.36"
51.36.249.92 - - [28/Jul/2026:18:19:59 +0000] "GET /wp-includes/js/dist/i18n.min.js?ver=781d11515ad3d91786ec HTTP/1.1" 200 2465 "https://outlet.autozone.com.sa/" "Mozilla/5.0 (Linux; Android 10; K) AppleWebKit/537.36 (KHTML, like Gecko) Chrome/150.0.0.0 Mobile Safari/537.36"
51.36.249.92 - - [28/Jul/2026:18:19:59 +0000] "GET /wp-content/plugins/jet-search/assets/lib/jet-plugins/jet-plugins.js?ver=1.0.0 HTTP/1.1" 200 2282 "https://outlet.autozone.com.sa/" "Mozilla/5.0 (Linux; Android 10; K) AppleWebKit/537.36 (KHTML, like Gecko) Chrome/150.0.0.0 Mobile Safari/537.36"
51.36.249.92 - - [28/Jul/2026:18:19:59 +0000] "GET /wp-includes/js/jquery/jquery-migrate.min.js?ver=3.4.1 HTTP/1.1" 200 4872 "https://outlet.autozone.com.sa/" "Mozilla/5.0 (Linux; Android 10; K) AppleWebKit/537.36 (KHTML, like Gecko) Chrome/150.0.0.0 Mobile Safari/537.36"
51.36.249.92 - - [28/Jul/2026:18:19:59 +0000] "GET /wp-content/plugins/woocommerce/assets/js/jquery-blockui/jquery.blockUI.min.js?ver=2.7.0-wc.10.3.7 HTTP/1.1" 200 3537 "https://outlet.autozone.com.sa/" "Mozilla/5.0 (Linux; Android 10; K) AppleWebKit/537.36 (KHTML, like Gecko) Chrome/150.0.0.0 Mobile Safari/537.36"
51.36.249.92 - - [28/Jul/2026:18:19:59 +0000] "GET /wp-includes/js/underscore.min.js?ver=1.13.8 HTTP/1.1" 200 7372 "https://outlet.autozone.com.sa/" "Mozilla/5.0 (Linux; Android 10; K) AppleWebKit/537.36 (KHTML, like Gecko) Chrome/150.0.0.0 Mobile Safari/537.36"
51.36.249.92 - - [28/Jul/2026:18:19:59 +0000] "GET /wp-content/plugins/woocommerce/assets/js/frontend/cart-fragments.min.js?ver=10.3.7 HTTP/1.1" 200 1045 "https://outlet.autozone.com.sa/" "Mozilla/5.0 (Linux; Android 10; K) AppleWebKit/537.36 (KHTML, like Gecko) Chrome/150.0.0.0 Mobile Safari/537.36"
51.36.249.92 - - [28/Jul/2026:18:19:59 +0000] "GET /wp-content/plugins/sitepress-multilingual-cms/res/js/cookies/language-cookie.js?ver=486900 HTTP/1.1" 200 187 "https://outlet.autozone.com.sa/" "Mozilla/5.0 (Linux; Android 10; K) AppleWebKit/537.36 (KHTML, like Gecko) Chrome/150.0.0.0 Mobile Safari/537.36"
51.36.249.92 - - [28/Jul/2026:18:19:59 +0000] "GET /wp-content/plugins/woocommerce/assets/js/frontend/order-attribution.min.js?ver=10.3.7 HTTP/1.1" 200 1128 "https://outlet.autozone.com.sa/" "Mozilla/5.0 (Linux; Android 10; K) AppleWebKit/537.36 (KHTML, like Gecko) Chrome/150.0.0.0 Mobile Safari/537.36"
51.36.249.92 - - [28/Jul/2026:18:19:59 +0000] "GET /wp-includes/js/dist/hooks.min.js?ver=7496969728ca0f95732d HTTP/1.1" 200 1829 "https://outlet.autozone.com.sa/" "Mozilla/5.0 (Linux; Android 10; K) AppleWebKit/537.36 (KHTML, like Gecko) Chrome/150.0.0.0 Mobile Safari/537.36"
51.36.249.92 - - [28/Jul/2026:18:19:59 +0000] "GET /wp-content/plugins/elementor-pro/assets/js/frontend.min.js?ver=3.33.1 HTTP/1.1" 200 6433 "https://outlet.autozone.com.sa/" "Mozilla/5.0 (Linux; Android 10; K) AppleWebKit/537.36 (KHTML, like Gecko) Chrome/150.0.0.0 Mobile Safari/537.36"
51.36.249.92 - - [28/Jul/2026:18:19:59 +0000] "GET /wp-content/plugins/elementor/assets/js/frontend.min.js?ver=3.33.0 HTTP/1.1" 200 10325 "https://outlet.autozone.com.sa/" "Mozilla/5.0 (Linux; Android 10; K) AppleWebKit/537.36 (KHTML, like Gecko) Chrome/150.0.0.0 Mobile Safari/537.36"
51.36.249.92 - - [28/Jul/2026:18:19:59 +0000] "GET /wp-includes/js/dist/api-fetch.min.js?ver=d7efe4dc1468d36c39b8 HTTP/1.1" 200 2839 "https://outlet.autozone.com.sa/" "Mozilla/5.0 (Linux; Android 10; K) AppleWebKit/537.36 (KHTML, like Gecko) Chrome/150.0.0.0 Mobile Safari/537.36"
51.36.249.92 - - [28/Jul/2026:18:19:59 +0000] "GET /wp-includes/js/wp-util.min.js?ver=7.0.2 HTTP/1.1" 200 754 "https://outlet.autozone.com.sa/" "Mozilla/5.0 (Linux; Android 10; K) AppleWebKit/537.36 (KHTML, like Gecko) Chrome/150.0.0.0 Mobile Safari/537.36"
51.36.249.92 - - [28/Jul/2026:18:19:59 +0000] "GET /wp-content/plugins/woocommerce/assets/js/frontend/add-to-cart.min.js?ver=10.3.7 HTTP/1.1" 200 1368 "https://outlet.autozone.com.sa/" "Mozilla/5.0 (Linux; Android 10; K) AppleWebKit/537.36 (KHTML, like Gecko) Chrome/150.0.0.0 Mobile Safari/537.36"
51.36.249.92 - - [28/Jul/2026:18:19:59 +0000] "GET /wp-content/plugins/jet-elements/assets/js/lib/anime-js/anime.min.js?ver=2.2.0 HTTP/1.1" 200 6057 "https://outlet.autozone.com.sa/" "Mozilla/5.0 (Linux; Android 10; K) AppleWebKit/537.36 (KHTML, like Gecko) Chrome/150.0.0.0 Mobile Safari/537.36"
51.36.249.92 - - [28/Jul/2026:18:19:59 +0000] "GET /wp-content/plugins/elementor-pro/assets/js/webpack-pro.runtime.min.js?ver=3.33.1 HTTP/1.1" 200 2855 "https://outlet.autozone.com.sa/" "Mozilla/5.0 (Linux; Android 10; K) AppleWebKit/537.36 (KHTML, like Gecko) Chrome/150.0.0.0 Mobile Safari/537.36"
51.36.249.92 - - [28/Jul/2026:18:19:59 +0000] "GET /wp-content/plugins/jet-elements/assets/js/jet-elements.min.js?ver=2.7.9.1 HTTP/1.1" 200 26520 "https://outlet.autozone.com.sa/" "Mozilla/5.0 (Linux; Android 10; K) AppleWebKit/537.36 (KHTML, like Gecko) Chrome/150.0.0.0 Mobile Safari/537.36"
51.36.249.92 - - [28/Jul/2026:18:19:59 +0000] "GET /wp-content/plugins/woocommerce-multilingual/res/js/cart_widget.min.js?ver=5.5.3.1 HTTP/1.1" 200 523 "https://outlet.autozone.com.sa/" "Mozilla/5.0 (Linux; Android 10; K) AppleWebKit/537.36 (KHTML, like Gecko) Chrome/150.0.0.0 Mobile Safari/537.36"
51.36.249.92 - - [28/Jul/2026:18:19:59 +0000] "GET /wp-content/plugins/woocommerce/assets/js/js-cookie/js.cookie.min.js?ver=2.1.4-wc.10.3.7 HTTP/1.1" 200 833 "https://outlet.autozone.com.sa/" "Mozilla/5.0 (Linux; Android 10; K) AppleWebKit/537.36 (KHTML, like Gecko) Chrome/150.0.0.0 Mobile Safari/537.36"
51.36.249.92 - - [28/Jul/2026:18:19:59 +0000] "GET /wp-content/themes/hello-elementor/assets/js/hello-frontend.min.js?ver=3.2.1 HTTP/1.1" 200 598 "https://outlet.autozone.com.sa/" "Mozilla/5.0 (Linux; Android 10; K) AppleWebKit/537.36 (KHTML, like Gecko) Chrome/150.0.0.0 Mobile Safari/537.36"
51.36.249.92 - - [28/Jul/2026:18:19:59 +0000] "GET /wp-includes/js/jquery/jquery.min.js?ver=3.7.1 HTTP/1.1" 200 30368 "https://outlet.autozone.com.sa/" "Mozilla/5.0 (Linux; Android 10; K) AppleWebKit/537.36 (KHTML, like Gecko) Chrome/150.0.0.0 Mobile Safari/537.36"
51.36.249.92 - - [28/Jul/2026:18:19:59 +0000] "GET /wp-content/plugins/woocommerce/assets/js/frontend/woocommerce.min.js?ver=10.3.7 HTTP/1.1" 200 1474 "https://outlet.autozone.com.sa/" "Mozilla/5.0 (Linux; Android 10; K) AppleWebKit/537.36 (KHTML, like Gecko) Chrome/150.0.0.0 Mobile Safari/537.36"
51.36.249.92 - - [28/Jul/2026:18:19:59 +0000] "GET /wp-includes/js/imagesloaded.min.js?ver=5.0.0 HTTP/1.1" 200 1803 "https://outlet.autozone.com.sa/" "Mozilla/5.0 (Linux; Android 10; K) AppleWebKit/537.36 (KHTML, like Gecko) Chrome/150.0.0.0 Mobile Safari/537.36"
51.36.249.92 - - [28/Jul/2026:18:19:59 +0000] "GET /wp-content/plugins/jet-tricks/assets/js/lib/tippy/tippy-bundle.js?ver=6.3.1 HTTP/1.1" 200 18936 "https://outlet.autozone.com.sa/" "Mozilla/5.0 (Linux; Android 10; K) AppleWebKit/537.36 (KHTML, like Gecko) Chrome/150.0.0.0 Mobile Safari/537.36"
51.36.249.92 - - [28/Jul/2026:18:19:59 +0000] "GET /wp-content/plugins/elementor-pro/assets/js/elements-handlers.min.js?ver=3.33.1 HTTP/1.1" 200 10567 "https://outlet.autozone.com.sa/" "Mozilla/5.0 (Linux; Android 10; K) AppleWebKit/537.36 (KHTML, like Gecko) Chrome/150.0.0.0 Mobile Safari/537.36"
51.36.249.92 - - [28/Jul/2026:18:19:59 +0000] "GET /wp-includes/js/jquery/ui/core.min.js?ver=1.13.3 HTTP/1.1" 200 7106 "https://outlet.autozone.com.sa/" "Mozilla/5.0 (Linux; Android 10; K) AppleWebKit/537.36 (KHTML, like Gecko) Chrome/150.0.0.0 Mobile Safari/537.36"
51.36.249.92 - - [28/Jul/2026:18:19:59 +0000] "GET /wp-content/plugins/jet-engine/assets/lib/slick/slick.min.js?ver=1.8.1 HTTP/1.1" 200 10327 "https://outlet.autozone.com.sa/" "Mozilla/5.0 (Linux; Android 10; K) AppleWebKit/537.36 (KHTML, like Gecko) Chrome/150.0.0.0 Mobile Safari/537.36"
51.36.249.92 - - [28/Jul/2026:18:19:59 +0000] "GET /wp-content/plugins/jet-compare-wishlist/assets/js/dist/frontend.js?ver=1.5.11 HTTP/1.1" 200 1925 "https://outlet.autozone.com.sa/" "Mozilla/5.0 (Linux; Android 10; K) AppleWebKit/537.36 (KHTML, like Gecko) Chrome/150.0.0.0 Mobile Safari/537.36"
51.36.249.92 - - [28/Jul/2026:18:19:59 +0000] "GET /wp-content/plugins/jet-popup/includes/elementor/assets/js/jet-popup-elementor-frontend.js?ver=2.0.16 HTTP/1.1" 200 2342 "https://outlet.autozone.com.sa/" "Mozilla/5.0 (Linux; Android 10; K) AppleWebKit/537.36 (KHTML, like Gecko) Chrome/150.0.0.0 Mobile Safari/537.36"
51.36.249.92 - - [28/Jul/2026:18:19:59 +0000] "GET /wp-content/plugins/element-pack-pro-1/assets/js/bdt-uikit.min.js?ver=3.16.24 HTTP/1.1" 200 49722 "https://outlet.autozone.com.sa/" "Mozilla/5.0 (Linux; Android 10; K) AppleWebKit/537.36 (KHTML, like Gecko) Chrome/150.0.0.0 Mobile Safari/537.36"
51.36.249.92 - - [28/Jul/2026:18:19:59 +0000] "GET /wp-content/plugins/jet-tricks/assets/js/lib/tippy/popperjs.js?ver=2.5.2 HTTP/1.1" 200 6619 "https://outlet.autozone.com.sa/" "Mozilla/5.0 (Linux; Android 10; K) AppleWebKit/537.36 (KHTML, like Gecko) Chrome/150.0.0.0 Mobile Safari/537.36"
51.36.249.92 - - [28/Jul/2026:18:19:59 +0000] "GET /wp-content/plugins/element-pack-pro-1/assets/js/common/helper.min.js?ver=7.5.4 HTTP/1.1" 200 678 "https://outlet.autozone.com.sa/" "Mozilla/5.0 (Linux; Android 10; K) AppleWebKit/537.36 (KHTML, like Gecko) Chrome/150.0.0.0 Mobile Safari/537.36"
51.36.249.92 - - [28/Jul/2026:18:19:59 +0000] "GET /wp-content/plugins/jet-blocks/assets/js/jet-blocks.min.js?ver=1.3.19.1 HTTP/1.1" 200 5961 "https://outlet.autozone.com.sa/" "Mozilla/5.0 (Linux; Android 10; K) AppleWebKit/537.36 (KHTML, like Gecko) Chrome/150.0.0.0 Mobile Safari/537.36"
51.36.249.92 - - [28/Jul/2026:18:19:59 +0000] "GET /wp-includes/js/dist/url.min.js?ver=bb0f766c3d2efe497871 HTTP/1.1" 200 3904 "https://outlet.autozone.com.sa/" "Mozilla/5.0 (Linux; Android 10; K) AppleWebKit/537.36 (KHTML, like Gecko) Chrome/150.0.0.0 Mobile Safari/537.36"
51.36.249.92 - - [28/Jul/2026:18:19:59 +0000] "GET /wp-content/plugins/elementor-pro/assets/lib/smartmenus/jquery.smartmenus.min.js?ver=1.2.1 HTTP/1.1" 200 7087 "https://outlet.autozone.com.sa/" "Mozilla/5.0 (Linux; Android 10; K) AppleWebKit/537.36 (KHTML, like Gecko) Chrome/150.0.0.0 Mobile Safari/537.36"
51.36.249.92 - - [28/Jul/2026:18:19:59 +0000] "GET /wp-content/plugins/jet-woo-product-gallery/assets/lib/swiper/swiper.min.js?ver=5.3.6 HTTP/1.1" 200 35491 "https://outlet.autozone.com.sa/" "Mozilla/5.0 (Linux; Android 10; K) AppleWebKit/537.36 (KHTML, like Gecko) Chrome/150.0.0.0 Mobile Safari/537.36"
51.36.249.92 - - [28/Jul/2026:18:20:00 +0000] "POST /?wc-ajax=get_refreshed_fragments HTTP/1.1" 200 1006 "https://outlet.autozone.com.sa/" "Mozilla/5.0 (Linux; Android 10; K) AppleWebKit/537.36 (KHTML, like Gecko) Chrome/150.0.0.0 Mobile Safari/537.36"
51.36.249.92 - - [28/Jul/2026:18:20:00 +0000] "POST /?wc-ajax=get_refreshed_fragments HTTP/1.1" 200 1006 "https://outlet.autozone.com.sa/" "Mozilla/5.0 (Linux; Android 10; K) AppleWebKit/537.36 (KHTML, like Gecko) Chrome/150.0.0.0 Mobile Safari/537.36"
51.36.249.92 - - [28/Jul/2026:18:20:05 +0000] "GET /wp-content/uploads/2024/12/webstdy_1675070394%D9%85%D8%B5%D8%B1%D9%81%D8%A7%D9%84%D8%B1%D8%A7%D8%AC%D8%AD%D9%8A.webp HTTP/1.1" 200 16892 "https://outlet.autozone.com.sa/" "Mozilla/5.0 (Linux; Android 10; K) AppleWebKit/537.36 (KHTML, like Gecko) Chrome/150.0.0.0 Mobile Safari/537.36"
51.36.249.92 - - [28/Jul/2026:18:20:10 +0000] "POST /?wc-ajax=get_refreshed_fragments HTTP/1.1" 200 1006 "https://outlet.autozone.com.sa/" "Mozilla/5.0 (Linux; Android 10; K) AppleWebKit/537.36 (KHTML, like Gecko) Chrome/150.0.0.0 Mobile Safari/537.36"
51.36.249.92 - - [28/Jul/2026:18:20:15 +0000] "POST /?wc-ajax=get_refreshed_fragments HTTP/1.1" 200 1006 "https://outlet.autozone.com.sa/" "Mozilla/5.0 (Linux; Android 10; K) AppleWebKit/537.36 (KHTML, like Gecko) Chrome/150.0.0.0 Mobile Safari/537.36"
51.36.249.92 - - [28/Jul/2026:18:20:18 +0000] "GET /shop/ HTTP/1.1" 200 31576 "https://outlet.autozone.com.sa/" "Mozilla/5.0 (Linux; Android 10; K) AppleWebKit/537.36 (KHTML, like Gecko) Chrome/150.0.0.0 Mobile Safari/537.36"
51.36.249.92 - - [28/Jul/2026:18:20:20 +0000] "GET /wp-content/plugins/elementor-pro/assets/css/modules/motion-fx.min.css?ver=3.33.1 HTTP/1.1" 200 310 "https://outlet.autozone.com.sa/shop/" "Mozilla/5.0 (Linux; Android 10; K) AppleWebKit/537.36 (KHTML, like Gecko) Chrome/150.0.0.0 Mobile Safari/537.36"
51.36.249.92 - - [28/Jul/2026:18:20:20 +0000] "GET /wp-content/uploads/elementor/css/post-877.css?ver=1785175992 HTTP/1.1" 200 2937 "https://outlet.autozone.com.sa/shop/" "Mozilla/5.0 (Linux; Android 10; K) AppleWebKit/537.36 (KHTML, like Gecko) Chrome/150.0.0.0 Mobile Safari/537.36"
51.36.249.92 - - [28/Jul/2026:18:20:20 +0000] "GET /wp-content/uploads/2024/12/az-outlet-en-min-1.png HTTP/1.1" 304 - "https://outlet.autozone.com.sa/shop/" "Mozilla/5.0 (Linux; Android 10; K) AppleWebKit/537.36 (KHTML, like Gecko) Chrome/150.0.0.0 Mobile Safari/537.36"
51.36.249.92 - - [28/Jul/2026:18:20:20 +0000] "GET /wp-content/uploads/2024/12/222f4a4449ce-best-cars-inline2.webp HTTP/1.1" 200 63041 "https://outlet.autozone.com.sa/wp-content/uploads/elementor/css/post-877.css?ver=1785175992" "Mozilla/5.0 (Linux; Android 10; K) AppleWebKit/537.36 (KHTML, like Gecko) Chrome/150.0.0.0 Mobile Safari/537.36"
51.36.249.92 - - [28/Jul/2026:18:20:20 +0000] "GET /wp-content/plugins/jet-elements/assets/js/lib/resize-sensor/ResizeSensor.min.js?ver=1.7.0 HTTP/1.1" 200 937 "https://outlet.autozone.com.sa/shop/" "Mozilla/5.0 (Linux; Android 10; K) AppleWebKit/537.36 (KHTML, like Gecko) Chrome/150.0.0.0 Mobile Safari/537.36"
51.36.249.92 - - [28/Jul/2026:18:20:20 +0000] "GET /wp-content/plugins/jet-tricks/assets/js/lib/sticky-sidebar/sticky-sidebar.min.js?ver=3.3.1 HTTP/1.1" 200 3455 "https://outlet.autozone.com.sa/shop/" "Mozilla/5.0 (Linux; Android 10; K) AppleWebKit/537.36 (KHTML, like Gecko) Chrome/150.0.0.0 Mobile Safari/537.36"
51.36.249.92 - - [28/Jul/2026:18:20:20 +0000] "GET /wp-content/uploads/2024/12/Untitled-design-53.webp HTTP/1.1" 200 38463 "https://outlet.autozone.com.sa/shop/" "Mozilla/5.0 (Linux; Android 10; K) AppleWebKit/537.36 (KHTML, like Gecko) Chrome/150.0.0.0 Mobile Safari/537.36"
51.36.249.92 - - [28/Jul/2026:18:20:21 +0000] "POST /?wc-ajax=get_refreshed_fragments HTTP/1.1" 200 1006 "https://outlet.autozone.com.sa/shop/" "Mozilla/5.0 (Linux; Android 10; K) AppleWebKit/537.36 (KHTML, like Gecko) Chrome/150.0.0.0 Mobile Safari/537.36"
172.105.42.26 - - [28/Jul/2026:18:20:40 +0000] "POST /wp-cron.php?doing_wp_cron=1785262840.3943030834197998046875 HTTP/1.1" 200 20 "-" "WordPress/7.0.2; https://outlet.autozone.com.sa"
51.36.249.92 - - [28/Jul/2026:18:20:39 +0000] "GET /our-offers/ HTTP/1.1" 200 22402 "https://outlet.autozone.com.sa/shop/" "Mozilla/5.0 (Linux; Android 10; K) AppleWebKit/537.36 (KHTML, like Gecko) Chrome/150.0.0.0 Mobile Safari/537.36"
51.36.249.92 - - [28/Jul/2026:18:20:40 +0000] "GET /wp-content/uploads/elementor/css/post-787.css?ver=1785168052 HTTP/1.1" 200 1161 "https://outlet.autozone.com.sa/our-offers/" "Mozilla/5.0 (Linux; Android 10; K) AppleWebKit/537.36 (KHTML, like Gecko) Chrome/150.0.0.0 Mobile Safari/537.36"
51.36.249.92 - - [28/Jul/2026:18:20:41 +0000] "POST /?wc-ajax=get_refreshed_fragments HTTP/1.1" 200 1006 "https://outlet.autozone.com.sa/our-offers/" "Mozilla/5.0 (Linux; Android 10; K) AppleWebKit/537.36 (KHTML, like Gecko) Chrome/150.0.0.0 Mobile Safari/537.36"
51.36.249.92 - - [28/Jul/2026:18:20:50 +0000] "GET /offers/%d8%a3%d8%af%d8%a7%d8%a1-%d8%b1%d9%8a%d8%a7%d8%b6%d9%8a-%d9%85%d8%b9-%d8%ae%d8%b7%d8%a9-%d8%aa%d9%82%d8%b3%d9%8a%d8%b7-%d9%85%d8%b0%d9%87%d9%84%d8%a9/ HTTP/1.1" 200 29224 "https://outlet.autozone.com.sa/our-offers/" "Mozilla/5.0 (Linux; Android 10; K) AppleWebKit/537.36 (KHTML, like Gecko) Chrome/150.0.0.0 Mobile Safari/537.36"
51.36.249.92 - - [28/Jul/2026:18:20:53 +0000] "GET /wp-content/plugins/elementor/assets/css/widget-nested-accordion-rtl.min.css?ver=3.33.0 HTTP/1.1" 200 788 "https://outlet.autozone.com.sa/offers/%d8%a3%d8%af%d8%a7%d8%a1-%d8%b1%d9%8a%d8%a7%d8%b6%d9%8a-%d9%85%d8%b9-%d8%ae%d8%b7%d8%a9-%d8%aa%d9%82%d8%b3%d9%8a%d8%b7-%d9%85%d8%b0%d9%87%d9%84%d8%a9/" "Mozilla/5.0 (Linux; Android 10; K) AppleWebKit/537.36 (KHTML, like Gecko) Chrome/150.0.0.0 Mobile Safari/537.36"
51.36.249.92 - - [28/Jul/2026:18:20:53 +0000] "GET /wp-content/uploads/elementor/css/post-839.css?ver=1785183182 HTTP/1.1" 200 2564 "https://outlet.autozone.com.sa/offers/%d8%a3%d8%af%d8%a7%d8%a1-%d8%b1%d9%8a%d8%a7%d8%b6%d9%8a-%d9%85%d8%b9-%d8%ae%d8%b7%d8%a9-%d8%aa%d9%82%d8%b3%d9%8a%d8%b7-%d9%85%d8%b0%d9%87%d9%84%d8%a9/" "Mozilla/5.0 (Linux; Android 10; K) AppleWebKit/537.36 (KHTML, like Gecko) Chrome/150.0.0.0 Mobile Safari/537.36"
51.36.249.92 - - [28/Jul/2026:18:20:53 +0000] "GET /wp-content/plugins/element-pack-pro-1/assets/css/ep-advanced-button.rtl.css?ver=7.5.4 HTTP/1.1" 200 974 "https://outlet.autozone.com.sa/offers/%d8%a3%d8%af%d8%a7%d8%a1-%d8%b1%d9%8a%d8%a7%d8%b6%d9%8a-%d9%85%d8%b9-%d8%ae%d8%b7%d8%a9-%d8%aa%d9%82%d8%b3%d9%8a%d8%b7-%d9%85%d8%b0%d9%87%d9%84%d8%a9/" "Mozilla/5.0 (Linux; Android 10; K) AppleWebKit/537.36 (KHTML, like Gecko) Chrome/150.0.0.0 Mobile Safari/537.36"
51.36.249.92 - - [28/Jul/2026:18:20:53 +0000] "GET /wp-content/uploads/elementor/css/post-907.css?ver=1785183182 HTTP/1.1" 200 1096 "https://outlet.autozone.com.sa/offers/%d8%a3%d8%af%d8%a7%d8%a1-%d8%b1%d9%8a%d8%a7%d8%b6%d9%8a-%d9%85%d8%b9-%d8%ae%d8%b7%d8%a9-%d8%aa%d9%82%d8%b3%d9%8a%d8%b7-%d9%85%d8%b0%d9%87%d9%84%d8%a9/" "Mozilla/5.0 (Linux; Android 10; K) AppleWebKit/537.36 (KHTML, like Gecko) Chrome/150.0.0.0 Mobile Safari/537.36"
51.36.249.92 - - [28/Jul/2026:18:20:53 +0000] "GET /wp-includes/css/dist/block-library/common-rtl.min.css?ver=7.0.2 HTTP/1.1" 200 1117 "https://outlet.autozone.com.sa/offers/%d8%a3%d8%af%d8%a7%d8%a1-%d8%b1%d9%8a%d8%a7%d8%b6%d9%8a-%d9%85%d8%b9-%d8%ae%d8%b7%d8%a9-%d8%aa%d9%82%d8%b3%d9%8a%d8%b7-%d9%85%d8%b0%d9%87%d9%84%d8%a9/" "Mozilla/5.0 (Linux; Android 10; K) AppleWebKit/537.36 (KHTML, like Gecko) Chrome/150.0.0.0 Mobile Safari/537.36"
51.36.249.92 - - [28/Jul/2026:18:20:54 +0000] "POST /?wc-ajax=get_refreshed_fragments HTTP/1.1" 200 1006 "https://outlet.autozone.com.sa/offers/%d8%a3%d8%af%d8%a7%d8%a1-%d8%b1%d9%8a%d8%a7%d8%b6%d9%8a-%d9%85%d8%b9-%d8%ae%d8%b7%d8%a9-%d8%aa%d9%82%d8%b3%d9%8a%d8%b7-%d9%85%d8%b0%d9%87%d9%84%d8%a9/" "Mozilla/5.0 (Linux; Android 10; K) AppleWebKit/537.36 (KHTML, like Gecko) Chrome/150.0.0.0 Mobile Safari/537.36"
51.36.249.92 - - [28/Jul/2026:18:21:02 +0000] "POST /?wc-ajax=get_refreshed_fragments HTTP/1.1" 200 1006 "https://outlet.autozone.com.sa/our-offers/" "Mozilla/5.0 (Linux; Android 10; K) AppleWebKit/537.36 (KHTML, like Gecko) Chrome/150.0.0.0 Mobile Safari/537.36"
51.36.249.92 - - [28/Jul/2026:18:21:03 +0000] "POST /?wc-ajax=get_refreshed_fragments HTTP/1.1" 200 1006 "https://outlet.autozone.com.sa/shop/" "Mozilla/5.0 (Linux; Android 10; K) AppleWebKit/537.36 (KHTML, like Gecko) Chrome/150.0.0.0 Mobile Safari/537.36"
51.36.249.92 - - [28/Jul/2026:18:21:04 +0000] "POST /?wc-ajax=get_refreshed_fragments HTTP/1.1" 200 1006 "https://outlet.autozone.com.sa/" "Mozilla/5.0 (Linux; Android 10; K) AppleWebKit/537.36 (KHTML, like Gecko) Chrome/150.0.0.0 Mobile Safari/537.36"
172.105.42.26 - - [28/Jul/2026:18:23:20 +0000] "POST /wp-cron.php?doing_wp_cron=1785263000.3174688816070556640625 HTTP/1.1" 200 20 "-" "WordPress/7.0.2; https://outlet.autozone.com.sa"
2a02:9b0:4055:e096:3d8d:56b1:ea46:2ae5 - - [28/Jul/2026:18:23:21 +0000] "GET / HTTP/1.1" 200 36000 "https://accessories.autozone.com.sa/" "Mozilla/5.0 (iPhone; CPU iPhone OS 18_7 like Mac OS X) AppleWebKit/605.1.15 (KHTML, like Gecko) Version/26.5.2 Mobile/15E148 Safari/604.1"
2a02:9b0:4055:e096:3d8d:56b1:ea46:2ae5 - - [28/Jul/2026:18:23:25 +0000] "GET /wp-content/uploads/2024/12/SUV-Large-.webp HTTP/1.1" 200 15293 "https://outlet.autozone.com.sa/" "Mozilla/5.0 (iPhone; CPU iPhone OS 18_7 like Mac OS X) AppleWebKit/605.1.15 (KHTML, like Gecko) Version/26.5.2 Mobile/15E148 Safari/604.1"
2a02:9b0:4055:e096:3d8d:56b1:ea46:2ae5 - - [28/Jul/2026:18:23:25 +0000] "GET /wp-content/uploads/2024/12/tiggo-7-pro-2-scaled-1.webp HTTP/1.1" 200 126112 "https://outlet.autozone.com.sa/" "Mozilla/5.0 (iPhone; CPU iPhone OS 18_7 like Mac OS X) AppleWebKit/605.1.15 (KHTML, like Gecko) Version/26.5.2 Mobile/15E148 Safari/604.1"
2a02:9b0:4055:e096:3d8d:56b1:ea46:2ae5 - - [28/Jul/2026:18:23:25 +0000] "GET /wp-content/uploads/2024/12/shape3red.webp HTTP/1.1" 200 4787 "https://outlet.autozone.com.sa/" "Mozilla/5.0 (iPhone; CPU iPhone OS 18_7 like Mac OS X) AppleWebKit/605.1.15 (KHTML, like Gecko) Version/26.5.2 Mobile/15E148 Safari/604.1"
2a02:9b0:4055:e096:3d8d:56b1:ea46:2ae5 - - [28/Jul/2026:18:23:25 +0000] "GET /wp-content/uploads/2024/12/outlet-design1-_1_-1.webp HTTP/1.1" 200 147851 "https://outlet.autozone.com.sa/" "Mozilla/5.0 (iPhone; CPU iPhone OS 18_7 like Mac OS X) AppleWebKit/605.1.15 (KHTML, like Gecko) Version/26.5.2 Mobile/15E148 Safari/604.1"
2a02:9b0:4055:e096:3d8d:56b1:ea46:2ae5 - - [28/Jul/2026:18:23:25 +0000] "GET /wp-content/uploads/2024/12/05f0cba7-b48a-4abb-bacd-e0e8fac9900d.png HTTP/1.1" 304 - "https://outlet.autozone.com.sa/" "Mozilla/5.0 (iPhone; CPU iPhone OS 18_7 like Mac OS X) AppleWebKit/605.1.15 (KHTML, like Gecko) Version/26.5.2 Mobile/15E148 Safari/604.1"
2a02:9b0:4055:e096:3d8d:56b1:ea46:2ae5 - - [28/Jul/2026:18:23:25 +0000] "GET /wp-content/uploads/2024/12/18.webp HTTP/1.1" 200 140143 "https://outlet.autozone.com.sa/" "Mozilla/5.0 (iPhone; CPU iPhone OS 18_7 like Mac OS X) AppleWebKit/605.1.15 (KHTML, like Gecko) Version/26.5.2 Mobile/15E148 Safari/604.1"
2a02:9b0:4055:e096:3d8d:56b1:ea46:2ae5 - - [28/Jul/2026:18:23:25 +0000] "GET /wp-content/uploads/2024/12/bg.webp HTTP/1.1" 200 82268 "https://outlet.autozone.com.sa/" "Mozilla/5.0 (iPhone; CPU iPhone OS 18_7 like Mac OS X) AppleWebKit/605.1.15 (KHTML, like Gecko) Version/26.5.2 Mobile/15E148 Safari/604.1"
2a02:9b0:4055:e096:3d8d:56b1:ea46:2ae5 - - [28/Jul/2026:18:23:25 +0000] "GET /wp-content/uploads/2024/12/CHANGAN-EADO-DT-WHITE2.webp HTTP/1.1" 200 5774 "https://outlet.autozone.com.sa/" "Mozilla/5.0 (iPhone; CPU iPhone OS 18_7 like Mac OS X) AppleWebKit/605.1.15 (KHTML, like Gecko) Version/26.5.2 Mobile/15E148 Safari/604.1"
2a02:9b0:4055:e096:3d8d:56b1:ea46:2ae5 - - [28/Jul/2026:18:23:25 +0000] "GET /wp-content/uploads/2024/12/Asis.webp HTTP/1.1" 200 13008 "https://outlet.autozone.com.sa/" "Mozilla/5.0 (iPhone; CPU iPhone OS 18_7 like Mac OS X) AppleWebKit/605.1.15 (KHTML, like Gecko) Version/26.5.2 Mobile/15E148 Safari/604.1"
2a02:9b0:4055:e096:3d8d:56b1:ea46:2ae5 - - [28/Jul/2026:18:23:26 +0000] "POST /?wc-ajax=get_refreshed_fragments HTTP/1.1" 200 1006 "https://outlet.autozone.com.sa/" "Mozilla/5.0 (iPhone; CPU iPhone OS 18_7 like Mac OS X) AppleWebKit/605.1.15 (KHTML, like Gecko) Version/26.5.2 Mobile/15E148 Safari/604.1"
2a02:9b0:4055:e096:3d8d:56b1:ea46:2ae5 - - [28/Jul/2026:18:23:26 +0000] "POST /?wc-ajax=get_refreshed_fragments HTTP/1.1" 200 1006 "https://outlet.autozone.com.sa/" "Mozilla/5.0 (iPhone; CPU iPhone OS 18_7 like Mac OS X) AppleWebKit/605.1.15 (KHTML, like Gecko) Version/26.5.2 Mobile/15E148 Safari/604.1"
2a02:9b0:4055:e096:3d8d:56b1:ea46:2ae5 - - [28/Jul/2026:18:23:31 +0000] "POST /wp-admin/admin-ajax.php HTTP/1.1" 200 454 "https://outlet.autozone.com.sa/" "Mozilla/5.0 (iPhone; CPU iPhone OS 18_7 like Mac OS X) AppleWebKit/605.1.15 (KHTML, like Gecko) Version/26.5.2 Mobile/15E148 Safari/604.1"
2a02:9b0:4055:e096:3d8d:56b1:ea46:2ae5 - - [28/Jul/2026:18:23:34 +0000] "POST /wp-admin/admin-ajax.php HTTP/1.1" 200 46 "https://outlet.autozone.com.sa/" "Mozilla/5.0 (iPhone; CPU iPhone OS 18_7 like Mac OS X) AppleWebKit/605.1.15 (KHTML, like Gecko) Version/26.5.2 Mobile/15E148 Safari/604.1"
172.105.42.26 - - [28/Jul/2026:18:25:30 +0000] "POST /wp-cron.php?doing_wp_cron=1785263129.7178430557250976562500 HTTP/1.1" 200 20 "-" "WordPress/7.0.2; https://outlet.autozone.com.sa"
2a02:cb80:40d0:ad80:1c80:8136:cc28:251f - - [28/Jul/2026:18:25:25 +0000] "GET / HTTP/1.1" 200 35999 "https://autozone.com.sa/" "Mozilla/5.0 (iPhone; CPU iPhone OS 18_6_2 like Mac OS X) AppleWebKit/605.1.15 (KHTML, like Gecko) CriOS/150.0.7871.113 Mobile/15E148 Safari/604.1"
2a02:cb80:40d0:ad80:1c80:8136:cc28:251f - - [28/Jul/2026:18:25:30 +0000] "GET /wp-content/uploads/2025/05/outlet-icon-50x50.webp HTTP/1.1" 200 1631 "-" "Mozilla/5.0 (iPhone; CPU iPhone OS 18_6_2 like Mac OS X) AppleWebKit/605.1.15 (KHTML, like Gecko) CriOS/150.0.7871.113 Mobile/15E148 Safari/604.1"
2a02:cb80:40d0:ad80:1c80:8136:cc28:251f - - [28/Jul/2026:18:25:31 +0000] "POST /?wc-ajax=get_refreshed_fragments HTTP/1.1" 200 1006 "https://outlet.autozone.com.sa/" "Mozilla/5.0 (iPhone; CPU iPhone OS 18_6_2 like Mac OS X) AppleWebKit/605.1.15 (KHTML, like Gecko) CriOS/150.0.7871.113 Mobile/15E148 Safari/604.1"
2a02:cb80:40d0:ad80:1c80:8136:cc28:251f - - [28/Jul/2026:18:25:31 +0000] "POST /?wc-ajax=get_refreshed_fragments HTTP/1.1" 200 1006 "https://outlet.autozone.com.sa/" "Mozilla/5.0 (iPhone; CPU iPhone OS 18_6_2 like Mac OS X) AppleWebKit/605.1.15 (KHTML, like Gecko) CriOS/150.0.7871.113 Mobile/15E148 Safari/604.1"
2a02:cb80:40d0:ad80:1c80:8136:cc28:251f - - [28/Jul/2026:18:25:47 +0000] "GET /wp-content/uploads/2024/12/webstdy_1675070626%D8%A7%D9%84%D8%A8%D9%86%D9%83%D8%A7%D9%84%D8%B9%D8%B1%D8%A8%D9%8A.webp HTTP/1.1" 200 9504 "https://outlet.autozone.com.sa/" "Mozilla/5.0 (iPhone; CPU iPhone OS 18_6_2 like Mac OS X) AppleWebKit/605.1.15 (KHTML, like Gecko) CriOS/150.0.7871.113 Mobile/15E148 Safari/604.1"
2a02:cb80:40d0:ad80:1c80:8136:cc28:251f - - [28/Jul/2026:18:25:49 +0000] "GET /wp-content/uploads/2024/12/webstdy_1675071526%D8%B4%D8%B1%D9%83%D8%A9%D8%AA%D8%A3%D8%AC%D9%8A%D8%B1.webp HTTP/1.1" 200 8599 "https://outlet.autozone.com.sa/" "Mozilla/5.0 (iPhone; CPU iPhone OS 18_6_2 like Mac OS X) AppleWebKit/605.1.15 (KHTML, like Gecko) CriOS/150.0.7871.113 Mobile/15E148 Safari/604.1"
2a02:cb80:40d0:ad80:1c80:8136:cc28:251f - - [28/Jul/2026:18:25:50 +0000] "GET /wp-content/uploads/2024/12/webstdy_1675070697%D8%A8%D9%86%D9%83%D8%A7%D9%84%D8%A8%D9%84%D8%A7%D8%AF.webp HTTP/1.1" 200 16333 "https://outlet.autozone.com.sa/" "Mozilla/5.0 (iPhone; CPU iPhone OS 18_6_2 like Mac OS X) AppleWebKit/605.1.15 (KHTML, like Gecko) CriOS/150.0.7871.113 Mobile/15E148 Safari/604.1"
2a02:cb80:40d0:ad80:1c80:8136:cc28:251f - - [28/Jul/2026:18:25:50 +0000] "GET /wp-content/uploads/2024/12/webstdy_1675071343%D8%B9%D8%A8%D8%AF%D8%A7%D9%84%D9%84%D8%B7%D9%8A%D9%81%D8%AC%D9%85%D9%8A%D9%84.webp HTTP/1.1" 200 11078 "https://outlet.autozone.com.sa/" "Mozilla/5.0 (iPhone; CPU iPhone OS 18_6_2 like Mac OS X) AppleWebKit/605.1.15 (KHTML, like Gecko) CriOS/150.0.7871.113 Mobile/15E148 Safari/604.1"
2a02:cb80:40d0:ad80:1c80:8136:cc28:251f - - [28/Jul/2026:18:25:51 +0000] "GET /wp-content/uploads/2024/12/webstdy_1675070763%D8%A8%D9%86%D9%83%D8%A7%D9%84%D8%A7%D9%85%D8%A7%D8%B1%D8%A7%D8%AA.webp HTTP/1.1" 200 9303 "https://outlet.autozone.com.sa/" "Mozilla/5.0 (iPhone; CPU iPhone OS 18_6_2 like Mac OS X) AppleWebKit/605.1.15 (KHTML, like Gecko) CriOS/150.0.7871.113 Mobile/15E148 Safari/604.1"
2a02:cb80:40d0:ad80:1c80:8136:cc28:251f - - [28/Jul/2026:18:25:51 +0000] "GET /wp-content/uploads/2024/12/webstdy_1675070438%D8%A7%D9%84%D8%A8%D9%86%D9%83%D8%A7%D9%84%D8%A7%D9%87%D9%84%D9%8A%D8%A7%D9%84%D8%B3%D8%B9%D9%88%D8%AF%D9%8A.webp HTTP/1.1" 200 12292 "https://outlet.autozone.com.sa/" "Mozilla/5.0 (iPhone; CPU iPhone OS 18_6_2 like Mac OS X) AppleWebKit/605.1.15 (KHTML, like Gecko) CriOS/150.0.7871.113 Mobile/15E148 Safari/604.1"
2a02:cb80:40d0:ad80:1c80:8136:cc28:251f - - [28/Jul/2026:18:25:51 +0000] "GET /wp-content/uploads/2024/12/webstdy_1675071243%D8%B1%D8%A7%D9%8A%D8%A9%D9%84%D9%84%D8%AA%D9%85%D9%88%D9%8A%D9%84.webp HTTP/1.1" 200 17267 "https://outlet.autozone.com.sa/" "Mozilla/5.0 (iPhone; CPU iPhone OS 18_6_2 like Mac OS X) AppleWebKit/605.1.15 (KHTML, like Gecko) CriOS/150.0.7871.113 Mobile/15E148 Safari/604.1"
2a02:cb80:40d0:ad80:1c80:8136:cc28:251f - - [28/Jul/2026:18:25:51 +0000] "GET /wp-content/uploads/2024/12/webstdy_1675070516%D8%A8%D9%86%D9%83%D8%A7%D9%84%D8%B1%D9%8A%D8%A7%D8%B6.webp HTTP/1.1" 200 10879 "https://outlet.autozone.com.sa/" "Mozilla/5.0 (iPhone; CPU iPhone OS 18_6_2 like Mac OS X) AppleWebKit/605.1.15 (KHTML, like Gecko) CriOS/150.0.7871.113 Mobile/15E148 Safari/604.1"
172.105.42.26 - - [28/Jul/2026:18:26:15 +0000] "POST /wp-cron.php?doing_wp_cron=1785263174.9699978828430175781250 HTTP/1.1" 200 20 "-" "WordPress/7.0.2; https://outlet.autozone.com.sa"
2a02:cb80:40d0:ad80:1c80:8136:cc28:251f - - [28/Jul/2026:18:26:11 +0000] "POST /?wc-ajax=get_refreshed_fragments HTTP/1.1" 200 1006 "https://outlet.autozone.com.sa/" "Mozilla/5.0 (iPhone; CPU iPhone OS 18_6_2 like Mac OS X) AppleWebKit/605.1.15 (KHTML, like Gecko) CriOS/150.0.7871.113 Mobile/15E148 Safari/604.1"
2a02:cb80:40d0:ad80:1c80:8136:cc28:251f - - [28/Jul/2026:18:26:16 +0000] "GET /our-offers/ HTTP/1.1" 200 22313 "https://outlet.autozone.com.sa/" "Mozilla/5.0 (iPhone; CPU iPhone OS 18_6_2 like Mac OS X) AppleWebKit/605.1.15 (KHTML, like Gecko) CriOS/150.0.7871.113 Mobile/15E148 Safari/604.1"
2a02:cb80:40d0:ad80:1c80:8136:cc28:251f - - [28/Jul/2026:18:26:18 +0000] "POST /?wc-ajax=get_refreshed_fragments HTTP/1.1" 200 1006 "https://outlet.autozone.com.sa/our-offers/" "Mozilla/5.0 (iPhone; CPU iPhone OS 18_6_2 like Mac OS X) AppleWebKit/605.1.15 (KHTML, like Gecko) CriOS/150.0.7871.113 Mobile/15E148 Safari/604.1"
2a02:cb80:40d0:ad80:1c80:8136:cc28:251f - - [28/Jul/2026:18:26:34 +0000] "POST /?wc-ajax=get_refreshed_fragments HTTP/1.1" 200 1006 "https://outlet.autozone.com.sa/our-offers/" "Mozilla/5.0 (iPhone; CPU iPhone OS 18_6_2 like Mac OS X) AppleWebKit/605.1.15 (KHTML, like Gecko) CriOS/150.0.7871.113 Mobile/15E148 Safari/604.1"
2a02:cb80:40d0:ad80:1c80:8136:cc28:251f - - [28/Jul/2026:18:26:34 +0000] "POST /?wc-ajax=get_refreshed_fragments HTTP/1.1" 200 1006 "https://outlet.autozone.com.sa/" "Mozilla/5.0 (iPhone; CPU iPhone OS 18_6_2 like Mac OS X) AppleWebKit/605.1.15 (KHTML, like Gecko) CriOS/150.0.7871.113 Mobile/15E148 Safari/604.1"
172.105.42.26 - - [28/Jul/2026:18:27:33 +0000] "POST /wp-cron.php?doing_wp_cron=1785263253.9100809097290039062500 HTTP/1.1" 200 20 "-" "WordPress/7.0.2; https://outlet.autozone.com.sa"
2a02:cb80:40d0:ad80:1c80:8136:cc28:251f - - [28/Jul/2026:18:27:29 +0000] "GET / HTTP/1.1" 200 35999 "https://autozone.com.sa/" "Mozilla/5.0 (iPhone; CPU iPhone OS 18_6_2 like Mac OS X) AppleWebKit/605.1.15 (KHTML, like Gecko) CriOS/150.0.7871.113 Mobile/15E148 Safari/604.1"
2a02:cb80:40d0:ad80:1c80:8136:cc28:251f - - [28/Jul/2026:18:27:34 +0000] "POST /?wc-ajax=get_refreshed_fragments HTTP/1.1" 200 1006 "https://outlet.autozone.com.sa/" "Mozilla/5.0 (iPhone; CPU iPhone OS 18_6_2 like Mac OS X) AppleWebKit/605.1.15 (KHTML, like Gecko) CriOS/150.0.7871.113 Mobile/15E148 Safari/604.1"
172.105.42.26 - - [28/Jul/2026:18:27:59 +0000] "POST /wp-cron.php?doing_wp_cron=1785263278.9725348949432373046875 HTTP/1.1" 200 20 "-" "WordPress/7.0.2; https://outlet.autozone.com.sa"
51.195.39.150 - - [28/Jul/2026:18:27:57 +0000] "GET /sh41385267654022 HTTP/1.1" 404 20366 "-" "Mozilla/5.0 (Macintosh; Intel Mac OS X 10_15_7) AppleWebKit/537.36 (KHTML, like Gecko) Chrome/148.0.0.0 Safari/537.36"
2a02:cb80:40d0:ad80:1c80:8136:cc28:251f - - [28/Jul/2026:18:27:57 +0000] "POST //shop HTTP/1.1" 200 31084 "https://outlet.autozone.com.sa/" "Mozilla/5.0 (iPhone; CPU iPhone OS 18_6_2 like Mac OS X) AppleWebKit/605.1.15 (KHTML, like Gecko) CriOS/150.0.7871.113 Mobile/15E148 Safari/604.1"
2a02:cb80:40d0:ad80:1c80:8136:cc28:251f - - [28/Jul/2026:18:28:00 +0000] "POST /?wc-ajax=get_refreshed_fragments HTTP/1.1" 200 1006 "https://outlet.autozone.com.sa//shop" "Mozilla/5.0 (iPhone; CPU iPhone OS 18_6_2 like Mac OS X) AppleWebKit/605.1.15 (KHTML, like Gecko) CriOS/150.0.7871.113 Mobile/15E148 Safari/604.1"
2a02:cb80:40d0:ad80:1c80:8136:cc28:251f - - [28/Jul/2026:18:28:29 +0000] "GET /showroom/ HTTP/1.1" 200 20202 "https://outlet.autozone.com.sa//shop" "Mozilla/5.0 (iPhone; CPU iPhone OS 18_6_2 like Mac OS X) AppleWebKit/605.1.15 (KHTML, like Gecko) CriOS/150.0.7871.113 Mobile/15E148 Safari/604.1"
2a02:cb80:40d0:ad80:1c80:8136:cc28:251f - - [28/Jul/2026:18:28:31 +0000] "GET /wp-content/uploads/elementor/css/post-665.css?ver=1785168053 HTTP/1.1" 200 745 "https://outlet.autozone.com.sa/showroom/" "Mozilla/5.0 (iPhone; CPU iPhone OS 18_6_2 like Mac OS X) AppleWebKit/605.1.15 (KHTML, like Gecko) CriOS/150.0.7871.113 Mobile/15E148 Safari/604.1"
2a02:cb80:40d0:ad80:1c80:8136:cc28:251f - - [28/Jul/2026:18:28:31 +0000] "GET /wp-content/uploads/2024/12/az-new-logo-bg-2-1.jpg HTTP/1.1" 304 - "https://outlet.autozone.com.sa/showroom/" "Mozilla/5.0 (iPhone; CPU iPhone OS 18_6_2 like Mac OS X) AppleWebKit/605.1.15 (KHTML, like Gecko) CriOS/150.0.7871.113 Mobile/15E148 Safari/604.1"
2a02:cb80:40d0:ad80:1c80:8136:cc28:251f - - [28/Jul/2026:18:28:33 +0000] "POST /?wc-ajax=get_refreshed_fragments HTTP/1.1" 200 1006 "https://outlet.autozone.com.sa/showroom/" "Mozilla/5.0 (iPhone; CPU iPhone OS 18_6_2 like Mac OS X) AppleWebKit/605.1.15 (KHTML, like Gecko) CriOS/150.0.7871.113 Mobile/15E148 Safari/604.1"
172.105.42.26 - - [28/Jul/2026:18:35:40 +0000] "POST /wp-cron.php?doing_wp_cron=1785263740.3109660148620605468750 HTTP/1.1" 200 20 "-" "WordPress/7.0.2; https://outlet.autozone.com.sa"
2a02:cb80:40d0:ad80:1c80:8136:cc28:251f - - [28/Jul/2026:18:35:36 +0000] "GET /our-offers/ HTTP/1.1" 200 22313 "https://outlet.autozone.com.sa/showroom/" "Mozilla/5.0 (iPhone; CPU iPhone OS 18_6_2 like Mac OS X) AppleWebKit/605.1.15 (KHTML, like Gecko) CriOS/150.0.7871.113 Mobile/15E148 Safari/604.1"
2a02:cb80:40d0:ad80:1c80:8136:cc28:251f - - [28/Jul/2026:18:35:41 +0000] "POST /?wc-ajax=get_refreshed_fragments HTTP/1.1" 200 1006 "https://outlet.autozone.com.sa/our-offers/" "Mozilla/5.0 (iPhone; CPU iPhone OS 18_6_2 like Mac OS X) AppleWebKit/605.1.15 (KHTML, like Gecko) CriOS/150.0.7871.113 Mobile/15E148 Safari/604.1"
2a02:cb80:40d0:ad80:1c80:8136:cc28:251f - - [28/Jul/2026:18:35:47 +0000] "GET /offers/%d8%a3%d8%af%d8%a7%d8%a1-%d8%b1%d9%8a%d8%a7%d8%b6%d9%8a-%d9%85%d8%b9-%d8%ae%d8%b7%d8%a9-%d8%aa%d9%82%d8%b3%d9%8a%d8%b7-%d9%85%d8%b0%d9%87%d9%84%d8%a9/ HTTP/1.1" 200 29223 "https://outlet.autozone.com.sa/our-offers/" "Mozilla/5.0 (iPhone; CPU iPhone OS 18_6_2 like Mac OS X) AppleWebKit/605.1.15 (KHTML, like Gecko) CriOS/150.0.7871.113 Mobile/15E148 Safari/604.1"
2a02:cb80:40d0:ad80:1c80:8136:cc28:251f - - [28/Jul/2026:18:35:49 +0000] "POST /?wc-ajax=get_refreshed_fragments HTTP/1.1" 200 1006 "https://outlet.autozone.com.sa/offers/%d8%a3%d8%af%d8%a7%d8%a1-%d8%b1%d9%8a%d8%a7%d8%b6%d9%8a-%d9%85%d8%b9-%d8%ae%d8%b7%d8%a9-%d8%aa%d9%82%d8%b3%d9%8a%d8%b7-%d9%85%d8%b0%d9%87%d9%84%d8%a9/" "Mozilla/5.0 (iPhone; CPU iPhone OS 18_6_2 like Mac OS X) AppleWebKit/605.1.15 (KHTML, like Gecko) CriOS/150.0.7871.113 Mobile/15E148 Safari/604.1"
2a02:cb80:40d0:ad80:1c80:8136:cc28:251f - - [28/Jul/2026:18:36:03 +0000] "POST /?wc-ajax=get_refreshed_fragments HTTP/1.1" 200 1006 "https://outlet.autozone.com.sa/our-offers/" "Mozilla/5.0 (iPhone; CPU iPhone OS 18_6_2 like Mac OS X) AppleWebKit/605.1.15 (KHTML, like Gecko) CriOS/150.0.7871.113 Mobile/15E148 Safari/604.1"
172.105.42.26 - - [28/Jul/2026:18:39:39 +0000] "POST /wp-cron.php?doing_wp_cron=1785263979.6542789936065673828125 HTTP/1.1" 200 20 "-" "WordPress/7.0.2; https://outlet.autozone.com.sa"
51.39.73.211 - - [28/Jul/2026:18:39:35 +0000] "GET / HTTP/1.1" 200 35999 "https://autozone.com.sa/" "Mozilla/5.0 (Android 10; Mobile; rv:153.0) Gecko/153.0 Firefox/153.0"
51.39.73.211 - - [28/Jul/2026:18:39:40 +0000] "GET /wp-content/plugins/element-pack-pro-1/assets/css/bdt-uikit.rtl.css?ver=3.16.24 HTTP/1.1" 200 15520 "https://outlet.autozone.com.sa/" "Mozilla/5.0 (Android 10; Mobile; rv:153.0) Gecko/153.0 Firefox/153.0"
51.39.73.211 - - [28/Jul/2026:18:39:40 +0000] "GET /wp-content/plugins/element-pack-pro-1/assets/css/ep-helper.rtl.css?ver=7.5.4 HTTP/1.1" 200 5701 "https://outlet.autozone.com.sa/" "Mozilla/5.0 (Android 10; Mobile; rv:153.0) Gecko/153.0 Firefox/153.0"
51.39.73.211 - - [28/Jul/2026:18:39:40 +0000] "GET /wp-content/plugins/woocommerce/assets/client/blocks/wc-blocks-rtl.css?ver=wc-10.3.7 HTTP/1.1" 200 2620 "https://outlet.autozone.com.sa/" "Mozilla/5.0 (Android 10; Mobile; rv:153.0) Gecko/153.0 Firefox/153.0"
51.39.73.211 - - [28/Jul/2026:18:39:40 +0000] "GET /wp-content/plugins/woocommerce/assets/css/woocommerce-layout-rtl.css?ver=10.3.7 HTTP/1.1" 200 3413 "https://outlet.autozone.com.sa/" "Mozilla/5.0 (Android 10; Mobile; rv:153.0) Gecko/153.0 Firefox/153.0"
51.39.73.211 - - [28/Jul/2026:18:39:40 +0000] "GET /wp-content/plugins/woocommerce/assets/css/woocommerce-smallscreen-rtl.css?ver=10.3.7 HTTP/1.1" 200 1280 "https://outlet.autozone.com.sa/" "Mozilla/5.0 (Android 10; Mobile; rv:153.0) Gecko/153.0 Firefox/153.0"
51.39.73.211 - - [28/Jul/2026:18:39:40 +0000] "GET /wp-content/plugins/woocommerce/assets/css/woocommerce-rtl.css?ver=10.3.7 HTTP/1.1" 200 10988 "https://outlet.autozone.com.sa/" "Mozilla/5.0 (Android 10; Mobile; rv:153.0) Gecko/153.0 Firefox/153.0"
51.39.73.211 - - [28/Jul/2026:18:39:40 +0000] "GET /wp-content/uploads/elementor/css/custom-frontend-rtl.min.css?ver=1785168313 HTTP/1.1" 200 7239 "https://outlet.autozone.com.sa/" "Mozilla/5.0 (Android 10; Mobile; rv:153.0) Gecko/153.0 Firefox/153.0"
51.39.73.211 - - [28/Jul/2026:18:39:40 +0000] "GET /wp-content/uploads/elementor/css/custom-widget-icon-list-rtl.min.css?ver=1785168313 HTTP/1.1" 200 1039 "https://outlet.autozone.com.sa/" "Mozilla/5.0 (Android 10; Mobile; rv:153.0) Gecko/153.0 Firefox/153.0"
51.39.73.211 - - [28/Jul/2026:18:39:40 +0000] "GET /wp-content/plugins/elementor/assets/css/widget-image-rtl.min.css?ver=3.33.0 HTTP/1.1" 200 135 "https://outlet.autozone.com.sa/" "Mozilla/5.0 (Android 10; Mobile; rv:153.0) Gecko/153.0 Firefox/153.0"
51.39.73.211 - - [28/Jul/2026:18:39:40 +0000] "GET /wp-content/uploads/elementor/css/custom-pro-widget-nav-menu-rtl.min.css?ver=1785168313 HTTP/1.1" 200 3422 "https://outlet.autozone.com.sa/" "Mozilla/5.0 (Android 10; Mobile; rv:153.0) Gecko/153.0 Firefox/153.0"
51.39.73.211 - - [28/Jul/2026:18:39:40 +0000] "GET /wp-content/plugins/elementor/assets/css/widget-divider-rtl.min.css?ver=3.33.0 HTTP/1.1" 200 741 "https://outlet.autozone.com.sa/" "Mozilla/5.0 (Android 10; Mobile; rv:153.0) Gecko/153.0 Firefox/153.0"
51.39.73.211 - - [28/Jul/2026:18:39:40 +0000] "GET /wp-content/uploads/elementor/css/custom-jet-blocks-rtl.css?ver=1785168313&ver=1.3.19.1 HTTP/1.1" 200 5820 "https://outlet.autozone.com.sa/" "Mozilla/5.0 (Android 10; Mobile; rv:153.0) Gecko/153.0 Firefox/153.0"
51.39.73.211 - - [28/Jul/2026:18:39:40 +0000] "GET /wp-content/plugins/jet-blog/assets/css/jet-blog-rtl.css?ver=2.4.5.1 HTTP/1.1" 200 648 "https://outlet.autozone.com.sa/" "Mozilla/5.0 (Android 10; Mobile; rv:153.0) Gecko/153.0 Firefox/153.0"
51.39.73.211 - - [28/Jul/2026:18:39:40 +0000] "GET /wp-content/plugins/elementor/assets/css/widget-social-icons-rtl.min.css?ver=3.33.0 HTTP/1.1" 200 1142 "https://outlet.autozone.com.sa/" "Mozilla/5.0 (Android 10; Mobile; rv:153.0) Gecko/153.0 Firefox/153.0"
51.39.73.211 - - [28/Jul/2026:18:39:40 +0000] "GET /wp-content/uploads/elementor/css/custom-pro-widget-slides-rtl.min.css?ver=1785168313 HTTP/1.1" 200 591 "https://outlet.autozone.com.sa/" "Mozilla/5.0 (Android 10; Mobile; rv:153.0) Gecko/153.0 Firefox/153.0"
51.39.73.211 - - [28/Jul/2026:18:39:40 +0000] "GET /wp-content/uploads/elementor/css/custom-widget-nested-tabs-rtl.min.css?ver=1785168313 HTTP/1.1" 200 1867 "https://outlet.autozone.com.sa/" "Mozilla/5.0 (Android 10; Mobile; rv:153.0) Gecko/153.0 Firefox/153.0"
51.39.73.211 - - [28/Jul/2026:18:39:40 +0000] "GET /wp-content/uploads/elementor/css/post-596.css?ver=1785168055 HTTP/1.1" 200 5023 "https://outlet.autozone.com.sa/" "Mozilla/5.0 (Android 10; Mobile; rv:153.0) Gecko/153.0 Firefox/153.0"
51.39.73.211 - - [28/Jul/2026:18:39:40 +0000] "GET /wp-content/uploads/elementor/css/post-617.css?ver=1785168314 HTTP/1.1" 200 737 "https://outlet.autozone.com.sa/" "Mozilla/5.0 (Android 10; Mobile; rv:153.0) Gecko/153.0 Firefox/153.0"
51.39.73.211 - - [28/Jul/2026:18:39:40 +0000] "GET /wp-content/uploads/elementor/css/post-613.css?ver=1785168314 HTTP/1.1" 200 1821 "https://outlet.autozone.com.sa/" "Mozilla/5.0 (Android 10; Mobile; rv:153.0) Gecko/153.0 Firefox/153.0"
51.39.73.211 - - [28/Jul/2026:18:39:40 +0000] "GET /wp-content/uploads/elementor/css/post-756.css?ver=1785168314 HTTP/1.1" 200 1463 "https://outlet.autozone.com.sa/" "Mozilla/5.0 (Android 10; Mobile; rv:153.0) Gecko/153.0 Firefox/153.0"
51.39.73.211 - - [28/Jul/2026:18:39:40 +0000] "GET /wp-content/uploads/elementor/css/post-1014.css?ver=1785168314 HTTP/1.1" 200 3166 "https://outlet.autozone.com.sa/" "Mozilla/5.0 (Android 10; Mobile; rv:153.0) Gecko/153.0 Firefox/153.0"
51.39.73.211 - - [28/Jul/2026:18:39:40 +0000] "GET /wp-content/uploads/elementor/css/post-1038.css?ver=1785168315 HTTP/1.1" 200 1820 "https://outlet.autozone.com.sa/" "Mozilla/5.0 (Android 10; Mobile; rv:153.0) Gecko/153.0 Firefox/153.0"
51.39.73.211 - - [28/Jul/2026:18:39:41 +0000] "GET /wp-content/plugins/jet-elements/assets/css/jet-elements-rtl.css?ver=2.7.9.1 HTTP/1.1" 200 3125 "https://outlet.autozone.com.sa/" "Mozilla/5.0 (Android 10; Mobile; rv:153.0) Gecko/153.0 Firefox/153.0"
51.39.73.211 - - [28/Jul/2026:18:39:41 +0000] "GET /wp-content/plugins/jet-elements/assets/css/addons/jet-countdown-timer-rtl.css?ver=2.7.9.1 HTTP/1.1" 200 281 "https://outlet.autozone.com.sa/" "Mozilla/5.0 (Android 10; Mobile; rv:153.0) Gecko/153.0 Firefox/153.0"
51.39.73.211 - - [28/Jul/2026:18:39:41 +0000] "GET /wp-content/plugins/jet-elements/assets/css/skin/jet-countdown-timer-rtl.css?ver=2.7.9.1 HTTP/1.1" 200 100 "https://outlet.autozone.com.sa/" "Mozilla/5.0 (Android 10; Mobile; rv:153.0) Gecko/153.0 Firefox/153.0"
51.39.73.211 - - [28/Jul/2026:18:39:41 +0000] "GET /wp-content/uploads/2024/12/outlet-logo-arabic.png HTTP/1.1" 304 - "https://outlet.autozone.com.sa/" "Mozilla/5.0 (Android 10; Mobile; rv:153.0) Gecko/153.0 Firefox/153.0"
51.39.73.211 - - [28/Jul/2026:18:39:41 +0000] "GET /wp-content/uploads/2025/01/outlet-logo-arabic.png HTTP/1.1" 304 - "https://outlet.autozone.com.sa/" "Mozilla/5.0 (Android 10; Mobile; rv:153.0) Gecko/153.0 Firefox/153.0"
2a02:cb80:4098:14a:45a3:3532:dfbb:f219 - - [28/Jul/2026:18:39:45 +0000] "GET /wp-content/uploads/2025/05/outlet-icon-300x300.webp HTTP/1.1" 200 9201 "-" "Mozilla/5.0 (Android 10; Mobile; rv:153.0) Gecko/153.0 Firefox/153.0"
2a02:cb80:40d0:ad80:1c80:8136:cc28:251f - - [28/Jul/2026:18:39:45 +0000] "GET /offers/%d8%a3%d8%af%d8%a7%d8%a1-%d8%b1%d9%8a%d8%a7%d8%b6%d9%8a-%d9%85%d8%b9-%d8%ae%d8%b7%d8%a9-%d8%aa%d9%82%d8%b3%d9%8a%d8%b7-%d9%85%d8%b0%d9%87%d9%84%d8%a9/ HTTP/1.1" 200 29223 "https://outlet.autozone.com.sa/our-offers/" "Mozilla/5.0 (iPhone; CPU iPhone OS 18_6_2 like Mac OS X) AppleWebKit/605.1.15 (KHTML, like Gecko) CriOS/150.0.7871.113 Mobile/15E148 Safari/604.1"
2a02:cb80:40d0:ad80:1c80:8136:cc28:251f - - [28/Jul/2026:18:39:47 +0000] "POST /?wc-ajax=get_refreshed_fragments HTTP/1.1" 200 1006 "https://outlet.autozone.com.sa/offers/%d8%a3%d8%af%d8%a7%d8%a1-%d8%b1%d9%8a%d8%a7%d8%b6%d9%8a-%d9%85%d8%b9-%d8%ae%d8%b7%d8%a9-%d8%aa%d9%82%d8%b3%d9%8a%d8%b7-%d9%85%d8%b0%d9%87%d9%84%d8%a9/" "Mozilla/5.0 (iPhone; CPU iPhone OS 18_6_2 like Mac OS X) AppleWebKit/605.1.15 (KHTML, like Gecko) CriOS/150.0.7871.113 Mobile/15E148 Safari/604.1"
51.39.73.211 - - [28/Jul/2026:18:39:56 +0000] "GET /wp-content/plugins/elementor-pro/assets/js/slides.c0029640cbdb48199471.bundle.min.js HTTP/1.1" 200 1467 "https://outlet.autozone.com.sa/" "Mozilla/5.0 (Android 10; Mobile; rv:153.0) Gecko/153.0 Firefox/153.0"
51.39.73.211 - - [28/Jul/2026:18:39:55 +0000] "POST /?wc-ajax=get_refreshed_fragments HTTP/1.1" 200 1006 "https://outlet.autozone.com.sa/" "Mozilla/5.0 (Android 10; Mobile; rv:153.0) Gecko/153.0 Firefox/153.0"
51.39.73.211 - - [28/Jul/2026:18:39:55 +0000] "POST /?wc-ajax=get_refreshed_fragments HTTP/1.1" 200 1006 "https://outlet.autozone.com.sa/" "Mozilla/5.0 (Android 10; Mobile; rv:153.0) Gecko/153.0 Firefox/153.0"
51.39.73.211 - - [28/Jul/2026:18:40:15 +0000] "GET /wp-content/uploads/2024/12/New.webp HTTP/1.1" 200 14393 "https://outlet.autozone.com.sa/" "Mozilla/5.0 (Android 10; Mobile; rv:153.0) Gecko/153.0 Firefox/153.0"
2a02:cb80:40d0:ad80:1c80:8136:cc28:251f - - [28/Jul/2026:18:40:13 +0000] "GET / HTTP/1.1" 200 35999 "https://outlet.autozone.com.sa/offers/%d8%a3%d8%af%d8%a7%d8%a1-%d8%b1%d9%8a%d8%a7%d8%b6%d9%8a-%d9%85%d8%b9-%d8%ae%d8%b7%d8%a9-%d8%aa%d9%82%d8%b3%d9%8a%d8%b7-%d9%85%d8%b0%d9%87%d9%84%d8%a9/" "Mozilla/5.0 (iPhone; CPU iPhone OS 18_6_2 like Mac OS X) AppleWebKit/605.1.15 (KHTML, like Gecko) CriOS/150.0.7871.113 Mobile/15E148 Safari/604.1"
51.39.73.211 - - [28/Jul/2026:18:40:15 +0000] "GET /wp-content/uploads/2024/12/PY.webp HTTP/1.1" 200 16487 "https://outlet.autozone.com.sa/" "Mozilla/5.0 (Android 10; Mobile; rv:153.0) Gecko/153.0 Firefox/153.0"
51.39.73.211 - - [28/Jul/2026:18:40:15 +0000] "GET /wp-content/uploads/2024/12/used.webp HTTP/1.1" 200 15280 "https://outlet.autozone.com.sa/" "Mozilla/5.0 (Android 10; Mobile; rv:153.0) Gecko/153.0 Firefox/153.0"
172.105.42.26 - - [28/Jul/2026:18:40:57 +0000] "POST /wp-cron.php?doing_wp_cron=1785264057.0199859142303466796875 HTTP/1.1" 200 20 "-" "WordPress/7.0.2; https://outlet.autozone.com.sa"
2a02:cb80:40c4:de73:b8a4:d0ff:eba9:69bf - - [28/Jul/2026:18:40:53 +0000] "GET //shop HTTP/1.1" 301 20 "-" "Mozilla/5.0 (iPhone; CPU iPhone OS 16_7_16 like Mac OS X) AppleWebKit/605.1.15 (KHTML, like Gecko) Version/16.6.2 Mobile/15E148 Safari/604.1"
2a02:cb80:40c4:de73:b8a4:d0ff:eba9:69bf - - [28/Jul/2026:18:40:57 +0000] "GET /shop/ HTTP/1.1" 200 31160 "-" "Mozilla/5.0 (iPhone; CPU iPhone OS 16_7_16 like Mac OS X) AppleWebKit/605.1.15 (KHTML, like Gecko) Version/16.6.2 Mobile/15E148 Safari/604.1"
2a02:cb80:40c4:de73:b8a4:d0ff:eba9:69bf - - [28/Jul/2026:18:40:59 +0000] "GET /apple-touch-icon-120x120-precomposed.png HTTP/1.1" 404 20318 "-" "MobileSafari/8615.8.1.10.3 CFNetwork/1410.1 Darwin/22.6.0"
2a02:cb80:40c4:de73:b8a4:d0ff:eba9:69bf - - [28/Jul/2026:18:41:01 +0000] "GET /apple-touch-icon-120x120.png HTTP/1.1" 404 20310 "-" "MobileSafari/8615.8.1.10.3 CFNetwork/1410.1 Darwin/22.6.0"
2a02:cb80:40d0:ad80:1c80:8136:cc28:251f - - [28/Jul/2026:18:41:16 +0000] "POST /?wc-ajax=get_refreshed_fragments HTTP/1.1" 200 1006 "https://outlet.autozone.com.sa/offers/%d8%a3%d8%af%d8%a7%d8%a1-%d8%b1%d9%8a%d8%a7%d8%b6%d9%8a-%d9%85%d8%b9-%d8%ae%d8%b7%d8%a9-%d8%aa%d9%82%d8%b3%d9%8a%d8%b7-%d9%85%d8%b0%d9%87%d9%84%d8%a9/" "Mozilla/5.0 (iPhone; CPU iPhone OS 18_6_2 like Mac OS X) AppleWebKit/605.1.15 (KHTML, like Gecko) CriOS/150.0.7871.113 Mobile/15E148 Safari/604.1"
2a02:cb80:40d0:ad80:1c80:8136:cc28:251f - - [28/Jul/2026:18:41:16 +0000] "POST /?wc-ajax=get_refreshed_fragments HTTP/1.1" 200 1006 "https://outlet.autozone.com.sa/offers/%d8%a3%d8%af%d8%a7%d8%a1-%d8%b1%d9%8a%d8%a7%d8%b6%d9%8a-%d9%85%d8%b9-%d8%ae%d8%b7%d8%a9-%d8%aa%d9%82%d8%b3%d9%8a%d8%b7-%d9%85%d8%b0%d9%87%d9%84%d8%a9/" "Mozilla/5.0 (iPhone; CPU iPhone OS 18_6_2 like Mac OS X) AppleWebKit/605.1.15 (KHTML, like Gecko) CriOS/150.0.7871.113 Mobile/15E148 Safari/604.1"
172.105.42.26 - - [28/Jul/2026:18:42:02 +0000] "POST /wp-cron.php?doing_wp_cron=1785264122.7579219341278076171875 HTTP/1.1" 200 20 "-" "WordPress/7.0.2; https://outlet.autozone.com.sa"
172.105.42.26 - - [28/Jul/2026:18:42:02 +0000] "POST /wp-cron.php?doing_wp_cron=1785264122.7576129436492919921875 HTTP/1.1" 200 20 "-" "WordPress/7.0.2; https://outlet.autozone.com.sa"
51.39.73.211 - - [28/Jul/2026:18:41:59 +0000] "POST /?wc-ajax=get_refreshed_fragments HTTP/1.1" 200 1006 "https://outlet.autozone.com.sa/" "Mozilla/5.0 (Android 10; Mobile; rv:153.0) Gecko/153.0 Firefox/153.0"
51.39.73.211 - - [28/Jul/2026:18:41:59 +0000] "POST /?wc-ajax=get_refreshed_fragments HTTP/1.1" 200 1006 "https://outlet.autozone.com.sa/" "Mozilla/5.0 (Android 10; Mobile; rv:153.0) Gecko/153.0 Firefox/153.0"
51.195.39.150 - - [28/Jul/2026:18:42:31 +0000] "GET /?wmo_hc=k7Hx9mQp2wRt HTTP/1.1" 200 36021 "-" "Mozilla/5.0 (Macintosh; Intel Mac OS X 10_15_7) AppleWebKit/537.36 (KHTML, like Gecko) Chrome/148.0.0.0 Safari/537.36"
172.105.42.26 - - [28/Jul/2026:18:48:20 +0000] "POST /wp-cron.php?doing_wp_cron=1785264499.9203751087188720703125 HTTP/1.1" 200 20 "-" "WordPress/7.0.2; https://outlet.autozone.com.sa"
51.161.65.50 - - [28/Jul/2026:18:48:16 +0000] "GET /wp-sitemap.xml HTTP/1.1" 200 283 "-" "Mozilla/5.0 (compatible; AhrefsBot/7.0; +http://ahrefs.com/robot/)"
54.39.0.6 - - [28/Jul/2026:18:48:22 +0000] "GET /wp-sitemap-posts-page-1.xml HTTP/1.1" 200 317 "-" "Mozilla/5.0 (compatible; AhrefsBot/7.0; +http://ahrefs.com/robot/)"
54.39.203.173 - - [28/Jul/2026:18:48:24 +0000] "GET /wp-sitemap-posts-jet-popup-1.xml HTTP/1.1" 200 247 "-" "Mozilla/5.0 (compatible; AhrefsBot/7.0; +http://ahrefs.com/robot/)"
54.39.210.33 - - [28/Jul/2026:18:48:26 +0000] "GET /wp-sitemap-posts-product-1.xml HTTP/1.1" 200 280 "-" "Mozilla/5.0 (compatible; AhrefsBot/7.0; +http://ahrefs.com/robot/)"
54.39.210.138 - - [28/Jul/2026:18:48:28 +0000] "GET /wp-sitemap-posts-offers-1.xml HTTP/1.1" 200 282 "-" "Mozilla/5.0 (compatible; AhrefsBot/7.0; +http://ahrefs.com/robot/)"
