51.161.37.114 - - [28/Jul/2026:18:48:30 +0000] "GET /wp-sitemap-taxonomies-product_cat-1.xml HTTP/1.1" 200 205 "-" "Mozilla/5.0 (compatible; AhrefsBot/7.0; +http://ahrefs.com/robot/)"
54.39.136.191 - - [28/Jul/2026:18:48:33 +0000] "GET /wp-sitemap-taxonomies-engine-capacity-1.xml HTTP/1.1" 200 200 "-" "Mozilla/5.0 (compatible; AhrefsBot/7.0; +http://ahrefs.com/robot/)"
148.113.128.217 - - [28/Jul/2026:18:48:35 +0000] "GET /wp-sitemap-taxonomies-condition-1.xml HTTP/1.1" 200 195 "-" "Mozilla/5.0 (compatible; AhrefsBot/7.0; +http://ahrefs.com/robot/)"
172.105.42.26 - - [28/Jul/2026:18:48:38 +0000] "POST /wp-cron.php?doing_wp_cron=1785264518.0126459598541259765625 HTTP/1.1" 200 20 "-" "WordPress/7.0.2; https://outlet.autozone.com.sa"
142.44.228.30 - - [28/Jul/2026:18:48:37 +0000] "GET /wp-sitemap-taxonomies-car-type-1.xml HTTP/1.1" 200 193 "-" "Mozilla/5.0 (compatible; AhrefsBot/7.0; +http://ahrefs.com/robot/)"
54.39.0.161 - - [28/Jul/2026:18:48:39 +0000] "GET /wp-sitemap-taxonomies-model-1.xml HTTP/1.1" 200 190 "-" "Mozilla/5.0 (compatible; AhrefsBot/7.0; +http://ahrefs.com/robot/)"
142.44.228.5 - - [28/Jul/2026:18:48:41 +0000] "GET /wp-sitemap-taxonomies-make-1.xml HTTP/1.1" 200 213 "-" "Mozilla/5.0 (compatible; AhrefsBot/7.0; +http://ahrefs.com/robot/)"
172.105.42.26 - - [28/Jul/2026:19:06:40 +0000] "POST /wp-cron.php?doing_wp_cron=1785265599.6947400569915771484375 HTTP/1.1" 200 20 "-" "WordPress/7.0.2; https://outlet.autozone.com.sa"
2a02:9b0:4047:cc29:7953:bba0:e5e0:2c09 - - [28/Jul/2026:19:06:35 +0000] "GET / HTTP/1.1" 200 35999 "https://autozone.com.sa/" "Mozilla/5.0 (iPhone; CPU iPhone OS 18_7 like Mac OS X) AppleWebKit/605.1.15 (KHTML, like Gecko) Version/18.7.5 Mobile/15E148 Safari/604.1"
2a02:9b0:4047:cc29:7953:bba0:e5e0:2c09 - - [28/Jul/2026:19:06:45 +0000] "POST /?wc-ajax=get_refreshed_fragments HTTP/1.1" 200 1006 "https://outlet.autozone.com.sa/" "Mozilla/5.0 (iPhone; CPU iPhone OS 18_7 like Mac OS X) AppleWebKit/605.1.15 (KHTML, like Gecko) Version/18.7.5 Mobile/15E148 Safari/604.1"
2a02:9b0:4047:cc29:7953:bba0:e5e0:2c09 - - [28/Jul/2026:19:06:45 +0000] "POST /?wc-ajax=get_refreshed_fragments HTTP/1.1" 200 1006 "https://outlet.autozone.com.sa/" "Mozilla/5.0 (iPhone; CPU iPhone OS 18_7 like Mac OS X) AppleWebKit/605.1.15 (KHTML, like Gecko) Version/18.7.5 Mobile/15E148 Safari/604.1"
172.105.42.26 - - [28/Jul/2026:19:10:06 +0000] "POST /wp-cron.php?doing_wp_cron=1785265805.9945991039276123046875 HTTP/1.1" 200 20 "-" "WordPress/7.0.2; https://outlet.autozone.com.sa"
172.105.42.26 - - [28/Jul/2026:19:13:40 +0000] "POST /wp-cron.php?doing_wp_cron=1785266020.4131460189819335937500 HTTP/1.1" 200 20 "-" "WordPress/7.0.2; https://outlet.autozone.com.sa"
66.249.74.41 - - [28/Jul/2026:19:13:36 +0000] "GET /showroom/ HTTP/1.1" 200 20202 "-" "Mozilla/5.0 (Linux; Android 6.0.1; Nexus 5X Build/MMB29P) AppleWebKit/537.36 (KHTML, like Gecko) Chrome/150.0.7871.128 Mobile Safari/537.36 (compatible; Googlebot/2.1; +http://www.google.com/bot.html)"
66.249.74.41 - - [28/Jul/2026:19:13:46 +0000] "POST /?wc-ajax=get_refreshed_fragments HTTP/1.1" 200 1006 "https://outlet.autozone.com.sa/showroom/" "Mozilla/5.0 (Linux; Android 6.0.1; Nexus 5X Build/MMB29P) AppleWebKit/537.36 (KHTML, like Gecko) Chrome/150.0.7871.128 Mobile Safari/537.36 (compatible; Googlebot/2.1; +http://www.google.com/bot.html)"
66.249.74.40 - - [28/Jul/2026:19:13:47 +0000] "POST /?wc-ajax=get_refreshed_fragments HTTP/1.1" 200 1006 "https://outlet.autozone.com.sa/showroom/" "Mozilla/5.0 (Linux; Android 6.0.1; Nexus 5X Build/MMB29P) AppleWebKit/537.36 (KHTML, like Gecko) Chrome/150.0.7871.128 Mobile Safari/537.36 (compatible; Googlebot/2.1; +http://www.google.com/bot.html)"
172.105.42.26 - - [28/Jul/2026:19:15:36 +0000] "POST /wp-cron.php?doing_wp_cron=1785266136.8830480575561523437500 HTTP/1.1" 200 20 "-" "WordPress/7.0.2; https://outlet.autozone.com.sa"
216.73.217.135 - - [28/Jul/2026:19:15:49 +0000] "GET /robots.txt HTTP/1.1" 200 201 "-" "Mozilla/5.0 AppleWebKit/537.36 (KHTML, like Gecko; compatible; ClaudeBot/1.0; +claudebot@anthropic.com)"
216.73.217.135 - - [28/Jul/2026:19:16:03 +0000] "GET /wp-sitemap.xml HTTP/1.1" 200 283 "-" "Mozilla/5.0 AppleWebKit/537.36 (KHTML, like Gecko; compatible; ClaudeBot/1.0; +claudebot@anthropic.com)"
172.105.42.26 - - [28/Jul/2026:19:18:07 +0000] "POST /wp-cron.php?doing_wp_cron=1785266287.1881070137023925781250 HTTP/1.1" 200 20 "-" "WordPress/7.0.2; https://outlet.autozone.com.sa"
172.105.42.26 - - [28/Jul/2026:19:19:45 +0000] "POST /wp-cron.php?doing_wp_cron=1785266384.6132619380950927734375 HTTP/1.1" 200 20 "-" "WordPress/7.0.2; https://outlet.autozone.com.sa"
172.105.42.26 - - [28/Jul/2026:19:24:12 +0000] "POST /wp-cron.php?doing_wp_cron=1785266652.2257640361785888671875 HTTP/1.1" 200 20 "-" "WordPress/7.0.2; https://outlet.autozone.com.sa"
130.164.145.118 - - [28/Jul/2026:19:24:07 +0000] "GET / HTTP/1.1" 200 35999 "https://autozone.com.sa/" "Mozilla/5.0 (iPhone; CPU iPhone OS 26_5_2 like Mac OS X) AppleWebKit/605.1.15 (KHTML, like Gecko) Mobile/23F84 Safari/604.1 [FBAN/FBIOS;FBAV/571.0.0.55.72;FBBV/1023852577;FBDV/iPhone15,3;FBMD/iPhone;FBSN/iOS;FBSV/26.5.2;FBSS/3;FBID/phone;FBLC/en_GB;FBOP/5;FBRV/1027625112;IABMV/1]"
130.164.145.118 - - [28/Jul/2026:19:24:13 +0000] "GET /wp-content/plugins/elementor/assets/js/shared-frontend-handlers.03caa53373b56d3bab67.bundle.min.js HTTP/1.1" 200 2644 "https://outlet.autozone.com.sa/" "Mozilla/5.0 (iPhone; CPU iPhone OS 26_5_2 like Mac OS X) AppleWebKit/605.1.15 (KHTML, like Gecko) Mobile/23F84 Safari/604.1 [FBAN/FBIOS;FBAV/571.0.0.55.72;FBBV/1023852577;FBDV/iPhone15,3;FBMD/iPhone;FBSN/iOS;FBSV/26.5.2;FBSS/3;FBID/phone;FBLC/en_GB;FBOP/5;FBRV/1027625112;IABMV/1]"
130.164.145.118 - - [28/Jul/2026:19:24:13 +0000] "GET /wp-content/plugins/woo-variation-gallery/images/slick/ajax-loader.gif HTTP/1.1" 304 - "https://outlet.autozone.com.sa/" "Mozilla/5.0 (iPhone; CPU iPhone OS 26_5_2 like Mac OS X) AppleWebKit/605.1.15 (KHTML, like Gecko) Mobile/23F84 Safari/604.1 [FBAN/FBIOS;FBAV/571.0.0.55.72;FBBV/1023852577;FBDV/iPhone15,3;FBMD/iPhone;FBSN/iOS;FBSV/26.5.2;FBSS/3;FBID/phone;FBLC/en_GB;FBOP/5;FBRV/1027625112;IABMV/1]"
130.164.145.118 - - [28/Jul/2026:19:24:13 +0000] "GET /wp-content/plugins/elementor-pro/assets/js/nav-menu.8521a0597c50611efdc6.bundle.min.js HTTP/1.1" 200 1870 "https://outlet.autozone.com.sa/" "Mozilla/5.0 (iPhone; CPU iPhone OS 26_5_2 like Mac OS X) AppleWebKit/605.1.15 (KHTML, like Gecko) Mobile/23F84 Safari/604.1 [FBAN/FBIOS;FBAV/571.0.0.55.72;FBBV/1023852577;FBDV/iPhone15,3;FBMD/iPhone;FBSN/iOS;FBSV/26.5.2;FBSS/3;FBID/phone;FBLC/en_GB;FBOP/5;FBRV/1027625112;IABMV/1]"
130.164.145.118 - - [28/Jul/2026:19:24:13 +0000] "GET /wp-content/plugins/elementor/assets/js/text-editor.45609661e409413f1cef.bundle.min.js HTTP/1.1" 200 648 "https://outlet.autozone.com.sa/" "Mozilla/5.0 (iPhone; CPU iPhone OS 26_5_2 like Mac OS X) AppleWebKit/605.1.15 (KHTML, like Gecko) Mobile/23F84 Safari/604.1 [FBAN/FBIOS;FBAV/571.0.0.55.72;FBBV/1023852577;FBDV/iPhone15,3;FBMD/iPhone;FBSN/iOS;FBSV/26.5.2;FBSS/3;FBID/phone;FBLC/en_GB;FBOP/5;FBRV/1027625112;IABMV/1]"
130.164.145.118 - - [28/Jul/2026:19:24:13 +0000] "GET /wp-content/plugins/elementor/assets/js/nested-tabs.e9769387c6e374e093ed.bundle.min.js HTTP/1.1" 200 3280 "https://outlet.autozone.com.sa/" "Mozilla/5.0 (iPhone; CPU iPhone OS 26_5_2 like Mac OS X) AppleWebKit/605.1.15 (KHTML, like Gecko) Mobile/23F84 Safari/604.1 [FBAN/FBIOS;FBAV/571.0.0.55.72;FBBV/1023852577;FBDV/iPhone15,3;FBMD/iPhone;FBSN/iOS;FBSV/26.5.2;FBSS/3;FBID/phone;FBLC/en_GB;FBOP/5;FBRV/1027625112;IABMV/1]"
130.164.145.118 - - [28/Jul/2026:19:24:13 +0000] "POST /?wc-ajax=get_refreshed_fragments HTTP/1.1" 200 1006 "https://outlet.autozone.com.sa/" "Mozilla/5.0 (iPhone; CPU iPhone OS 26_5_2 like Mac OS X) AppleWebKit/605.1.15 (KHTML, like Gecko) Mobile/23F84 Safari/604.1 [FBAN/FBIOS;FBAV/571.0.0.55.72;FBBV/1023852577;FBDV/iPhone15,3;FBMD/iPhone;FBSN/iOS;FBSV/26.5.2;FBSS/3;FBID/phone;FBLC/en_GB;FBOP/5;FBRV/1027625112;IABMV/1]"
130.164.145.118 - - [28/Jul/2026:19:24:13 +0000] "POST /?wc-ajax=get_refreshed_fragments HTTP/1.1" 200 1006 "https://outlet.autozone.com.sa/" "Mozilla/5.0 (iPhone; CPU iPhone OS 26_5_2 like Mac OS X) AppleWebKit/605.1.15 (KHTML, like Gecko) Mobile/23F84 Safari/604.1 [FBAN/FBIOS;FBAV/571.0.0.55.72;FBBV/1023852577;FBDV/iPhone15,3;FBMD/iPhone;FBSN/iOS;FBSV/26.5.2;FBSS/3;FBID/phone;FBLC/en_GB;FBOP/5;FBRV/1027625112;IABMV/1]"
130.164.145.118 - - [28/Jul/2026:19:24:33 +0000] "POST /?wc-ajax=get_refreshed_fragments HTTP/1.1" 200 1006 "https://outlet.autozone.com.sa/" "Mozilla/5.0 (iPhone; CPU iPhone OS 26_5_2 like Mac OS X) AppleWebKit/605.1.15 (KHTML, like Gecko) Mobile/23F84 Safari/604.1 [FBAN/FBIOS;FBAV/571.0.0.55.72;FBBV/1023852577;FBDV/iPhone15,3;FBMD/iPhone;FBSN/iOS;FBSV/26.5.2;FBSS/3;FBID/phone;FBLC/en_GB;FBOP/5;FBRV/1027625112;IABMV/1]"
172.105.42.26 - - [28/Jul/2026:19:27:47 +0000] "POST /wp-cron.php?doing_wp_cron=1785266866.5138969421386718750000 HTTP/1.1" 200 20 "-" "WordPress/7.0.2; https://outlet.autozone.com.sa"
149.126.14.5 - - [28/Jul/2026:19:27:42 +0000] "GET / HTTP/1.1" 200 35999 "https://autozone.com.sa/" "Mozilla/5.0 (iPhone; CPU iPhone OS 26_5_2 like Mac OS X) AppleWebKit/605.1.15 (KHTML, like Gecko) Mobile/23F84 Instagram 439.0.0.35.60 (iPhone12,3; iOS 26_5_2; en_US; en; scale=3.00; 1125x2436; IABMV/1; 1021301964) Safari/604.1"
149.126.14.5 - - [28/Jul/2026:19:27:48 +0000] "POST /?wc-ajax=get_refreshed_fragments HTTP/1.1" 200 1006 "https://outlet.autozone.com.sa/" "Mozilla/5.0 (iPhone; CPU iPhone OS 26_5_2 like Mac OS X) AppleWebKit/605.1.15 (KHTML, like Gecko) Mobile/23F84 Instagram 439.0.0.35.60 (iPhone12,3; iOS 26_5_2; en_US; en; scale=3.00; 1125x2436; IABMV/1; 1021301964) Safari/604.1"
149.126.14.5 - - [28/Jul/2026:19:27:48 +0000] "POST /?wc-ajax=get_refreshed_fragments HTTP/1.1" 200 1006 "https://outlet.autozone.com.sa/" "Mozilla/5.0 (iPhone; CPU iPhone OS 26_5_2 like Mac OS X) AppleWebKit/605.1.15 (KHTML, like Gecko) Mobile/23F84 Instagram 439.0.0.35.60 (iPhone12,3; iOS 26_5_2; en_US; en; scale=3.00; 1125x2436; IABMV/1; 1021301964) Safari/604.1"
149.126.14.5 - - [28/Jul/2026:19:28:22 +0000] "GET /wp-content/uploads/2024/12/web-slider-copy-2.jpg HTTP/1.1" 304 - "https://outlet.autozone.com.sa/" "Mozilla/5.0 (iPhone; CPU iPhone OS 26_5_2 like Mac OS X) AppleWebKit/605.1.15 (KHTML, like Gecko) Mobile/23F84 Instagram 439.0.0.35.60 (iPhone12,3; iOS 26_5_2; en_US; en; scale=3.00; 1125x2436; IABMV/1; 1021301964) Safari/604.1"
66.249.74.33 - - [28/Jul/2026:19:28:30 +0000] "GET / HTTP/1.1" 200 35999 "-" "Mozilla/5.0 (Linux; Android 6.0.1; Nexus 5X Build/MMB29P) AppleWebKit/537.36 (KHTML, like Gecko) Chrome/150.0.7871.186 Mobile Safari/537.36 (compatible; Googlebot/2.1; +http://www.google.com/bot.html)"
149.126.14.5 - - [28/Jul/2026:19:28:31 +0000] "GET /offers/%d8%a3%d8%af%d8%a7%d8%a1-%d8%b1%d9%8a%d8%a7%d8%b6%d9%8a-%d9%85%d8%b9-%d8%ae%d8%b7%d8%a9-%d8%aa%d9%82%d8%b3%d9%8a%d8%b7-%d9%85%d8%b0%d9%87%d9%84%d8%a9/ HTTP/1.1" 200 29224 "https://outlet.autozone.com.sa/" "Mozilla/5.0 (iPhone; CPU iPhone OS 26_5_2 like Mac OS X) AppleWebKit/605.1.15 (KHTML, like Gecko) Mobile/23F84 Instagram 439.0.0.35.60 (iPhone12,3; iOS 26_5_2; en_US; en; scale=3.00; 1125x2436; IABMV/1; 1021301964) Safari/604.1"
149.126.14.5 - - [28/Jul/2026:19:28:35 +0000] "GET /wp-content/plugins/jetformbuilder/modules/option-field/assets/build/checkbox.css?ver=f54eb583054648e8615b HTTP/1.1" 200 502 "https://outlet.autozone.com.sa/offers/%d8%a3%d8%af%d8%a7%d8%a1-%d8%b1%d9%8a%d8%a7%d8%b6%d9%8a-%d9%85%d8%b9-%d8%ae%d8%b7%d8%a9-%d8%aa%d9%82%d8%b3%d9%8a%d8%b7-%d9%85%d8%b0%d9%87%d9%84%d8%a9/" "Mozilla/5.0 (iPhone; CPU iPhone OS 26_5_2 like Mac OS X) AppleWebKit/605.1.15 (KHTML, like Gecko) Mobile/23F84 Instagram 439.0.0.35.60 (iPhone12,3; iOS 26_5_2; en_US; en; scale=3.00; 1125x2436; IABMV/1; 1021301964) Safari/604.1"
149.126.14.5 - - [28/Jul/2026:19:28:35 +0000] "GET /wp-content/plugins/jetformbuilder/modules/option-field/assets/build/select.css?ver=2a1ee580fcfe246db061 HTTP/1.1" 200 243 "https://outlet.autozone.com.sa/offers/%d8%a3%d8%af%d8%a7%d8%a1-%d8%b1%d9%8a%d8%a7%d8%b6%d9%8a-%d9%85%d8%b9-%d8%ae%d8%b7%d8%a9-%d8%aa%d9%82%d8%b3%d9%8a%d8%b7-%d9%85%d8%b0%d9%87%d9%84%d8%a9/" "Mozilla/5.0 (iPhone; CPU iPhone OS 26_5_2 like Mac OS X) AppleWebKit/605.1.15 (KHTML, like Gecko) Mobile/23F84 Instagram 439.0.0.35.60 (iPhone12,3; iOS 26_5_2; en_US; en; scale=3.00; 1125x2436; IABMV/1; 1021301964) Safari/604.1"
149.126.14.5 - - [28/Jul/2026:19:28:35 +0000] "GET /wp-content/plugins/elementor/assets/css/conditionals/shapes.min.css?ver=3.33.0 HTTP/1.1" 200 288 "https://outlet.autozone.com.sa/offers/%d8%a3%d8%af%d8%a7%d8%a1-%d8%b1%d9%8a%d8%a7%d8%b6%d9%8a-%d9%85%d8%b9-%d8%ae%d8%b7%d8%a9-%d8%aa%d9%82%d8%b3%d9%8a%d8%b7-%d9%85%d8%b0%d9%87%d9%84%d8%a9/" "Mozilla/5.0 (iPhone; CPU iPhone OS 26_5_2 like Mac OS X) AppleWebKit/605.1.15 (KHTML, like Gecko) Mobile/23F84 Instagram 439.0.0.35.60 (iPhone12,3; iOS 26_5_2; en_US; en; scale=3.00; 1125x2436; IABMV/1; 1021301964) Safari/604.1"
149.126.14.5 - - [28/Jul/2026:19:28:35 +0000] "GET /wp-content/plugins/jetformbuilder/assets/build/frontend/main.css?ver=3.4.5 HTTP/1.1" 200 2185 "https://outlet.autozone.com.sa/offers/%d8%a3%d8%af%d8%a7%d8%a1-%d8%b1%d9%8a%d8%a7%d8%b6%d9%8a-%d9%85%d8%b9-%d8%ae%d8%b7%d8%a9-%d8%aa%d9%82%d8%b3%d9%8a%d8%b7-%d9%85%d8%b0%d9%87%d9%84%d8%a9/" "Mozilla/5.0 (iPhone; CPU iPhone OS 26_5_2 like Mac OS X) AppleWebKit/605.1.15 (KHTML, like Gecko) Mobile/23F84 Instagram 439.0.0.35.60 (iPhone12,3; iOS 26_5_2; en_US; en; scale=3.00; 1125x2436; IABMV/1; 1021301964) Safari/604.1"
149.126.14.5 - - [28/Jul/2026:19:28:35 +0000] "GET /wp-content/plugins/jetformbuilder/modules/blocks-v2/text-field/assets/build/frontend/field.css?ver=16395ed38b7c1e8808d6 HTTP/1.1" 200 243 "https://outlet.autozone.com.sa/offers/%d8%a3%d8%af%d8%a7%d8%a1-%d8%b1%d9%8a%d8%a7%d8%b6%d9%8a-%d9%85%d8%b9-%d8%ae%d8%b7%d8%a9-%d8%aa%d9%82%d8%b3%d9%8a%d8%b7-%d9%85%d8%b0%d9%87%d9%84%d8%a9/" "Mozilla/5.0 (iPhone; CPU iPhone OS 26_5_2 like Mac OS X) AppleWebKit/605.1.15 (KHTML, like Gecko) Mobile/23F84 Instagram 439.0.0.35.60 (iPhone12,3; iOS 26_5_2; en_US; en; scale=3.00; 1125x2436; IABMV/1; 1021301964) Safari/604.1"
149.126.14.5 - - [28/Jul/2026:19:28:36 +0000] "GET /wp-content/plugins/jetformbuilder/assets/build/frontend/dynamic.value.js?ver=3.4.5 HTTP/1.1" 200 1217 "https://outlet.autozone.com.sa/offers/%d8%a3%d8%af%d8%a7%d8%a1-%d8%b1%d9%8a%d8%a7%d8%b6%d9%8a-%d9%85%d8%b9-%d8%ae%d8%b7%d8%a9-%d8%aa%d9%82%d8%b3%d9%8a%d8%b7-%d9%85%d8%b0%d9%87%d9%84%d8%a9/" "Mozilla/5.0 (iPhone; CPU iPhone OS 26_5_2 like Mac OS X) AppleWebKit/605.1.15 (KHTML, like Gecko) Mobile/23F84 Instagram 439.0.0.35.60 (iPhone12,3; iOS 26_5_2; en_US; en; scale=3.00; 1125x2436; IABMV/1; 1021301964) Safari/604.1"
149.126.14.5 - - [28/Jul/2026:19:28:36 +0000] "GET /wp-content/plugins/jetformbuilder/modules/option-field/assets/build/checkbox.js?ver=f54eb583054648e8615b HTTP/1.1" 200 1621 "https://outlet.autozone.com.sa/offers/%d8%a3%d8%af%d8%a7%d8%a1-%d8%b1%d9%8a%d8%a7%d8%b6%d9%8a-%d9%85%d8%b9-%d8%ae%d8%b7%d8%a9-%d8%aa%d9%82%d8%b3%d9%8a%d8%b7-%d9%85%d8%b0%d9%87%d9%84%d8%a9/" "Mozilla/5.0 (iPhone; CPU iPhone OS 26_5_2 like Mac OS X) AppleWebKit/605.1.15 (KHTML, like Gecko) Mobile/23F84 Instagram 439.0.0.35.60 (iPhone12,3; iOS 26_5_2; en_US; en; scale=3.00; 1125x2436; IABMV/1; 1021301964) Safari/604.1"
149.126.14.5 - - [28/Jul/2026:19:28:36 +0000] "GET /wp-content/plugins/jetformbuilder/modules/option-field/assets/build/select.js?ver=2a1ee580fcfe246db061 HTTP/1.1" 200 753 "https://outlet.autozone.com.sa/offers/%d8%a3%d8%af%d8%a7%d8%a1-%d8%b1%d9%8a%d8%a7%d8%b6%d9%8a-%d9%85%d8%b9-%d8%ae%d8%b7%d8%a9-%d8%aa%d9%82%d8%b3%d9%8a%d8%b7-%d9%85%d8%b0%d9%87%d9%84%d8%a9/" "Mozilla/5.0 (iPhone; CPU iPhone OS 26_5_2 like Mac OS X) AppleWebKit/605.1.15 (KHTML, like Gecko) Mobile/23F84 Instagram 439.0.0.35.60 (iPhone12,3; iOS 26_5_2; en_US; en; scale=3.00; 1125x2436; IABMV/1; 1021301964) Safari/604.1"
149.126.14.5 - - [28/Jul/2026:19:28:36 +0000] "GET /wp-content/plugins/jetformbuilder/assets/build/frontend/main.js?ver=352c12590999901a9ebc HTTP/1.1" 200 12417 "https://outlet.autozone.com.sa/offers/%d8%a3%d8%af%d8%a7%d8%a1-%d8%b1%d9%8a%d8%a7%d8%b6%d9%8a-%d9%85%d8%b9-%d8%ae%d8%b7%d8%a9-%d8%aa%d9%82%d8%b3%d9%8a%d8%b7-%d9%85%d8%b0%d9%87%d9%84%d8%a9/" "Mozilla/5.0 (iPhone; CPU iPhone OS 26_5_2 like Mac OS X) AppleWebKit/605.1.15 (KHTML, like Gecko) Mobile/23F84 Instagram 439.0.0.35.60 (iPhone12,3; iOS 26_5_2; en_US; en; scale=3.00; 1125x2436; IABMV/1; 1021301964) Safari/604.1"
149.126.14.5 - - [28/Jul/2026:19:28:36 +0000] "GET /wp-content/plugins/jetformbuilder/modules/deprecated/assets/build/frontend.js?ver=120e75a68931b79be3f4 HTTP/1.1" 200 375 "https://outlet.autozone.com.sa/offers/%d8%a3%d8%af%d8%a7%d8%a1-%d8%b1%d9%8a%d8%a7%d8%b6%d9%8a-%d9%85%d8%b9-%d8%ae%d8%b7%d8%a9-%d8%aa%d9%82%d8%b3%d9%8a%d8%b7-%d9%85%d8%b0%d9%87%d9%84%d8%a9/" "Mozilla/5.0 (iPhone; CPU iPhone OS 26_5_2 like Mac OS X) AppleWebKit/605.1.15 (KHTML, like Gecko) Mobile/23F84 Instagram 439.0.0.35.60 (iPhone12,3; iOS 26_5_2; en_US; en; scale=3.00; 1125x2436; IABMV/1; 1021301964) Safari/604.1"
149.126.14.5 - - [28/Jul/2026:19:28:36 +0000] "GET /wp-content/plugins/jetformbuilder/modules/blocks-v2/text-field/assets/build/frontend/field.js?ver=16395ed38b7c1e8808d6 HTTP/1.1" 200 597 "https://outlet.autozone.com.sa/offers/%d8%a3%d8%af%d8%a7%d8%a1-%d8%b1%d9%8a%d8%a7%d8%b6%d9%8a-%d9%85%d8%b9-%d8%ae%d8%b7%d8%a9-%d8%aa%d9%82%d8%b3%d9%8a%d8%b7-%d9%85%d8%b0%d9%87%d9%84%d8%a9/" "Mozilla/5.0 (iPhone; CPU iPhone OS 26_5_2 like Mac OS X) AppleWebKit/605.1.15 (KHTML, like Gecko) Mobile/23F84 Instagram 439.0.0.35.60 (iPhone12,3; iOS 26_5_2; en_US; en; scale=3.00; 1125x2436; IABMV/1; 1021301964) Safari/604.1"
149.126.14.5 - - [28/Jul/2026:19:28:36 +0000] "GET /wp-content/plugins/jetformbuilder/assets/build/frontend/conditional.block.js?ver=3.4.5 HTTP/1.1" 200 2781 "https://outlet.autozone.com.sa/offers/%d8%a3%d8%af%d8%a7%d8%a1-%d8%b1%d9%8a%d8%a7%d8%b6%d9%8a-%d9%85%d8%b9-%d8%ae%d8%b7%d8%a9-%d8%aa%d9%82%d8%b3%d9%8a%d8%b7-%d9%85%d8%b0%d9%87%d9%84%d8%a9/" "Mozilla/5.0 (iPhone; CPU iPhone OS 26_5_2 like Mac OS X) AppleWebKit/605.1.15 (KHTML, like Gecko) Mobile/23F84 Instagram 439.0.0.35.60 (iPhone12,3; iOS 26_5_2; en_US; en; scale=3.00; 1125x2436; IABMV/1; 1021301964) Safari/604.1"
149.126.14.5 - - [28/Jul/2026:19:28:36 +0000] "GET /wp-content/plugins/elementor/assets/js/nested-accordion.1118596f3e9b2366fb81.bundle.min.js HTTP/1.1" 200 2846 "https://outlet.autozone.com.sa/offers/%d8%a3%d8%af%d8%a7%d8%a1-%d8%b1%d9%8a%d8%a7%d8%b6%d9%8a-%d9%85%d8%b9-%d8%ae%d8%b7%d8%a9-%d8%aa%d9%82%d8%b3%d9%8a%d8%b7-%d9%85%d8%b0%d9%87%d9%84%d8%a9/" "Mozilla/5.0 (iPhone; CPU iPhone OS 26_5_2 like Mac OS X) AppleWebKit/605.1.15 (KHTML, like Gecko) Mobile/23F84 Instagram 439.0.0.35.60 (iPhone12,3; iOS 26_5_2; en_US; en; scale=3.00; 1125x2436; IABMV/1; 1021301964) Safari/604.1"
172.105.42.26 - - [28/Jul/2026:19:28:37 +0000] "POST /wp-cron.php?doing_wp_cron=1785266917.1318569183349609375000 HTTP/1.1" 200 20 "-" "WordPress/7.0.2; https://outlet.autozone.com.sa"
149.126.14.5 - - [28/Jul/2026:19:28:36 +0000] "POST /?wc-ajax=get_refreshed_fragments HTTP/1.1" 200 1006 "https://outlet.autozone.com.sa/offers/%d8%a3%d8%af%d8%a7%d8%a1-%d8%b1%d9%8a%d8%a7%d8%b6%d9%8a-%d9%85%d8%b9-%d8%ae%d8%b7%d8%a9-%d8%aa%d9%82%d8%b3%d9%8a%d8%b7-%d9%85%d8%b0%d9%87%d9%84%d8%a9/" "Mozilla/5.0 (iPhone; CPU iPhone OS 26_5_2 like Mac OS X) AppleWebKit/605.1.15 (KHTML, like Gecko) Mobile/23F84 Instagram 439.0.0.35.60 (iPhone12,3; iOS 26_5_2; en_US; en; scale=3.00; 1125x2436; IABMV/1; 1021301964) Safari/604.1"
2a04:c300:400::66 - - [28/Jul/2026:19:39:19 +0000] "GET / HTTP/1.1" 200 36001 "-" "Mozilla/5.0 (Macintosh; Intel Mac OS X 10.15; rv:150.0) Gecko/20100101 Firefox/150.0"
2a09:bac5:9446:3af::5e:73 - - [28/Jul/2026:19:39:25 +0000] "GET /.env HTTP/1.1" 403 5168 "-" "Mozilla/5.0 (Macintosh; Intel Mac OS X 10_15_7) AppleWebKit/537.36 (KHTML, like Gecko) Chrome/147.0.0.0 Safari/537.36"
2a04:c300:400::66 - - [28/Jul/2026:19:39:24 +0000] "GET / HTTP/1.1" 200 36001 "http://outlet.autozone.com.sa/" "Mozilla/5.0 (Windows NT 10.0; Win64; x64) AppleWebKit/537.36 (KHTML, like Gecko) Chrome/145.0.0.0 Safari/537.36"
2a04:c300:400::66 - - [28/Jul/2026:19:39:24 +0000] "GET / HTTP/1.1" 200 36001 "-" "Mozilla/5.0 (Windows NT 10.0; Win64; x64; rv:149.0) Gecko/20100101 Firefox/149.0"
2a09:bac5:9446:3af::5e:73 - - [28/Jul/2026:19:39:25 +0000] "GET /serviceAccountKey.json HTTP/1.1" 404 20307 "-" "Mozilla/5.0 (Windows NT 10.0; Win64; x64) AppleWebKit/537.36 (KHTML, like Gecko) Chrome/147.0.0.0 Safari/537.36"
2a09:bac5:9446:3af::5e:73 - - [28/Jul/2026:19:39:25 +0000] "GET /credentials.json HTTP/1.1" 404 20303 "-" "Mozilla/5.0 (X11; Linux x86_64; rv:149.0) Gecko/20100101 Firefox/149.0"
2a09:bac5:9446:3af::5e:73 - - [28/Jul/2026:19:39:25 +0000] "GET /service-account.json HTTP/1.1" 404 20304 "-" "Mozilla/5.0 (X11; Linux x86_64; rv:150.0) Gecko/20100101 Firefox/150.0"
2a04:c300:400::66 - - [28/Jul/2026:19:39:25 +0000] "GET / HTTP/1.1" 200 36000 "-" "Mozilla/5.0 (Windows NT 10.0; Win64; x64) AppleWebKit/537.36 (KHTML, like Gecko) Chrome/146.0.0.0 Safari/537.36"
2a09:bac5:9446:3af::5e:73 - - [28/Jul/2026:19:39:27 +0000] "GET /.aws/credentials HTTP/1.1" 403 5168 "-" "Mozilla/5.0 (Windows NT 10.0; Win64; x64) AppleWebKit/537.36 (KHTML, like Gecko) Chrome/147.0.0.0 Safari/537.36"
2a09:bac5:9446:3af::5e:73 - - [28/Jul/2026:19:39:27 +0000] "GET /config.json HTTP/1.1" 403 5168 "-" "Mozilla/5.0 (X11; Linux x86_64; rv:149.0) Gecko/20100101 Firefox/149.0"
2a09:bac5:9446:3af::5e:73 - - [28/Jul/2026:19:39:25 +0000] "GET /secrets.json HTTP/1.1" 404 20299 "-" "Mozilla/5.0 (Macintosh; Intel Mac OS X 10_15_7) AppleWebKit/537.36 (KHTML, like Gecko) Chrome/147.0.0.0 Safari/537.36"
2a09:bac5:9446:3af::5e:73 - - [28/Jul/2026:19:39:27 +0000] "GET /.env.local HTTP/1.1" 403 5168 "-" "Mozilla/5.0 (Windows NT 10.0; Win64; x64) AppleWebKit/537.36 (KHTML, like Gecko) Chrome/147.0.0.0 Safari/537.36"
2a09:bac5:9446:3af::5e:73 - - [28/Jul/2026:19:39:28 +0000] "GET /.env.bak HTTP/1.1" 403 5168 "-" "Mozilla/5.0 (Windows NT 10.0; Win64; x64) AppleWebKit/537.36 (KHTML, like Gecko) Chrome/147.0.0.0 Safari/537.36"
2a09:bac5:9446:3af::5e:73 - - [28/Jul/2026:19:39:28 +0000] "GET /wp-content/debug.log HTTP/1.1" 403 5168 "-" "Mozilla/5.0 (Macintosh; Intel Mac OS X 10_15_7) AppleWebKit/537.36 (KHTML, like Gecko) Chrome/146.0.0.0 Safari/537.36"
2a09:bac5:9446:3af::5e:73 - - [28/Jul/2026:19:39:27 +0000] "GET /appsettings.json HTTP/1.1" 404 20300 "-" "Mozilla/5.0 (X11; Linux x86_64; rv:149.0) Gecko/20100101 Firefox/149.0"
2a09:bac5:9446:3af::5e:73 - - [28/Jul/2026:19:39:27 +0000] "GET /.npmrc HTTP/1.1" 404 20298 "-" "Mozilla/5.0 (Macintosh; Intel Mac OS X 10_15_7) AppleWebKit/537.36 (KHTML, like Gecko) Chrome/147.0.0.0 Safari/537.36"
2a09:bac5:9446:3af::5e:73 - - [28/Jul/2026:19:39:27 +0000] "GET /.aws/config HTTP/1.1" 404 20300 "-" "Mozilla/5.0 (X11; Linux x86_64; rv:150.0) Gecko/20100101 Firefox/150.0"
2a09:bac5:9446:3af::5e:73 - - [28/Jul/2026:19:39:29 +0000] "GET /.env.staging HTTP/1.1" 403 5168 "-" "Mozilla/5.0 (X11; Linux x86_64; rv:149.0) Gecko/20100101 Firefox/149.0"
2a09:bac5:9446:3af::5e:73 - - [28/Jul/2026:19:39:29 +0000] "GET /.env.prod HTTP/1.1" 403 5168 "-" "Mozilla/5.0 (Windows NT 10.0; Win64; x64) AppleWebKit/537.36 (KHTML, like Gecko) Chrome/147.0.0.0 Safari/537.36"
2a09:bac5:9446:3af::5e:73 - - [28/Jul/2026:19:39:29 +0000] "GET /.env.development HTTP/1.1" 403 5168 "-" "Mozilla/5.0 (Macintosh; Intel Mac OS X 10_15_7) AppleWebKit/537.36 (KHTML, like Gecko) Chrome/147.0.0.0 Safari/537.36"
2a09:bac5:9446:3af::5e:73 - - [28/Jul/2026:19:39:29 +0000] "GET /.env.production HTTP/1.1" 403 5168 "-" "Mozilla/5.0 (X11; Linux x86_64; rv:150.0) Gecko/20100101 Firefox/150.0"
2a09:bac5:9446:3af::5e:73 - - [28/Jul/2026:19:39:30 +0000] "GET /.env.old HTTP/1.1" 403 5168 "-" "Mozilla/5.0 (Macintosh; Intel Mac OS X 10_15_7) AppleWebKit/537.36 (KHTML, like Gecko) Chrome/147.0.0.0 Safari/537.36"
2a09:bac5:9446:3af::5e:73 - - [28/Jul/2026:19:39:30 +0000] "GET /.env.save HTTP/1.1" 403 5168 "-" "Mozilla/5.0 (X11; Linux x86_64; rv:149.0) Gecko/20100101 Firefox/149.0"
2a09:bac5:9446:3af::5e:73 - - [28/Jul/2026:19:39:30 +0000] "GET /.env.backup HTTP/1.1" 403 5168 "-" "Mozilla/5.0 (X11; Linux x86_64; rv:150.0) Gecko/20100101 Firefox/150.0"
2a09:bac5:9446:3af::5e:73 - - [28/Jul/2026:19:39:30 +0000] "GET /.openai/config.json HTTP/1.1" 403 5168 "-" "Mozilla/5.0 (Macintosh; Intel Mac OS X 10_15_7) AppleWebKit/537.36 (KHTML, like Gecko) Chrome/147.0.0.0 Safari/537.36"
2a09:bac5:9446:3af::5e:73 - - [28/Jul/2026:19:39:30 +0000] "GET /.anthropic/config.json HTTP/1.1" 403 5168 "-" "Mozilla/5.0 (X11; Linux x86_64; rv:149.0) Gecko/20100101 Firefox/149.0"
2a09:bac5:9446:3af::5e:73 - - [28/Jul/2026:19:39:30 +0000] "GET /.env.dev HTTP/1.1" 403 5168 "-" "Mozilla/5.0 (X11; Linux x86_64; rv:150.0) Gecko/20100101 Firefox/150.0"
2a09:bac5:9446:3af::5e:73 - - [28/Jul/2026:19:39:30 +0000] "GET /.cursor/mcp.json HTTP/1.1" 404 20303 "-" "Mozilla/5.0 (Windows NT 10.0; Win64; x64) AppleWebKit/537.36 (KHTML, like Gecko) Chrome/147.0.0.0 Safari/537.36"
2a09:bac5:9446:3af::5e:73 - - [28/Jul/2026:19:39:31 +0000] "GET /.openclaw/agents/main/agent/models.json HTTP/1.1" 404 20316 "-" "Mozilla/5.0 (Macintosh; Intel Mac OS X 10_15_7) AppleWebKit/537.36 (KHTML, like Gecko) Chrome/147.0.0.0 Safari/537.36"
2a09:bac5:9446:3af::5e:73 - - [28/Jul/2026:19:39:31 +0000] "GET /service-account-key.json HTTP/1.1" 404 20308 "-" "Mozilla/5.0 (X11; Linux x86_64; rv:149.0) Gecko/20100101 Firefox/149.0"
2a09:bac5:9446:3af::5e:73 - - [28/Jul/2026:19:39:31 +0000] "GET /.openclaw/openclaw.json HTTP/1.1" 404 20305 "-" "Mozilla/5.0 (X11; Linux x86_64; rv:150.0) Gecko/20100101 Firefox/150.0"
2a09:bac5:9446:3af::5e:73 - - [28/Jul/2026:19:39:32 +0000] "GET /service_account.json HTTP/1.1" 404 20304 "-" "Mozilla/5.0 (Windows NT 10.0; Win64; x64) AppleWebKit/537.36 (KHTML, like Gecko) Chrome/147.0.0.0 Safari/537.36"
172.105.42.26 - - [28/Jul/2026:20:02:40 +0000] "POST /wp-cron.php?doing_wp_cron=1785268959.8315339088439941406250 HTTP/1.1" 200 20 "-" "WordPress/7.0.2; https://outlet.autozone.com.sa/en/"
172.105.42.26 - - [28/Jul/2026:20:02:40 +0000] "POST /wp-cron.php?doing_wp_cron=1785268959.8315029144287109375000 HTTP/1.1" 200 20 "-" "WordPress/7.0.2; https://outlet.autozone.com.sa/en/"
2a02:9b0:403d:9df:19d0:e889:c8c:6525 - - [28/Jul/2026:20:02:37 +0000] "GET /en HTTP/1.1" 301 20 "https://autozone.com.sa/" "Mozilla/5.0 (Linux; Android 10; K) AppleWebKit/537.36 (KHTML, like Gecko) Chrome/150.0.0.0 Mobile Safari/537.36"
2a02:9b0:403d:9df:19d0:e889:c8c:6525 - - [28/Jul/2026:20:02:35 +0000] "GET /en HTTP/1.1" 301 20 "https://autozone.com.sa/" "Mozilla/5.0 (Linux; Android 10; K) AppleWebKit/537.36 (KHTML, like Gecko) Chrome/150.0.0.0 Mobile Safari/537.36"
2a02:9b0:403d:9df:19d0:e889:c8c:6525 - - [28/Jul/2026:20:02:40 +0000] "GET /wp-content/plugins/woocommerce/assets/client/blocks/wc-blocks.css?ver=wc-10.3.7 HTTP/1.1" 200 2618 "-" "Mozilla/5.0 (Linux; Android 10; K) AppleWebKit/537.36 (KHTML, like Gecko) Chrome/150.0.0.0 Mobile Safari/537.36"
2a02:9b0:403d:9df:19d0:e889:c8c:6525 - - [28/Jul/2026:20:02:40 +0000] "GET /wp-content/plugins/element-pack-pro-1/assets/css/ep-helper.css?ver=7.5.4 HTTP/1.1" 200 5700 "-" "Mozilla/5.0 (Linux; Android 10; K) AppleWebKit/537.36 (KHTML, like Gecko) Chrome/150.0.0.0 Mobile Safari/537.36"
2a02:9b0:403d:9df:19d0:e889:c8c:6525 - - [28/Jul/2026:20:02:40 +0000] "GET /wp-content/plugins/element-pack-pro-1/assets/css/bdt-uikit.css?ver=3.16.24 HTTP/1.1" 200 15529 "-" "Mozilla/5.0 (Linux; Android 10; K) AppleWebKit/537.36 (KHTML, like Gecko) Chrome/150.0.0.0 Mobile Safari/537.36"
2a02:9b0:403d:9df:19d0:e889:c8c:6525 - - [28/Jul/2026:20:02:41 +0000] "GET /wp-content/plugins/woocommerce/assets/css/woocommerce-smallscreen.css?ver=10.3.7 HTTP/1.1" 200 1279 "-" "Mozilla/5.0 (Linux; Android 10; K) AppleWebKit/537.36 (KHTML, like Gecko) Chrome/150.0.0.0 Mobile Safari/537.36"
2a02:9b0:403d:9df:19d0:e889:c8c:6525 - - [28/Jul/2026:20:02:41 +0000] "GET /wp-content/plugins/woocommerce/assets/css/woocommerce-layout.css?ver=10.3.7 HTTP/1.1" 200 3414 "-" "Mozilla/5.0 (Linux; Android 10; K) AppleWebKit/537.36 (KHTML, like Gecko) Chrome/150.0.0.0 Mobile Safari/537.36"
2a02:9b0:403d:9df:19d0:e889:c8c:6525 - - [28/Jul/2026:20:02:41 +0000] "GET /wp-content/plugins/woocommerce/assets/css/woocommerce.css?ver=10.3.7 HTTP/1.1" 200 10976 "-" "Mozilla/5.0 (Linux; Android 10; K) AppleWebKit/537.36 (KHTML, like Gecko) Chrome/150.0.0.0 Mobile Safari/537.36"
2a02:9b0:403d:9df:19d0:e889:c8c:6525 - - [28/Jul/2026:20:02:40 +0000] "GET /en/ HTTP/1.1" 200 33437 "https://autozone.com.sa/" "Mozilla/5.0 (Linux; Android 10; K) AppleWebKit/537.36 (KHTML, like Gecko) Chrome/150.0.0.0 Mobile Safari/537.36"
2a02:9b0:403d:9df:19d0:e889:c8c:6525 - - [28/Jul/2026:20:02:42 +0000] "GET /wp-content/uploads/elementor/css/custom-frontend.min.css?ver=1785168909 HTTP/1.1" 200 7242 "https://outlet.autozone.com.sa/en/" "Mozilla/5.0 (Linux; Android 10; K) AppleWebKit/537.36 (KHTML, like Gecko) Chrome/150.0.0.0 Mobile Safari/537.36"
2a02:9b0:403d:9df:19d0:e889:c8c:6525 - - [28/Jul/2026:20:02:42 +0000] "GET /wp-content/uploads/elementor/css/custom-widget-icon-list.min.css?ver=1785168909 HTTP/1.1" 200 1040 "https://outlet.autozone.com.sa/en/" "Mozilla/5.0 (Linux; Android 10; K) AppleWebKit/537.36 (KHTML, like Gecko) Chrome/150.0.0.0 Mobile Safari/537.36"
2a02:9b0:403d:9df:19d0:e889:c8c:6525 - - [28/Jul/2026:20:02:42 +0000] "GET /wp-content/plugins/elementor/assets/css/widget-divider.min.css?ver=3.33.0 HTTP/1.1" 200 741 "https://outlet.autozone.com.sa/en/" "Mozilla/5.0 (Linux; Android 10; K) AppleWebKit/537.36 (KHTML, like Gecko) Chrome/150.0.0.0 Mobile Safari/537.36"
2a02:9b0:403d:9df:19d0:e889:c8c:6525 - - [28/Jul/2026:20:02:42 +0000] "GET /wp-content/plugins/elementor/assets/css/widget-heading.min.css?ver=3.33.0 HTTP/1.1" 200 160 "https://outlet.autozone.com.sa/en/" "Mozilla/5.0 (Linux; Android 10; K) AppleWebKit/537.36 (KHTML, like Gecko) Chrome/150.0.0.0 Mobile Safari/537.36"
2a02:9b0:403d:9df:19d0:e889:c8c:6525 - - [28/Jul/2026:20:02:42 +0000] "GET /wp-content/plugins/elementor/assets/css/widget-social-icons.min.css?ver=3.33.0 HTTP/1.1" 200 1142 "https://outlet.autozone.com.sa/en/" "Mozilla/5.0 (Linux; Android 10; K) AppleWebKit/537.36 (KHTML, like Gecko) Chrome/150.0.0.0 Mobile Safari/537.36"
2a02:9b0:403d:9df:19d0:e889:c8c:6525 - - [28/Jul/2026:20:02:42 +0000] "GET /wp-content/plugins/elementor/assets/css/widget-image.min.css?ver=3.33.0 HTTP/1.1" 200 135 "https://outlet.autozone.com.sa/en/" "Mozilla/5.0 (Linux; Android 10; K) AppleWebKit/537.36 (KHTML, like Gecko) Chrome/150.0.0.0 Mobile Safari/537.36"
2a02:9b0:403d:9df:19d0:e889:c8c:6525 - - [28/Jul/2026:20:02:42 +0000] "GET /wp-content/uploads/elementor/css/custom-pro-widget-nav-menu.min.css?ver=1785168910 HTTP/1.1" 200 3422 "https://outlet.autozone.com.sa/en/" "Mozilla/5.0 (Linux; Android 10; K) AppleWebKit/537.36 (KHTML, like Gecko) Chrome/150.0.0.0 Mobile Safari/537.36"
2a02:9b0:403d:9df:19d0:e889:c8c:6525 - - [28/Jul/2026:20:02:42 +0000] "GET /wp-content/uploads/elementor/css/custom-jet-blocks.css?ver=1785168910&ver=1.3.19.1 HTTP/1.1" 200 5738 "https://outlet.autozone.com.sa/en/" "Mozilla/5.0 (Linux; Android 10; K) AppleWebKit/537.36 (KHTML, like Gecko) Chrome/150.0.0.0 Mobile Safari/537.36"
2a02:9b0:403d:9df:19d0:e889:c8c:6525 - - [28/Jul/2026:20:02:42 +0000] "GET /wp-content/uploads/elementor/css/post-79.css?ver=1785168911 HTTP/1.1" 200 1455 "https://outlet.autozone.com.sa/en/" "Mozilla/5.0 (Linux; Android 10; K) AppleWebKit/537.36 (KHTML, like Gecko) Chrome/150.0.0.0 Mobile Safari/537.36"
2a02:9b0:403d:9df:19d0:e889:c8c:6525 - - [28/Jul/2026:20:02:42 +0000] "GET /wp-content/uploads/elementor/css/custom-pro-widget-slides.min.css?ver=1785168910 HTTP/1.1" 200 591 "https://outlet.autozone.com.sa/en/" "Mozilla/5.0 (Linux; Android 10; K) AppleWebKit/537.36 (KHTML, like Gecko) Chrome/150.0.0.0 Mobile Safari/537.36"
2a02:9b0:403d:9df:19d0:e889:c8c:6525 - - [28/Jul/2026:20:02:42 +0000] "GET /wp-content/uploads/elementor/css/custom-widget-nested-tabs.min.css?ver=1785168909 HTTP/1.1" 200 1867 "https://outlet.autozone.com.sa/en/" "Mozilla/5.0 (Linux; Android 10; K) AppleWebKit/537.36 (KHTML, like Gecko) Chrome/150.0.0.0 Mobile Safari/537.36"
2a02:9b0:403d:9df:19d0:e889:c8c:6525 - - [28/Jul/2026:20:02:42 +0000] "GET /wp-content/uploads/elementor/css/post-77.css?ver=1785168910 HTTP/1.1" 200 893 "https://outlet.autozone.com.sa/en/" "Mozilla/5.0 (Linux; Android 10; K) AppleWebKit/537.36 (KHTML, like Gecko) Chrome/150.0.0.0 Mobile Safari/537.36"
2a02:9b0:403d:9df:19d0:e889:c8c:6525 - - [28/Jul/2026:20:02:42 +0000] "GET /wp-content/plugins/elementor/assets/lib/animations/styles/fadeInLeft.min.css?ver=3.33.0 HTTP/1.1" 200 120 "https://outlet.autozone.com.sa/en/" "Mozilla/5.0 (Linux; Android 10; K) AppleWebKit/537.36 (KHTML, like Gecko) Chrome/150.0.0.0 Mobile Safari/537.36"
2a02:9b0:403d:9df:19d0:e889:c8c:6525 - - [28/Jul/2026:20:02:42 +0000] "GET /wp-content/uploads/elementor/css/post-12.css?ver=1785168054 HTTP/1.1" 200 4826 "https://outlet.autozone.com.sa/en/" "Mozilla/5.0 (Linux; Android 10; K) AppleWebKit/537.36 (KHTML, like Gecko) Chrome/150.0.0.0 Mobile Safari/537.36"
2a02:9b0:403d:9df:19d0:e889:c8c:6525 - - [28/Jul/2026:20:02:42 +0000] "GET /wp-content/uploads/elementor/css/post-1030.css?ver=1785168911 HTTP/1.1" 200 1777 "https://outlet.autozone.com.sa/en/" "Mozilla/5.0 (Linux; Android 10; K) AppleWebKit/537.36 (KHTML, like Gecko) Chrome/150.0.0.0 Mobile Safari/537.36"
2a02:9b0:403d:9df:19d0:e889:c8c:6525 - - [28/Jul/2026:20:02:42 +0000] "GET /wp-content/plugins/jet-elements/assets/css/jet-elements.css?ver=2.7.9.1 HTTP/1.1" 200 3124 "https://outlet.autozone.com.sa/en/" "Mozilla/5.0 (Linux; Android 10; K) AppleWebKit/537.36 (KHTML, like Gecko) Chrome/150.0.0.0 Mobile Safari/537.36"
2a02:9b0:403d:9df:19d0:e889:c8c:6525 - - [28/Jul/2026:20:02:42 +0000] "GET /wp-content/plugins/jet-elements/assets/css/addons/jet-countdown-timer.css?ver=2.7.9.1 HTTP/1.1" 200 281 "https://outlet.autozone.com.sa/en/" "Mozilla/5.0 (Linux; Android 10; K) AppleWebKit/537.36 (KHTML, like Gecko) Chrome/150.0.0.0 Mobile Safari/537.36"
2a02:9b0:403d:9df:19d0:e889:c8c:6525 - - [28/Jul/2026:20:02:42 +0000] "GET /wp-content/uploads/elementor/css/post-80.css?ver=1785168911 HTTP/1.1" 200 1805 "https://outlet.autozone.com.sa/en/" "Mozilla/5.0 (Linux; Android 10; K) AppleWebKit/537.36 (KHTML, like Gecko) Chrome/150.0.0.0 Mobile Safari/537.36"
2a02:9b0:403d:9df:19d0:e889:c8c:6525 - - [28/Jul/2026:20:02:42 +0000] "GET /wp-content/plugins/jet-elements/assets/css/skin/jet-countdown-timer.css?ver=2.7.9.1 HTTP/1.1" 200 100 "https://outlet.autozone.com.sa/en/" "Mozilla/5.0 (Linux; Android 10; K) AppleWebKit/537.36 (KHTML, like Gecko) Chrome/150.0.0.0 Mobile Safari/537.36"
2a02:9b0:403d:9df:19d0:e889:c8c:6525 - - [28/Jul/2026:20:02:42 +0000] "GET /wp-content/uploads/elementor/css/post-981.css?ver=1785168911 HTTP/1.1" 200 3109 "https://outlet.autozone.com.sa/en/" "Mozilla/5.0 (Linux; Android 10; K) AppleWebKit/537.36 (KHTML, like Gecko) Chrome/150.0.0.0 Mobile Safari/537.36"
2a02:9b0:403d:9df:19d0:e889:c8c:6525 - - [28/Jul/2026:20:02:42 +0000] "GET /wp-content/uploads/2024/12/outlet-logo-engishwhi.png HTTP/1.1" 304 - "https://outlet.autozone.com.sa/en/" "Mozilla/5.0 (Linux; Android 10; K) AppleWebKit/537.36 (KHTML, like Gecko) Chrome/150.0.0.0 Mobile Safari/537.36"
2a02:9b0:403d:9df:19d0:e889:c8c:6525 - - [28/Jul/2026:20:02:42 +0000] "GET /wp-content/plugins/jet-blog/assets/js/jet-blog.min.js?ver=2.4.5.1 HTTP/1.1" 200 3578 "https://outlet.autozone.com.sa/en/" "Mozilla/5.0 (Linux; Android 10; K) AppleWebKit/537.36 (KHTML, like Gecko) Chrome/150.0.0.0 Mobile Safari/537.36"
2a02:9b0:403d:9df:19d0:e889:c8c:6525 - - [28/Jul/2026:20:02:43 +0000] "GET /wp-includes/js/wp-emoji-release.min.js?ver=7.0.2 HTTP/1.1" 200 5386 "https://outlet.autozone.com.sa/en/" "Mozilla/5.0 (Linux; Android 10; K) AppleWebKit/537.36 (KHTML, like Gecko) Chrome/150.0.0.0 Mobile Safari/537.36"
2a02:9b0:403d:9df:19d0:e889:c8c:6525 - - [28/Jul/2026:20:02:43 +0000] "GET /wp-content/plugins/elementor/assets/js/nested-title-keyboard-handler.a7c48b2e79bf0ef22bb3.bundle.min.js HTTP/1.1" 200 1500 "https://outlet.autozone.com.sa/en/" "Mozilla/5.0 (Linux; Android 10; K) AppleWebKit/537.36 (KHTML, like Gecko) Chrome/150.0.0.0 Mobile Safari/537.36"
2a02:9b0:403d:9df:19d0:e889:c8c:6525 - - [28/Jul/2026:20:02:43 +0000] "POST /en/?wc-ajax=get_refreshed_fragments HTTP/1.1" 200 1009 "https://outlet.autozone.com.sa/en/" "Mozilla/5.0 (Linux; Android 10; K) AppleWebKit/537.36 (KHTML, like Gecko) Chrome/150.0.0.0 Mobile Safari/537.36"
2a02:9b0:403d:9df:19d0:e889:c8c:6525 - - [28/Jul/2026:20:02:43 +0000] "POST /en/?wc-ajax=get_refreshed_fragments HTTP/1.1" 200 1009 "https://outlet.autozone.com.sa/en/" "Mozilla/5.0 (Linux; Android 10; K) AppleWebKit/537.36 (KHTML, like Gecko) Chrome/150.0.0.0 Mobile Safari/537.36"
2a02:9b0:403d:9df:19d0:e889:c8c:6525 - - [28/Jul/2026:20:02:44 +0000] "GET /en/ HTTP/1.1" 200 33436 "https://outlet.autozone.com.sa/en/" "Mozilla/5.0 (Linux; Android 10; K) AppleWebKit/537.36 (KHTML, like Gecko) Chrome/150.0.0.0 Mobile Safari/537.36"
2a02:9b0:403d:9df:19d0:e889:c8c:6525 - - [28/Jul/2026:20:02:46 +0000] "POST /en/?wc-ajax=get_refreshed_fragments HTTP/1.1" 200 1009 "https://outlet.autozone.com.sa/en/" "Mozilla/5.0 (Linux; Android 10; K) AppleWebKit/537.36 (KHTML, like Gecko) Chrome/150.0.0.0 Mobile Safari/537.36"
2a02:9b0:403d:9df:19d0:e889:c8c:6525 - - [28/Jul/2026:20:02:47 +0000] "GET /en/our-offers/ HTTP/1.1" 200 20563 "https://outlet.autozone.com.sa/en/" "Mozilla/5.0 (Linux; Android 10; K) AppleWebKit/537.36 (KHTML, like Gecko) Chrome/150.0.0.0 Mobile Safari/537.36"
2a02:9b0:403d:9df:19d0:e889:c8c:6525 - - [28/Jul/2026:20:02:49 +0000] "GET /wp-content/uploads/elementor/css/post-776.css?ver=1785168052 HTTP/1.1" 200 1273 "https://outlet.autozone.com.sa/en/our-offers/" "Mozilla/5.0 (Linux; Android 10; K) AppleWebKit/537.36 (KHTML, like Gecko) Chrome/150.0.0.0 Mobile Safari/537.36"
2a02:9b0:403d:9df:19d0:e889:c8c:6525 - - [28/Jul/2026:20:02:49 +0000] "GET /wp-content/uploads/2024/12/SUNNY-G2-1.webp HTTP/1.1" 200 72880 "https://outlet.autozone.com.sa/wp-content/uploads/elementor/css/post-776.css?ver=1785168052" "Mozilla/5.0 (Linux; Android 10; K) AppleWebKit/537.36 (KHTML, like Gecko) Chrome/150.0.0.0 Mobile Safari/537.36"
2a02:9b0:403d:9df:19d0:e889:c8c:6525 - - [28/Jul/2026:20:02:49 +0000] "POST /en/?wc-ajax=get_refreshed_fragments HTTP/1.1" 200 1009 "https://outlet.autozone.com.sa/en/our-offers/" "Mozilla/5.0 (Linux; Android 10; K) AppleWebKit/537.36 (KHTML, like Gecko) Chrome/150.0.0.0 Mobile Safari/537.36"
2a02:9b0:403d:9df:19d0:e889:c8c:6525 - - [28/Jul/2026:20:02:52 +0000] "POST /en/?wc-ajax=get_refreshed_fragments HTTP/1.1" 200 1009 "https://outlet.autozone.com.sa/en/" "Mozilla/5.0 (Linux; Android 10; K) AppleWebKit/537.36 (KHTML, like Gecko) Chrome/150.0.0.0 Mobile Safari/537.36"
172.105.42.26 - - [28/Jul/2026:20:04:49 +0000] "POST /wp-cron.php?doing_wp_cron=1785269089.9145910739898681640625 HTTP/1.1" 200 20 "-" "WordPress/7.0.2; https://outlet.autozone.com.sa"
2a02:cb80:405f:c0f:b931:84ad:da96:c6e7 - - [28/Jul/2026:20:04:45 +0000] "GET / HTTP/1.1" 200 35999 "https://autozone.com.sa/" "Mozilla/5.0 (Linux; Android 10; K) AppleWebKit/537.36 (KHTML, like Gecko) Chrome/150.0.0.0 Mobile Safari/537.36"
2a02:cb80:405f:c0f:b931:84ad:da96:c6e7 - - [28/Jul/2026:20:04:51 +0000] "POST /?wc-ajax=get_refreshed_fragments HTTP/1.1" 200 1006 "https://outlet.autozone.com.sa/" "Mozilla/5.0 (Linux; Android 10; K) AppleWebKit/537.36 (KHTML, like Gecko) Chrome/150.0.0.0 Mobile Safari/537.36"
2a02:cb80:405f:c0f:b931:84ad:da96:c6e7 - - [28/Jul/2026:20:04:51 +0000] "POST /?wc-ajax=get_refreshed_fragments HTTP/1.1" 200 1006 "https://outlet.autozone.com.sa/" "Mozilla/5.0 (Linux; Android 10; K) AppleWebKit/537.36 (KHTML, like Gecko) Chrome/150.0.0.0 Mobile Safari/537.36"
2a02:cb80:405f:c0f:b931:84ad:da96:c6e7 - - [28/Jul/2026:20:04:58 +0000] "POST /?wc-ajax=get_refreshed_fragments HTTP/1.1" 200 1006 "https://outlet.autozone.com.sa/" "Mozilla/5.0 (Linux; Android 10; K) AppleWebKit/537.36 (KHTML, like Gecko) Chrome/150.0.0.0 Mobile Safari/537.36"
2a02:cb80:405f:c0f:b931:84ad:da96:c6e7 - - [28/Jul/2026:20:05:05 +0000] "GET /product/%d8%a7%d9%84%d8%b3%d9%8a%d8%a7%d8%b1%d8%a9-%d9%84%d9%8a%d8%b3%d8%aa-bmw-%d9%84%d8%ba%d8%b1%d8%b6-%d8%a7%d9%84%d8%a7%d8%ae%d8%aa%d8%a8%d8%a7%d8%b1/ HTTP/1.1" 200 34848 "https://outlet.autozone.com.sa/" "Mozilla/5.0 (Linux; Android 10; K) AppleWebKit/537.36 (KHTML, like Gecko) Chrome/150.0.0.0 Mobile Safari/537.36"
2a02:cb80:405f:c0f:b931:84ad:da96:c6e7 - - [28/Jul/2026:20:05:32 +0000] "GET /car-type/suv-ar/ HTTP/1.1" 200 31182 "https://outlet.autozone.com.sa/" "Mozilla/5.0 (Linux; Android 10; K) AppleWebKit/537.36 (KHTML, like Gecko) Chrome/150.0.0.0 Mobile Safari/537.36"
172.105.42.26 - - [28/Jul/2026:20:06:16 +0000] "POST /wp-cron.php?doing_wp_cron=1785269176.3898460865020751953125 HTTP/1.1" 200 20 "-" "WordPress/7.0.2; https://outlet.autozone.com.sa"
54.39.210.24 - - [28/Jul/2026:20:06:12 +0000] "GET /wp-sitemap.xml HTTP/1.1" 200 283 "-" "Mozilla/5.0 (compatible; AhrefsBot/7.0; +http://ahrefs.com/robot/)"
167.114.139.19 - - [28/Jul/2026:20:06:18 +0000] "GET /wp-sitemap-posts-page-1.xml HTTP/1.1" 200 317 "-" "Mozilla/5.0 (compatible; AhrefsBot/7.0; +http://ahrefs.com/robot/)"
172.105.42.26 - - [28/Jul/2026:20:06:40 +0000] "POST /wp-cron.php?doing_wp_cron=1785269200.9419469833374023437500 HTTP/1.1" 200 20 "-" "WordPress/7.0.2; https://outlet.autozone.com.sa"
148.113.130.27 - - [28/Jul/2026:20:06:40 +0000] "GET /wp-sitemap-posts-jet-popup-1.xml HTTP/1.1" 200 247 "-" "Mozilla/5.0 (compatible; AhrefsBot/7.0; +http://ahrefs.com/robot/)"
15.235.27.15 - - [28/Jul/2026:20:06:42 +0000] "GET /wp-sitemap-posts-product-1.xml HTTP/1.1" 200 280 "-" "Mozilla/5.0 (compatible; AhrefsBot/7.0; +http://ahrefs.com/robot/)"
142.44.225.165 - - [28/Jul/2026:20:06:44 +0000] "GET /wp-sitemap-posts-offers-1.xml HTTP/1.1" 200 282 "-" "Mozilla/5.0 (compatible; AhrefsBot/7.0; +http://ahrefs.com/robot/)"
142.44.233.61 - - [28/Jul/2026:20:06:46 +0000] "GET /wp-sitemap-taxonomies-product_cat-1.xml HTTP/1.1" 200 205 "-" "Mozilla/5.0 (compatible; AhrefsBot/7.0; +http://ahrefs.com/robot/)"
51.161.65.127 - - [28/Jul/2026:20:06:49 +0000] "GET /wp-sitemap-taxonomies-engine-capacity-1.xml HTTP/1.1" 200 200 "-" "Mozilla/5.0 (compatible; AhrefsBot/7.0; +http://ahrefs.com/robot/)"
142.44.225.15 - - [28/Jul/2026:20:06:51 +0000] "GET /wp-sitemap-taxonomies-condition-1.xml HTTP/1.1" 200 195 "-" "Mozilla/5.0 (compatible; AhrefsBot/7.0; +http://ahrefs.com/robot/)"
54.39.89.153 - - [28/Jul/2026:20:06:53 +0000] "GET /wp-sitemap-taxonomies-car-type-1.xml HTTP/1.1" 200 193 "-" "Mozilla/5.0 (compatible; AhrefsBot/7.0; +http://ahrefs.com/robot/)"
51.161.65.35 - - [28/Jul/2026:20:06:55 +0000] "GET /wp-sitemap-taxonomies-model-1.xml HTTP/1.1" 200 190 "-" "Mozilla/5.0 (compatible; AhrefsBot/7.0; +http://ahrefs.com/robot/)"
15.235.27.230 - - [28/Jul/2026:20:06:57 +0000] "GET /wp-sitemap-taxonomies-make-1.xml HTTP/1.1" 200 213 "-" "Mozilla/5.0 (compatible; AhrefsBot/7.0; +http://ahrefs.com/robot/)"
172.105.42.26 - - [28/Jul/2026:20:11:49 +0000] "POST /wp-cron.php?doing_wp_cron=1785269509.3661720752716064453125 HTTP/1.1" 200 20 "-" "WordPress/7.0.2; https://outlet.autozone.com.sa"
40.77.167.77 - - [28/Jul/2026:20:11:45 +0000] "GET /sitemap_index.xml HTTP/1.1" 404 20306 "-" "Mozilla/5.0 AppleWebKit/537.36 (KHTML, like Gecko; compatible; bingbot/2.0; +http://www.bing.com/bingbot.htm) Chrome/116.0.1938.76 Safari/537.36"
172.105.42.26 - - [28/Jul/2026:20:13:40 +0000] "POST /wp-cron.php?doing_wp_cron=1785269620.9385108947753906250000 HTTP/1.1" 200 20 "-" "WordPress/7.0.2; https://outlet.autozone.com.sa"
2a02:cb80:405f:c0f:b931:84ad:da96:c6e7 - - [28/Jul/2026:20:13:36 +0000] "GET / HTTP/1.1" 200 35999 "https://autozone.com.sa/" "Mozilla/5.0 (Linux; Android 10; K) AppleWebKit/537.36 (KHTML, like Gecko) Chrome/150.0.0.0 Mobile Safari/537.36"
2a02:cb80:405f:c0f:b931:84ad:da96:c6e7 - - [28/Jul/2026:20:13:42 +0000] "POST /?wc-ajax=get_refreshed_fragments HTTP/1.1" 200 1006 "https://outlet.autozone.com.sa/" "Mozilla/5.0 (Linux; Android 10; K) AppleWebKit/537.36 (KHTML, like Gecko) Chrome/150.0.0.0 Mobile Safari/537.36"
2a02:cb80:405f:c0f:b931:84ad:da96:c6e7 - - [28/Jul/2026:20:13:48 +0000] "POST /?wc-ajax=get_refreshed_fragments HTTP/1.1" 200 1006 "https://outlet.autozone.com.sa/" "Mozilla/5.0 (Linux; Android 10; K) AppleWebKit/537.36 (KHTML, like Gecko) Chrome/150.0.0.0 Mobile Safari/537.36"
2.90.66.248 - - [28/Jul/2026:20:15:17 +0000] "GET /wp-content/plugins/jet-engine/assets/css/frontend.css?ver=3.7.3 HTTP/1.1" 200 8461 "-" "Mozilla/5.0 (Linux; Android 10; K) AppleWebKit/537.36 (KHTML, like Gecko) Chrome/138.0.0.0 Mobile Safari/537.36"
2.90.66.248 - - [28/Jul/2026:20:15:17 +0000] "GET /wp-content/plugins/sitepress-multilingual-cms/templates/language-switchers/legacy-list-horizontal/style.min.css?ver=1 HTTP/1.1" 200 318 "-" "Mozilla/5.0 (Linux; Android 10; K) AppleWebKit/537.36 (KHTML, like Gecko) Chrome/138.0.0.0 Mobile Safari/537.36"
2.90.66.248 - - [28/Jul/2026:20:15:17 +0000] "GET /wp-content/plugins/sitepress-multilingual-cms/templates/language-switchers/menu-item/style.min.css?ver=1 HTTP/1.1" 200 141 "-" "Mozilla/5.0 (Linux; Android 10; K) AppleWebKit/537.36 (KHTML, like Gecko) Chrome/138.0.0.0 Mobile Safari/537.36"
2.90.66.248 - - [28/Jul/2026:20:15:18 +0000] "GET /wp-content/plugins/woo-variation-gallery/assets/css/slick.min.css?ver=1.8.1 HTTP/1.1" 200 1108 "-" "Mozilla/5.0 (Linux; Android 10; K) AppleWebKit/537.36 (KHTML, like Gecko) Chrome/138.0.0.0 Mobile Safari/537.36"
172.105.42.26 - - [28/Jul/2026:20:15:21 +0000] "POST /wp-cron.php?doing_wp_cron=1785269721.3060181140899658203125 HTTP/1.1" 200 20 "-" "WordPress/7.0.2; https://outlet.autozone.com.sa"
2.90.66.248 - - [28/Jul/2026:20:15:16 +0000] "GET / HTTP/1.1" 200 35998 "https://autozone.com.sa/" "Mozilla/5.0 (Linux; Android 10; K) AppleWebKit/537.36 (KHTML, like Gecko) Chrome/138.0.0.0 Mobile Safari/537.36"
2.90.66.248 - - [28/Jul/2026:20:15:42 +0000] "POST /?wc-ajax=get_refreshed_fragments HTTP/1.1" 200 1006 "https://outlet.autozone.com.sa/" "Mozilla/5.0 (Linux; Android 10; K) AppleWebKit/537.36 (KHTML, like Gecko) Chrome/138.0.0.0 Mobile Safari/537.36"
172.105.42.26 - - [28/Jul/2026:20:15:43 +0000] "POST /wp-cron.php?doing_wp_cron=1785269743.3677918910980224609375 HTTP/1.1" 200 20 "-" "WordPress/7.0.2; https://outlet.autozone.com.sa"
2.90.66.248 - - [28/Jul/2026:20:15:42 +0000] "POST /?wc-ajax=get_refreshed_fragments HTTP/1.1" 200 1006 "https://outlet.autozone.com.sa/" "Mozilla/5.0 (Linux; Android 10; K) AppleWebKit/537.36 (KHTML, like Gecko) Chrome/138.0.0.0 Mobile Safari/537.36"
2.90.66.248 - - [28/Jul/2026:20:16:16 +0000] "GET /our-offers/ HTTP/1.1" 200 22313 "https://outlet.autozone.com.sa/" "Mozilla/5.0 (Linux; Android 10; K) AppleWebKit/537.36 (KHTML, like Gecko) Chrome/138.0.0.0 Mobile Safari/537.36"
2.90.66.248 - - [28/Jul/2026:20:16:23 +0000] "POST /?wc-ajax=get_refreshed_fragments HTTP/1.1" 200 1006 "https://outlet.autozone.com.sa/our-offers/" "Mozilla/5.0 (Linux; Android 10; K) AppleWebKit/537.36 (KHTML, like Gecko) Chrome/138.0.0.0 Mobile Safari/537.36"
2.90.66.248 - - [28/Jul/2026:20:16:33 +0000] "GET /faq/ HTTP/1.1" 200 22022 "https://outlet.autozone.com.sa/our-offers/" "Mozilla/5.0 (Linux; Android 10; K) AppleWebKit/537.36 (KHTML, like Gecko) Chrome/138.0.0.0 Mobile Safari/537.36"
172.105.42.26 - - [28/Jul/2026:20:23:23 +0000] "POST /wp-cron.php?doing_wp_cron=1785270202.8321759700775146484375 HTTP/1.1" 200 20 "-" "WordPress/7.0.2; https://outlet.autozone.com.sa"
43.130.105.21 - - [28/Jul/2026:20:27:26 +0000] "GET / HTTP/1.1" 200 35998 "http://web2.autozone.com.sa" "Mozilla/5.0 (iPhone; CPU iPhone OS 13_2_3 like Mac OS X) AppleWebKit/605.1.15 (KHTML, like Gecko) Version/13.0.3 Mobile/15E148 Safari/604.1"
172.105.42.26 - - [28/Jul/2026:20:27:55 +0000] "POST /wp-cron.php?doing_wp_cron=1785270475.7345299720764160156250 HTTP/1.1" 200 20 "-" "WordPress/7.0.2; https://outlet.autozone.com.sa/en/"
52.167.144.19 - - [28/Jul/2026:20:27:54 +0000] "GET /en/hello-world/ HTTP/1.1" 200 19662 "-" "Mozilla/5.0 AppleWebKit/537.36 (KHTML, like Gecko; compatible; bingbot/2.0; +http://www.bing.com/bingbot.htm) Chrome/116.0.1938.76 Safari/537.36"
172.105.42.26 - - [28/Jul/2026:20:46:45 +0000] "POST /wp-cron.php?doing_wp_cron=1785271605.1755599975585937500000 HTTP/1.1" 200 20 "-" "WordPress/7.0.2; https://outlet.autozone.com.sa"
168.144.34.27 - - [28/Jul/2026:20:46:41 +0000] "GET /wp-login.php HTTP/1.1" 302 20 "https://duckduckgo.com/" "Mozilla/5.0 (X11; Linux x86_64) AppleWebKit/537.36 (KHTML, like Gecko) Chrome/119.0.0.0 Safari/537.36"
168.144.34.27 - - [28/Jul/2026:20:46:47 +0000] "GET /not_found/ HTTP/1.1" 404 20295 "https://duckduckgo.com/" "Mozilla/5.0 (X11; Linux x86_64) AppleWebKit/537.36 (KHTML, like Gecko) Chrome/119.0.0.0 Safari/537.36"
168.144.34.27 - - [28/Jul/2026:20:46:54 +0000] "GET /not_found/ HTTP/1.1" 404 20295 "-" "Mozilla/5.0 (Windows NT 11.0; Win64; x64; rv:121.0) Gecko/20100101 Firefox/121.0"
168.144.34.27 - - [28/Jul/2026:20:46:57 +0000] "GET /wp-admin/ HTTP/1.1" 302 20 "https://www.bing.com/" "Mozilla/5.0 (Macintosh; Intel Mac OS X 13_6_1; rv:119.0) Gecko/20100101 Firefox/119.0"
168.144.34.27 - - [28/Jul/2026:20:47:00 +0000] "GET /not_found/ HTTP/1.1" 404 20295 "https://www.bing.com/" "Mozilla/5.0 (Macintosh; Intel Mac OS X 13_6_1; rv:119.0) Gecko/20100101 Firefox/119.0"
172.105.42.26 - - [28/Jul/2026:20:51:18 +0000] "POST /wp-cron.php?doing_wp_cron=1785271878.8777348995208740234375 HTTP/1.1" 200 20 "-" "WordPress/7.0.2; https://outlet.autozone.com.sa"
