­ ­ ­ ­ ­ ­ ­ ­ ­ ­ ­ ­ ­ ­ ­ ­ ­ ­
172.105.42.26 - - [28/Jul/2026:12:14:47 +0000] "POST /wp-cron.php?doing_wp_cron=1785240886.8478360176086425781250 HTTP/1.1" 200 20 "-" "WordPress/7.0.2; https://outlet.autozone.com.sa"
147.185.132.40 - - [28/Jul/2026:12:14:43 +0000] "GET /wp-login.php HTTP/1.1" 302 20 "-" "Hello from Palo Alto Networks, find out more about our scans in https://docs-cortex.paloaltonetworks.com/r/1/Cortex-Xpanse/Scanning-activity"
147.185.132.40 - - [28/Jul/2026:12:14:47 +0000] "GET /not_found/ HTTP/1.1" 404 20295 "-" "Hello from Palo Alto Networks, find out more about our scans in https://docs-cortex.paloaltonetworks.com/r/1/Cortex-Xpanse/Scanning-activity"
172.105.42.26 - - [28/Jul/2026:12:17:04 +0000] "POST /wp-cron.php?doing_wp_cron=1785241024.7175779342651367187500 HTTP/1.1" 200 20 "-" "WordPress/7.0.2; https://outlet.autozone.com.sa"
2001:16a2:f2ac:9900:79e1:7e12:eb51:772f - - [28/Jul/2026:12:17:00 +0000] "GET / HTTP/1.1" 200 36001 "-" "Mozilla/5.0 (iPhone; CPU iPhone OS 18_7 like Mac OS X) AppleWebKit/605.1.15 (KHTML, like Gecko) Version/26.5 Mobile/15E148 Safari/604.1"
2001:16a2:f2ac:9900:79e1:7e12:eb51:772f - - [28/Jul/2026:12:17:06 +0000] "POST /?wc-ajax=get_refreshed_fragments HTTP/1.1" 200 1006 "https://outlet.autozone.com.sa/" "Mozilla/5.0 (iPhone; CPU iPhone OS 18_7 like Mac OS X) AppleWebKit/605.1.15 (KHTML, like Gecko) Version/26.5 Mobile/15E148 Safari/604.1"
2001:16a2:f2ac:9900:79e1:7e12:eb51:772f - - [28/Jul/2026:12:17:06 +0000] "POST /?wc-ajax=get_refreshed_fragments HTTP/1.1" 200 1006 "https://outlet.autozone.com.sa/" "Mozilla/5.0 (iPhone; CPU iPhone OS 18_7 like Mac OS X) AppleWebKit/605.1.15 (KHTML, like Gecko) Version/26.5 Mobile/15E148 Safari/604.1"
172.105.42.26 - - [28/Jul/2026:12:22:22 +0000] "POST /wp-cron.php?doing_wp_cron=1785241342.0019481182098388671875 HTTP/1.1" 200 20 "-" "WordPress/7.0.2; https://outlet.autozone.com.sa"
2001:16a4:51:9a2b:4803:601c:6206:54b2 - - [28/Jul/2026:12:22:17 +0000] "GET / HTTP/1.1" 200 36001 "https://autozone.com.sa/" "Mozilla/5.0 (iPhone; CPU iPhone OS 26_5_2 like Mac OS X) AppleWebKit/605.1.15 (KHTML, like Gecko) Mobile/23F84 Instagram 439.0.0.35.60 (iPhone17,1; iOS 26_5_2; en_US; en; scale=3.00; 1206x2622; IABMV/1; 1021301964) Safari/604.1"
2001:16a4:51:9a2b:4803:601c:6206:54b2 - - [28/Jul/2026:12:22:23 +0000] "POST /?wc-ajax=get_refreshed_fragments HTTP/1.1" 200 1006 "https://outlet.autozone.com.sa/" "Mozilla/5.0 (iPhone; CPU iPhone OS 26_5_2 like Mac OS X) AppleWebKit/605.1.15 (KHTML, like Gecko) Mobile/23F84 Instagram 439.0.0.35.60 (iPhone17,1; iOS 26_5_2; en_US; en; scale=3.00; 1206x2622; IABMV/1; 1021301964) Safari/604.1"
2001:16a4:51:9a2b:4803:601c:6206:54b2 - - [28/Jul/2026:12:22:23 +0000] "POST /?wc-ajax=get_refreshed_fragments HTTP/1.1" 200 1006 "https://outlet.autozone.com.sa/" "Mozilla/5.0 (iPhone; CPU iPhone OS 26_5_2 like Mac OS X) AppleWebKit/605.1.15 (KHTML, like Gecko) Mobile/23F84 Instagram 439.0.0.35.60 (iPhone17,1; iOS 26_5_2; en_US; en; scale=3.00; 1206x2622; IABMV/1; 1021301964) Safari/604.1"
2001:16a4:51:9a2b:4803:601c:6206:54b2 - - [28/Jul/2026:12:22:32 +0000] "GET / HTTP/1.1" 200 36002 "https://outlet.autozone.com.sa/" "Mozilla/5.0 (iPhone; CPU iPhone OS 26_5_2 like Mac OS X) AppleWebKit/605.1.15 (KHTML, like Gecko) Mobile/23F84 Instagram 439.0.0.35.60 (iPhone17,1; iOS 26_5_2; en_US; en; scale=3.00; 1206x2622; IABMV/1; 1021301964) NW/1 Safari/604.1"
2001:16a2:7c65:3200:5067:2ce1:5484:7dad - - [28/Jul/2026:12:22:44 +0000] "GET /en HTTP/1.1" 301 20 "https://autozone.com.sa/" "Mozilla/5.0 (iPhone; CPU iPhone OS 18_7 like Mac OS X) AppleWebKit/605.1.15 (KHTML, like Gecko) Version/26.5.2 Mobile/15E148 Safari/604.1"
2001:16a2:7c65:3200:5067:2ce1:5484:7dad - - [28/Jul/2026:12:22:45 +0000] "GET /en/ HTTP/1.1" 200 33438 "https://autozone.com.sa/" "Mozilla/5.0 (iPhone; CPU iPhone OS 18_7 like Mac OS X) AppleWebKit/605.1.15 (KHTML, like Gecko) Version/26.5.2 Mobile/15E148 Safari/604.1"
2001:16a2:7c65:3200:5067:2ce1:5484:7dad - - [28/Jul/2026:12:22:46 +0000] "GET /wp-content/uploads/elementor/css/post-12.css?ver=1785168054 HTTP/1.1" 200 4826 "https://outlet.autozone.com.sa/en/" "Mozilla/5.0 (iPhone; CPU iPhone OS 18_7 like Mac OS X) AppleWebKit/605.1.15 (KHTML, like Gecko) Version/26.5.2 Mobile/15E148 Safari/604.1"
2001:16a2:7c65:3200:5067:2ce1:5484:7dad - - [28/Jul/2026:12:22:46 +0000] "GET /wp-content/uploads/elementor/css/custom-pro-widget-slides.min.css?ver=1785168910 HTTP/1.1" 200 591 "https://outlet.autozone.com.sa/en/" "Mozilla/5.0 (iPhone; CPU iPhone OS 18_7 like Mac OS X) AppleWebKit/605.1.15 (KHTML, like Gecko) Version/26.5.2 Mobile/15E148 Safari/604.1"
2001:16a2:7c65:3200:5067:2ce1:5484:7dad - - [28/Jul/2026:12:22:46 +0000] "GET /wp-content/uploads/elementor/css/post-79.css?ver=1785168911 HTTP/1.1" 200 1455 "https://outlet.autozone.com.sa/en/" "Mozilla/5.0 (iPhone; CPU iPhone OS 18_7 like Mac OS X) AppleWebKit/605.1.15 (KHTML, like Gecko) Version/26.5.2 Mobile/15E148 Safari/604.1"
2001:16a2:7c65:3200:5067:2ce1:5484:7dad - - [28/Jul/2026:12:22:46 +0000] "GET /wp-content/plugins/elementor/assets/lib/animations/styles/fadeInLeft.min.css?ver=3.33.0 HTTP/1.1" 200 120 "https://outlet.autozone.com.sa/en/" "Mozilla/5.0 (iPhone; CPU iPhone OS 18_7 like Mac OS X) AppleWebKit/605.1.15 (KHTML, like Gecko) Version/26.5.2 Mobile/15E148 Safari/604.1"
2001:16a2:7c65:3200:5067:2ce1:5484:7dad - - [28/Jul/2026:12:22:46 +0000] "GET /wp-content/uploads/elementor/css/custom-widget-nested-tabs.min.css?ver=1785168909 HTTP/1.1" 200 1867 "https://outlet.autozone.com.sa/en/" "Mozilla/5.0 (iPhone; CPU iPhone OS 18_7 like Mac OS X) AppleWebKit/605.1.15 (KHTML, like Gecko) Version/26.5.2 Mobile/15E148 Safari/604.1"
2001:16a2:7c65:3200:5067:2ce1:5484:7dad - - [28/Jul/2026:12:22:46 +0000] "GET /wp-content/plugins/jet-elements/assets/css/skin/jet-countdown-timer.css?ver=2.7.9.1 HTTP/1.1" 200 100 "https://outlet.autozone.com.sa/en/" "Mozilla/5.0 (iPhone; CPU iPhone OS 18_7 like Mac OS X) AppleWebKit/605.1.15 (KHTML, like Gecko) Version/26.5.2 Mobile/15E148 Safari/604.1"
2001:16a2:7c65:3200:5067:2ce1:5484:7dad - - [28/Jul/2026:12:22:46 +0000] "GET /wp-content/uploads/elementor/css/post-77.css?ver=1785168910 HTTP/1.1" 200 893 "https://outlet.autozone.com.sa/en/" "Mozilla/5.0 (iPhone; CPU iPhone OS 18_7 like Mac OS X) AppleWebKit/605.1.15 (KHTML, like Gecko) Version/26.5.2 Mobile/15E148 Safari/604.1"
2001:16a2:7c65:3200:5067:2ce1:5484:7dad - - [28/Jul/2026:12:22:46 +0000] "GET /wp-content/plugins/jet-elements/assets/css/addons/jet-countdown-timer.css?ver=2.7.9.1 HTTP/1.1" 200 281 "https://outlet.autozone.com.sa/en/" "Mozilla/5.0 (iPhone; CPU iPhone OS 18_7 like Mac OS X) AppleWebKit/605.1.15 (KHTML, like Gecko) Version/26.5.2 Mobile/15E148 Safari/604.1"
2001:16a2:7c65:3200:5067:2ce1:5484:7dad - - [28/Jul/2026:12:22:47 +0000] "POST /en/?wc-ajax=get_refreshed_fragments HTTP/1.1" 200 1009 "https://outlet.autozone.com.sa/en/" "Mozilla/5.0 (iPhone; CPU iPhone OS 18_7 like Mac OS X) AppleWebKit/605.1.15 (KHTML, like Gecko) Version/26.5.2 Mobile/15E148 Safari/604.1"
2001:16a2:7c65:3200:5067:2ce1:5484:7dad - - [28/Jul/2026:12:22:47 +0000] "POST /en/?wc-ajax=get_refreshed_fragments HTTP/1.1" 200 1009 "https://outlet.autozone.com.sa/en/" "Mozilla/5.0 (iPhone; CPU iPhone OS 18_7 like Mac OS X) AppleWebKit/605.1.15 (KHTML, like Gecko) Version/26.5.2 Mobile/15E148 Safari/604.1"
2001:16a2:7c65:3200:5067:2ce1:5484:7dad - - [28/Jul/2026:12:22:54 +0000] "GET /en/our-offers/ HTTP/1.1" 200 20565 "https://outlet.autozone.com.sa/en/" "Mozilla/5.0 (iPhone; CPU iPhone OS 18_7 like Mac OS X) AppleWebKit/605.1.15 (KHTML, like Gecko) Version/26.5.2 Mobile/15E148 Safari/604.1"
2001:16a2:7c65:3200:5067:2ce1:5484:7dad - - [28/Jul/2026:12:22:55 +0000] "GET /wp-content/uploads/elementor/css/post-776.css?ver=1785168052 HTTP/1.1" 200 1273 "https://outlet.autozone.com.sa/en/our-offers/" "Mozilla/5.0 (iPhone; CPU iPhone OS 18_7 like Mac OS X) AppleWebKit/605.1.15 (KHTML, like Gecko) Version/26.5.2 Mobile/15E148 Safari/604.1"
2001:16a2:7c65:3200:5067:2ce1:5484:7dad - - [28/Jul/2026:12:22:55 +0000] "GET /wp-content/uploads/2024/12/web-slider-copy-2.jpg HTTP/1.1" 304 - "https://outlet.autozone.com.sa/en/" "Mozilla/5.0 (iPhone; CPU iPhone OS 18_7 like Mac OS X) AppleWebKit/605.1.15 (KHTML, like Gecko) Version/26.5.2 Mobile/15E148 Safari/604.1"
2001:16a2:7c65:3200:5067:2ce1:5484:7dad - - [28/Jul/2026:12:22:55 +0000] "GET /wp-content/uploads/2024/12/SUNNY-G2-1.webp HTTP/1.1" 200 72880 "https://outlet.autozone.com.sa/en/our-offers/" "Mozilla/5.0 (iPhone; CPU iPhone OS 18_7 like Mac OS X) AppleWebKit/605.1.15 (KHTML, like Gecko) Version/26.5.2 Mobile/15E148 Safari/604.1"
2001:16a2:7c65:3200:5067:2ce1:5484:7dad - - [28/Jul/2026:12:22:56 +0000] "POST /en/?wc-ajax=get_refreshed_fragments HTTP/1.1" 200 1009 "https://outlet.autozone.com.sa/en/our-offers/" "Mozilla/5.0 (iPhone; CPU iPhone OS 18_7 like Mac OS X) AppleWebKit/605.1.15 (KHTML, like Gecko) Version/26.5.2 Mobile/15E148 Safari/604.1"
2001:16a2:7c65:3200:5067:2ce1:5484:7dad - - [28/Jul/2026:12:23:00 +0000] "GET /en/offers/sporty-performance-with-an-incredible-installment-plan/ HTTP/1.1" 200 26903 "https://outlet.autozone.com.sa/en/our-offers/" "Mozilla/5.0 (iPhone; CPU iPhone OS 18_7 like Mac OS X) AppleWebKit/605.1.15 (KHTML, like Gecko) Version/26.5.2 Mobile/15E148 Safari/604.1"
2001:16a2:7c65:3200:5067:2ce1:5484:7dad - - [28/Jul/2026:12:23:02 +0000] "GET /wp-content/plugins/jetformbuilder/modules/option-field/assets/build/select.css?ver=2a1ee580fcfe246db061 HTTP/1.1" 200 243 "https://outlet.autozone.com.sa/en/offers/sporty-performance-with-an-incredible-installment-plan/" "Mozilla/5.0 (iPhone; CPU iPhone OS 18_7 like Mac OS X) AppleWebKit/605.1.15 (KHTML, like Gecko) Version/26.5.2 Mobile/15E148 Safari/604.1"
2001:16a2:7c65:3200:5067:2ce1:5484:7dad - - [28/Jul/2026:12:23:02 +0000] "GET /wp-content/plugins/element-pack-pro-1/assets/css/ep-advanced-button.css?ver=7.5.4 HTTP/1.1" 200 976 "https://outlet.autozone.com.sa/en/offers/sporty-performance-with-an-incredible-installment-plan/" "Mozilla/5.0 (iPhone; CPU iPhone OS 18_7 like Mac OS X) AppleWebKit/605.1.15 (KHTML, like Gecko) Version/26.5.2 Mobile/15E148 Safari/604.1"
2001:16a2:7c65:3200:5067:2ce1:5484:7dad - - [28/Jul/2026:12:23:02 +0000] "GET /wp-content/plugins/elementor/assets/css/widget-nested-accordion.min.css?ver=3.33.0 HTTP/1.1" 200 788 "https://outlet.autozone.com.sa/en/offers/sporty-performance-with-an-incredible-installment-plan/" "Mozilla/5.0 (iPhone; CPU iPhone OS 18_7 like Mac OS X) AppleWebKit/605.1.15 (KHTML, like Gecko) Version/26.5.2 Mobile/15E148 Safari/604.1"
2001:16a2:7c65:3200:5067:2ce1:5484:7dad - - [28/Jul/2026:12:23:02 +0000] "GET /wp-content/uploads/elementor/css/post-881.css?ver=1785182830 HTTP/1.1" 200 1031 "https://outlet.autozone.com.sa/en/offers/sporty-performance-with-an-incredible-installment-plan/" "Mozilla/5.0 (iPhone; CPU iPhone OS 18_7 like Mac OS X) AppleWebKit/605.1.15 (KHTML, like Gecko) Version/26.5.2 Mobile/15E148 Safari/604.1"
2001:16a2:7c65:3200:5067:2ce1:5484:7dad - - [28/Jul/2026:12:23:02 +0000] "GET /wp-content/plugins/jetformbuilder/modules/option-field/assets/build/checkbox.css?ver=f54eb583054648e8615b HTTP/1.1" 200 502 "https://outlet.autozone.com.sa/en/offers/sporty-performance-with-an-incredible-installment-plan/" "Mozilla/5.0 (iPhone; CPU iPhone OS 18_7 like Mac OS X) AppleWebKit/605.1.15 (KHTML, like Gecko) Version/26.5.2 Mobile/15E148 Safari/604.1"
2001:16a2:7c65:3200:5067:2ce1:5484:7dad - - [28/Jul/2026:12:23:02 +0000] "GET /wp-content/plugins/jetformbuilder/assets/build/frontend/main.css?ver=3.4.5 HTTP/1.1" 200 2185 "https://outlet.autozone.com.sa/en/offers/sporty-performance-with-an-incredible-installment-plan/" "Mozilla/5.0 (iPhone; CPU iPhone OS 18_7 like Mac OS X) AppleWebKit/605.1.15 (KHTML, like Gecko) Version/26.5.2 Mobile/15E148 Safari/604.1"
2001:16a2:7c65:3200:5067:2ce1:5484:7dad - - [28/Jul/2026:12:23:02 +0000] "GET /wp-content/uploads/elementor/css/post-800.css?ver=1785182830 HTTP/1.1" 200 2559 "https://outlet.autozone.com.sa/en/offers/sporty-performance-with-an-incredible-installment-plan/" "Mozilla/5.0 (iPhone; CPU iPhone OS 18_7 like Mac OS X) AppleWebKit/605.1.15 (KHTML, like Gecko) Version/26.5.2 Mobile/15E148 Safari/604.1"
2001:16a2:7c65:3200:5067:2ce1:5484:7dad - - [28/Jul/2026:12:23:02 +0000] "GET /wp-includes/css/dist/block-library/common.min.css?ver=7.0.2 HTTP/1.1" 200 1115 "https://outlet.autozone.com.sa/en/offers/sporty-performance-with-an-incredible-installment-plan/" "Mozilla/5.0 (iPhone; CPU iPhone OS 18_7 like Mac OS X) AppleWebKit/605.1.15 (KHTML, like Gecko) Version/26.5.2 Mobile/15E148 Safari/604.1"
2001:16a2:7c65:3200:5067:2ce1:5484:7dad - - [28/Jul/2026:12:23:02 +0000] "GET /wp-includes/blocks/paragraph/style.min.css?ver=7.0.2 HTTP/1.1" 200 341 "https://outlet.autozone.com.sa/en/offers/sporty-performance-with-an-incredible-installment-plan/" "Mozilla/5.0 (iPhone; CPU iPhone OS 18_7 like Mac OS X) AppleWebKit/605.1.15 (KHTML, like Gecko) Version/26.5.2 Mobile/15E148 Safari/604.1"
2001:16a2:7c65:3200:5067:2ce1:5484:7dad - - [28/Jul/2026:12:23:02 +0000] "GET /wp-content/plugins/jetformbuilder/modules/blocks-v2/text-field/assets/build/frontend/field.css?ver=16395ed38b7c1e8808d6 HTTP/1.1" 200 243 "https://outlet.autozone.com.sa/en/offers/sporty-performance-with-an-incredible-installment-plan/" "Mozilla/5.0 (iPhone; CPU iPhone OS 18_7 like Mac OS X) AppleWebKit/605.1.15 (KHTML, like Gecko) Version/26.5.2 Mobile/15E148 Safari/604.1"
2001:16a2:7c65:3200:5067:2ce1:5484:7dad - - [28/Jul/2026:12:23:02 +0000] "GET /wp-content/plugins/jetformbuilder/modules/option-field/assets/build/checkbox.js?ver=f54eb583054648e8615b HTTP/1.1" 200 1621 "https://outlet.autozone.com.sa/en/offers/sporty-performance-with-an-incredible-installment-plan/" "Mozilla/5.0 (iPhone; CPU iPhone OS 18_7 like Mac OS X) AppleWebKit/605.1.15 (KHTML, like Gecko) Version/26.5.2 Mobile/15E148 Safari/604.1"
2001:16a2:7c65:3200:5067:2ce1:5484:7dad - - [28/Jul/2026:12:23:02 +0000] "GET /wp-content/plugins/jetformbuilder/assets/build/frontend/main.js?ver=352c12590999901a9ebc HTTP/1.1" 200 12417 "https://outlet.autozone.com.sa/en/offers/sporty-performance-with-an-incredible-installment-plan/" "Mozilla/5.0 (iPhone; CPU iPhone OS 18_7 like Mac OS X) AppleWebKit/605.1.15 (KHTML, like Gecko) Version/26.5.2 Mobile/15E148 Safari/604.1"
2001:16a2:7c65:3200:5067:2ce1:5484:7dad - - [28/Jul/2026:12:23:02 +0000] "GET /wp-content/plugins/jetformbuilder/modules/option-field/assets/build/select.js?ver=2a1ee580fcfe246db061 HTTP/1.1" 200 753 "https://outlet.autozone.com.sa/en/offers/sporty-performance-with-an-incredible-installment-plan/" "Mozilla/5.0 (iPhone; CPU iPhone OS 18_7 like Mac OS X) AppleWebKit/605.1.15 (KHTML, like Gecko) Version/26.5.2 Mobile/15E148 Safari/604.1"
2001:16a2:7c65:3200:5067:2ce1:5484:7dad - - [28/Jul/2026:12:23:02 +0000] "GET /wp-content/plugins/jetformbuilder/assets/build/frontend/dynamic.value.js?ver=3.4.5 HTTP/1.1" 200 1217 "https://outlet.autozone.com.sa/en/offers/sporty-performance-with-an-incredible-installment-plan/" "Mozilla/5.0 (iPhone; CPU iPhone OS 18_7 like Mac OS X) AppleWebKit/605.1.15 (KHTML, like Gecko) Version/26.5.2 Mobile/15E148 Safari/604.1"
2001:16a2:7c65:3200:5067:2ce1:5484:7dad - - [28/Jul/2026:12:23:02 +0000] "GET /wp-content/plugins/jetformbuilder/assets/build/frontend/conditional.block.js?ver=3.4.5 HTTP/1.1" 200 2781 "https://outlet.autozone.com.sa/en/offers/sporty-performance-with-an-incredible-installment-plan/" "Mozilla/5.0 (iPhone; CPU iPhone OS 18_7 like Mac OS X) AppleWebKit/605.1.15 (KHTML, like Gecko) Version/26.5.2 Mobile/15E148 Safari/604.1"
2001:16a2:7c65:3200:5067:2ce1:5484:7dad - - [28/Jul/2026:12:23:02 +0000] "GET /wp-content/plugins/jetformbuilder/modules/blocks-v2/text-field/assets/build/frontend/field.js?ver=16395ed38b7c1e8808d6 HTTP/1.1" 200 597 "https://outlet.autozone.com.sa/en/offers/sporty-performance-with-an-incredible-installment-plan/" "Mozilla/5.0 (iPhone; CPU iPhone OS 18_7 like Mac OS X) AppleWebKit/605.1.15 (KHTML, like Gecko) Version/26.5.2 Mobile/15E148 Safari/604.1"
2001:16a2:7c65:3200:5067:2ce1:5484:7dad - - [28/Jul/2026:12:23:02 +0000] "GET /wp-content/plugins/jetformbuilder/modules/deprecated/assets/build/frontend.js?ver=120e75a68931b79be3f4 HTTP/1.1" 200 375 "https://outlet.autozone.com.sa/en/offers/sporty-performance-with-an-incredible-installment-plan/" "Mozilla/5.0 (iPhone; CPU iPhone OS 18_7 like Mac OS X) AppleWebKit/605.1.15 (KHTML, like Gecko) Version/26.5.2 Mobile/15E148 Safari/604.1"
2001:16a2:7c65:3200:5067:2ce1:5484:7dad - - [28/Jul/2026:12:23:02 +0000] "GET /wp-content/plugins/elementor/assets/js/nested-accordion.1118596f3e9b2366fb81.bundle.min.js HTTP/1.1" 200 2846 "https://outlet.autozone.com.sa/en/offers/sporty-performance-with-an-incredible-installment-plan/" "Mozilla/5.0 (iPhone; CPU iPhone OS 18_7 like Mac OS X) AppleWebKit/605.1.15 (KHTML, like Gecko) Version/26.5.2 Mobile/15E148 Safari/604.1"
172.105.42.26 - - [28/Jul/2026:12:23:03 +0000] "POST /wp-cron.php?doing_wp_cron=1785241383.3270370960235595703125 HTTP/1.1" 200 20 "-" "WordPress/7.0.2; https://outlet.autozone.com.sa/en/"
2001:16a2:7c65:3200:5067:2ce1:5484:7dad - - [28/Jul/2026:12:23:02 +0000] "POST /en/?wc-ajax=get_refreshed_fragments HTTP/1.1" 200 1009 "https://outlet.autozone.com.sa/en/offers/sporty-performance-with-an-incredible-installment-plan/" "Mozilla/5.0 (iPhone; CPU iPhone OS 18_7 like Mac OS X) AppleWebKit/605.1.15 (KHTML, like Gecko) Version/26.5.2 Mobile/15E148 Safari/604.1"
2001:16a2:c37d:2e49:847b:e73a:6ca8:eec7 - - [28/Jul/2026:12:23:30 +0000] "GET / HTTP/1.1" 200 36001 "https://autozone.com.sa/" "Mozilla/5.0 (iPhone; CPU iPhone OS 26_4_0 like Mac OS X) AppleWebKit/605.1.15 (KHTML, like Gecko) CriOS/149.0.7827.45 Mobile/15E148 Safari/604.1"
2001:16a2:c37d:2e49:847b:e73a:6ca8:eec7 - - [28/Jul/2026:12:23:33 +0000] "POST /?wc-ajax=get_refreshed_fragments HTTP/1.1" 200 1006 "https://outlet.autozone.com.sa/" "Mozilla/5.0 (iPhone; CPU iPhone OS 26_4_0 like Mac OS X) AppleWebKit/605.1.15 (KHTML, like Gecko) CriOS/149.0.7827.45 Mobile/15E148 Safari/604.1"
2001:16a2:c37d:2e49:847b:e73a:6ca8:eec7 - - [28/Jul/2026:12:23:33 +0000] "POST /?wc-ajax=get_refreshed_fragments HTTP/1.1" 200 1006 "https://outlet.autozone.com.sa/" "Mozilla/5.0 (iPhone; CPU iPhone OS 26_4_0 like Mac OS X) AppleWebKit/605.1.15 (KHTML, like Gecko) CriOS/149.0.7827.45 Mobile/15E148 Safari/604.1"
172.105.42.26 - - [28/Jul/2026:12:24:11 +0000] "POST /wp-cron.php?doing_wp_cron=1785241451.6469969749450683593750 HTTP/1.1" 200 20 "-" "WordPress/7.0.2; https://outlet.autozone.com.sa"
2001:16a2:c270:c6e7:fc56:4d70:9572:7e75 - - [28/Jul/2026:12:24:07 +0000] "GET / HTTP/1.1" 200 36001 "https://www.google.com/" "Mozilla/5.0 (Linux; Android 10; K) AppleWebKit/537.36 (KHTML, like Gecko) Chrome/150.0.0.0 Mobile Safari/537.36"
2001:16a2:c270:c6e7:fc56:4d70:9572:7e75 - - [28/Jul/2026:12:24:17 +0000] "POST /?wc-ajax=get_refreshed_fragments HTTP/1.1" 200 1006 "https://outlet.autozone.com.sa/" "Mozilla/5.0 (Linux; Android 10; K) AppleWebKit/537.36 (KHTML, like Gecko) Chrome/150.0.0.0 Mobile Safari/537.36"
2001:16a2:c270:c6e7:fc56:4d70:9572:7e75 - - [28/Jul/2026:12:24:17 +0000] "POST /?wc-ajax=get_refreshed_fragments HTTP/1.1" 200 1006 "https://outlet.autozone.com.sa/" "Mozilla/5.0 (Linux; Android 10; K) AppleWebKit/537.36 (KHTML, like Gecko) Chrome/150.0.0.0 Mobile Safari/537.36"
2001:16a2:c270:c6e7:fc56:4d70:9572:7e75 - - [28/Jul/2026:12:24:20 +0000] "POST /?wc-ajax=get_refreshed_fragments HTTP/1.1" 200 1006 "https://outlet.autozone.com.sa/" "Mozilla/5.0 (Linux; Android 10; K) AppleWebKit/537.36 (KHTML, like Gecko) Chrome/150.0.0.0 Mobile Safari/537.36"
2001:16a2:c270:c6e7:fc56:4d70:9572:7e75 - - [28/Jul/2026:12:24:26 +0000] "GET /shop/ HTTP/1.1" 200 31161 "https://outlet.autozone.com.sa/" "Mozilla/5.0 (Linux; Android 10; K) AppleWebKit/537.36 (KHTML, like Gecko) Chrome/150.0.0.0 Mobile Safari/537.36"
2001:16a2:c270:c6e7:fc56:4d70:9572:7e75 - - [28/Jul/2026:12:24:28 +0000] "GET /wp-content/uploads/elementor/css/post-877.css?ver=1785175992 HTTP/1.1" 200 2937 "https://outlet.autozone.com.sa/shop/" "Mozilla/5.0 (Linux; Android 10; K) AppleWebKit/537.36 (KHTML, like Gecko) Chrome/150.0.0.0 Mobile Safari/537.36"
2001:16a2:c270:c6e7:fc56:4d70:9572:7e75 - - [28/Jul/2026:12:24:28 +0000] "GET /wp-content/uploads/2024/12/222f4a4449ce-best-cars-inline2.webp HTTP/1.1" 200 63041 "https://outlet.autozone.com.sa/wp-content/uploads/elementor/css/post-877.css?ver=1785175992" "Mozilla/5.0 (Linux; Android 10; K) AppleWebKit/537.36 (KHTML, like Gecko) Chrome/150.0.0.0 Mobile Safari/537.36"
2001:16a2:c270:c6e7:fc56:4d70:9572:7e75 - - [28/Jul/2026:12:24:29 +0000] "GET /wp-content/uploads/2024/12/Untitled-design-53.webp HTTP/1.1" 200 38463 "https://outlet.autozone.com.sa/shop/" "Mozilla/5.0 (Linux; Android 10; K) AppleWebKit/537.36 (KHTML, like Gecko) Chrome/150.0.0.0 Mobile Safari/537.36"
2001:16a2:c270:c6e7:fc56:4d70:9572:7e75 - - [28/Jul/2026:12:24:29 +0000] "POST /?wc-ajax=get_refreshed_fragments HTTP/1.1" 200 1006 "https://outlet.autozone.com.sa/shop/" "Mozilla/5.0 (Linux; Android 10; K) AppleWebKit/537.36 (KHTML, like Gecko) Chrome/150.0.0.0 Mobile Safari/537.36"
2001:16a2:311f:e00:8d03:cc4c:42cb:dd5e - - [28/Jul/2026:12:24:42 +0000] "GET / HTTP/1.1" 200 36001 "https://autozone.com.sa/" "Mozilla/5.0 (iPhone; CPU iPhone OS 16_7_16 like Mac OS X) AppleWebKit/605.1.15 (KHTML, like Gecko) Version/16.6.2 Mobile/15E148 Safari/604.1"
2001:16a2:c37d:2e49:847b:e73a:6ca8:eec7 - - [28/Jul/2026:12:24:44 +0000] "GET /wp-content/uploads/2024/12/webstdy_1675070394%D9%85%D8%B5%D8%B1%D9%81%D8%A7%D9%84%D8%B1%D8%A7%D8%AC%D8%AD%D9%8A.webp HTTP/1.1" 200 16892 "https://outlet.autozone.com.sa/" "Mozilla/5.0 (iPhone; CPU iPhone OS 26_4_0 like Mac OS X) AppleWebKit/605.1.15 (KHTML, like Gecko) CriOS/149.0.7827.45 Mobile/15E148 Safari/604.1"
2001:16a2:c37d:2e49:847b:e73a:6ca8:eec7 - - [28/Jul/2026:12:24:44 +0000] "GET /wp-content/uploads/2024/12/webstdy_1675070626%D8%A7%D9%84%D8%A8%D9%86%D9%83%D8%A7%D9%84%D8%B9%D8%B1%D8%A8%D9%8A.webp HTTP/1.1" 200 9504 "https://outlet.autozone.com.sa/" "Mozilla/5.0 (iPhone; CPU iPhone OS 26_4_0 like Mac OS X) AppleWebKit/605.1.15 (KHTML, like Gecko) CriOS/149.0.7827.45 Mobile/15E148 Safari/604.1"
2001:16a2:311f:e00:8d03:cc4c:42cb:dd5e - - [28/Jul/2026:12:24:46 +0000] "POST /?wc-ajax=get_refreshed_fragments HTTP/1.1" 200 1006 "https://outlet.autozone.com.sa/" "Mozilla/5.0 (iPhone; CPU iPhone OS 16_7_16 like Mac OS X) AppleWebKit/605.1.15 (KHTML, like Gecko) Version/16.6.2 Mobile/15E148 Safari/604.1"
2001:16a2:311f:e00:8d03:cc4c:42cb:dd5e - - [28/Jul/2026:12:24:46 +0000] "POST /?wc-ajax=get_refreshed_fragments HTTP/1.1" 200 1006 "https://outlet.autozone.com.sa/" "Mozilla/5.0 (iPhone; CPU iPhone OS 16_7_16 like Mac OS X) AppleWebKit/605.1.15 (KHTML, like Gecko) Version/16.6.2 Mobile/15E148 Safari/604.1"
2001:16a2:c270:c6e7:fc56:4d70:9572:7e75 - - [28/Jul/2026:12:24:46 +0000] "GET /product/%d8%a7%d9%84%d8%b3%d9%8a%d8%a7%d8%b1%d8%a9-%d9%84%d9%8a%d8%b3%d8%aa-bmw-%d9%84%d8%ba%d8%b1%d8%b6-%d8%a7%d9%84%d8%a7%d8%ae%d8%aa%d8%a8%d8%a7%d8%b1/ HTTP/1.1" 200 34063 "https://outlet.autozone.com.sa/shop/" "Mozilla/5.0 (Linux; Android 10; K) AppleWebKit/537.36 (KHTML, like Gecko) Chrome/150.0.0.0 Mobile Safari/537.36"
2001:16a2:c270:c6e7:fc56:4d70:9572:7e75 - - [28/Jul/2026:12:24:49 +0000] "GET /wp-content/plugins/woocommerce/assets/css/photoswipe/photoswipe.min.css?ver=10.3.7 HTTP/1.1" 200 997 "https://outlet.autozone.com.sa/product/%d8%a7%d9%84%d8%b3%d9%8a%d8%a7%d8%b1%d8%a9-%d9%84%d9%8a%d8%b3%d8%aa-bmw-%d9%84%d8%ba%d8%b1%d8%b6-%d8%a7%d9%84%d8%a7%d8%ae%d8%aa%d8%a8%d8%a7%d8%b1/" "Mozilla/5.0 (Linux; Android 10; K) AppleWebKit/537.36 (KHTML, like Gecko) Chrome/150.0.0.0 Mobile Safari/537.36"
2001:16a2:c270:c6e7:fc56:4d70:9572:7e75 - - [28/Jul/2026:12:24:49 +0000] "GET /wp-content/plugins/woocommerce/assets/css/photoswipe/default-skin/default-skin.min.css?ver=10.3.7 HTTP/1.1" 200 1952 "https://outlet.autozone.com.sa/product/%d8%a7%d9%84%d8%b3%d9%8a%d8%a7%d8%b1%d8%a9-%d9%84%d9%8a%d8%b3%d8%aa-bmw-%d9%84%d8%ba%d8%b1%d8%b6-%d8%a7%d9%84%d8%a7%d8%ae%d8%aa%d8%a8%d8%a7%d8%b1/" "Mozilla/5.0 (Linux; Android 10; K) AppleWebKit/537.36 (KHTML, like Gecko) Chrome/150.0.0.0 Mobile Safari/537.36"
2001:16a2:c270:c6e7:fc56:4d70:9572:7e75 - - [28/Jul/2026:12:24:49 +0000] "GET /wp-content/uploads/elementor/css/custom-widget-image-gallery-rtl.min.css?ver=1785168313 HTTP/1.1" 200 358 "https://outlet.autozone.com.sa/product/%d8%a7%d9%84%d8%b3%d9%8a%d8%a7%d8%b1%d8%a9-%d9%84%d9%8a%d8%b3%d8%aa-bmw-%d9%84%d8%ba%d8%b1%d8%b6-%d8%a7%d9%84%d8%a7%d8%ae%d8%aa%d8%a8%d8%a7%d8%b1/" "Mozilla/5.0 (Linux; Android 10; K) AppleWebKit/537.36 (KHTML, like Gecko) Chrome/150.0.0.0 Mobile Safari/537.36"
2001:16a2:c270:c6e7:fc56:4d70:9572:7e75 - - [28/Jul/2026:12:24:49 +0000] "GET /wp-content/uploads/elementor/css/custom-pro-widget-woocommerce-product-add-to-cart-rtl.min.css?ver=1785168313 HTTP/1.1" 200 2158 "https://outlet.autozone.com.sa/product/%d8%a7%d9%84%d8%b3%d9%8a%d8%a7%d8%b1%d8%a9-%d9%84%d9%8a%d8%b3%d8%aa-bmw-%d9%84%d8%ba%d8%b1%d8%b6-%d8%a7%d9%84%d8%a7%d8%ae%d8%aa%d8%a8%d8%a7%d8%b1/" "Mozilla/5.0 (Linux; Android 10; K) AppleWebKit/537.36 (KHTML, like Gecko) Chrome/150.0.0.0 Mobile Safari/537.36"
2001:16a2:c270:c6e7:fc56:4d70:9572:7e75 - - [28/Jul/2026:12:24:49 +0000] "GET /wp-content/plugins/elementor-pro/assets/css/widget-share-buttons-rtl.min.css?ver=3.33.1 HTTP/1.1" 200 2285 "https://outlet.autozone.com.sa/product/%d8%a7%d9%84%d8%b3%d9%8a%d8%a7%d8%b1%d8%a9-%d9%84%d9%8a%d8%b3%d8%aa-bmw-%d9%84%d8%ba%d8%b1%d8%b6-%d8%a7%d9%84%d8%a7%d8%ae%d8%aa%d8%a8%d8%a7%d8%b1/" "Mozilla/5.0 (Linux; Android 10; K) AppleWebKit/537.36 (KHTML, like Gecko) Chrome/150.0.0.0 Mobile Safari/537.36"
2001:16a2:c270:c6e7:fc56:4d70:9572:7e75 - - [28/Jul/2026:12:24:49 +0000] "GET /wp-content/plugins/element-pack-pro-1/assets/css/ep-advanced-button.rtl.css?ver=7.5.4 HTTP/1.1" 200 974 "https://outlet.autozone.com.sa/product/%d8%a7%d9%84%d8%b3%d9%8a%d8%a7%d8%b1%d8%a9-%d9%84%d9%8a%d8%b3%d8%aa-bmw-%d9%84%d8%ba%d8%b1%d8%b6-%d8%a7%d9%84%d8%a7%d8%ae%d8%aa%d8%a8%d8%a7%d8%b1/" "Mozilla/5.0 (Linux; Android 10; K) AppleWebKit/537.36 (KHTML, like Gecko) Chrome/150.0.0.0 Mobile Safari/537.36"
2001:16a2:c270:c6e7:fc56:4d70:9572:7e75 - - [28/Jul/2026:12:24:49 +0000] "GET /wp-content/plugins/elementor-pro/assets/css/widget-woocommerce-product-images-rtl.min.css?ver=3.33.1 HTTP/1.1" 200 242 "https://outlet.autozone.com.sa/product/%d8%a7%d9%84%d8%b3%d9%8a%d8%a7%d8%b1%d8%a9-%d9%84%d9%8a%d8%b3%d8%aa-bmw-%d9%84%d8%ba%d8%b1%d8%b6-%d8%a7%d9%84%d8%a7%d8%ae%d8%aa%d8%a8%d8%a7%d8%b1/" "Mozilla/5.0 (Linux; Android 10; K) AppleWebKit/537.36 (KHTML, like Gecko) Chrome/150.0.0.0 Mobile Safari/537.36"
2001:16a2:c270:c6e7:fc56:4d70:9572:7e75 - - [28/Jul/2026:12:24:49 +0000] "GET /wp-content/uploads/elementor/css/post-850.css?ver=1785176013 HTTP/1.1" 200 5851 "https://outlet.autozone.com.sa/product/%d8%a7%d9%84%d8%b3%d9%8a%d8%a7%d8%b1%d8%a9-%d9%84%d9%8a%d8%b3%d8%aa-bmw-%d9%84%d8%ba%d8%b1%d8%b6-%d8%a7%d9%84%d8%a7%d8%ae%d8%aa%d8%a8%d8%a7%d8%b1/" "Mozilla/5.0 (Linux; Android 10; K) AppleWebKit/537.36 (KHTML, like Gecko) Chrome/150.0.0.0 Mobile Safari/537.36"
2001:16a2:c270:c6e7:fc56:4d70:9572:7e75 - - [28/Jul/2026:12:24:49 +0000] "GET /wp-content/uploads/elementor/css/post-957.css?ver=1785176014 HTTP/1.1" 200 975 "https://outlet.autozone.com.sa/product/%d8%a7%d9%84%d8%b3%d9%8a%d8%a7%d8%b1%d8%a9-%d9%84%d9%8a%d8%b3%d8%aa-bmw-%d9%84%d8%ba%d8%b1%d8%b6-%d8%a7%d9%84%d8%a7%d8%ae%d8%aa%d8%a8%d8%a7%d8%b1/" "Mozilla/5.0 (Linux; Android 10; K) AppleWebKit/537.36 (KHTML, like Gecko) Chrome/150.0.0.0 Mobile Safari/537.36"
2001:16a2:c270:c6e7:fc56:4d70:9572:7e75 - - [28/Jul/2026:12:24:50 +0000] "GET /wp-includes/css/dist/block-library/common-rtl.min.css?ver=7.0.2 HTTP/1.1" 200 1117 "https://outlet.autozone.com.sa/product/%d8%a7%d9%84%d8%b3%d9%8a%d8%a7%d8%b1%d8%a9-%d9%84%d9%8a%d8%b3%d8%aa-bmw-%d9%84%d8%ba%d8%b1%d8%b6-%d8%a7%d9%84%d8%a7%d8%ae%d8%aa%d8%a8%d8%a7%d8%b1/" "Mozilla/5.0 (Linux; Android 10; K) AppleWebKit/537.36 (KHTML, like Gecko) Chrome/150.0.0.0 Mobile Safari/537.36"
2001:16a2:c270:c6e7:fc56:4d70:9572:7e75 - - [28/Jul/2026:12:24:50 +0000] "GET /wp-content/uploads/2024/12/7pro_exterior-1720x600-1.webp HTTP/1.1" 200 101449 "https://outlet.autozone.com.sa/wp-content/uploads/elementor/css/post-850.css?ver=1785176013" "Mozilla/5.0 (Linux; Android 10; K) AppleWebKit/537.36 (KHTML, like Gecko) Chrome/150.0.0.0 Mobile Safari/537.36"
2001:16a2:c270:c6e7:fc56:4d70:9572:7e75 - - [28/Jul/2026:12:24:51 +0000] "GET /wp-content/plugins/woocommerce/assets/js/photoswipe/photoswipe.min.js?ver=4.1.1-wc.10.3.7 HTTP/1.1" 200 12042 "https://outlet.autozone.com.sa/product/%d8%a7%d9%84%d8%b3%d9%8a%d8%a7%d8%b1%d8%a9-%d9%84%d9%8a%d8%b3%d8%aa-bmw-%d9%84%d8%ba%d8%b1%d8%b6-%d8%a7%d9%84%d8%a7%d8%ae%d8%aa%d8%a8%d8%a7%d8%b1/" "Mozilla/5.0 (Linux; Android 10; K) AppleWebKit/537.36 (KHTML, like Gecko) Chrome/150.0.0.0 Mobile Safari/537.36"
2001:16a2:c270:c6e7:fc56:4d70:9572:7e75 - - [28/Jul/2026:12:24:51 +0000] "GET /wp-content/plugins/woocommerce/assets/js/frontend/single-product.min.js?ver=10.3.7 HTTP/1.1" 200 2917 "https://outlet.autozone.com.sa/product/%d8%a7%d9%84%d8%b3%d9%8a%d8%a7%d8%b1%d8%a9-%d9%84%d9%8a%d8%b3%d8%aa-bmw-%d9%84%d8%ba%d8%b1%d8%b6-%d8%a7%d9%84%d8%a7%d8%ae%d8%aa%d8%a8%d8%a7%d8%b1/" "Mozilla/5.0 (Linux; Android 10; K) AppleWebKit/537.36 (KHTML, like Gecko) Chrome/150.0.0.0 Mobile Safari/537.36"
2001:16a2:c270:c6e7:fc56:4d70:9572:7e75 - - [28/Jul/2026:12:24:51 +0000] "GET /wp-content/plugins/woocommerce/assets/js/photoswipe/photoswipe-ui-default.min.js?ver=4.1.1-wc.10.3.7 HTTP/1.1" 200 3674 "https://outlet.autozone.com.sa/product/%d8%a7%d9%84%d8%b3%d9%8a%d8%a7%d8%b1%d8%a9-%d9%84%d9%8a%d8%b3%d8%aa-bmw-%d9%84%d8%ba%d8%b1%d8%b6-%d8%a7%d9%84%d8%a7%d8%ae%d8%aa%d8%a8%d8%a7%d8%b1/" "Mozilla/5.0 (Linux; Android 10; K) AppleWebKit/537.36 (KHTML, like Gecko) Chrome/150.0.0.0 Mobile Safari/537.36"
2001:16a2:c270:c6e7:fc56:4d70:9572:7e75 - - [28/Jul/2026:12:24:51 +0000] "GET /wp-content/plugins/woocommerce/assets/js/zoom/jquery.zoom.min.js?ver=1.7.21-wc.10.3.7 HTTP/1.1" 200 1192 "https://outlet.autozone.com.sa/product/%d8%a7%d9%84%d8%b3%d9%8a%d8%a7%d8%b1%d8%a9-%d9%84%d9%8a%d8%b3%d8%aa-bmw-%d9%84%d8%ba%d8%b1%d8%b6-%d8%a7%d9%84%d8%a7%d8%ae%d8%aa%d8%a8%d8%a7%d8%b1/" "Mozilla/5.0 (Linux; Android 10; K) AppleWebKit/537.36 (KHTML, like Gecko) Chrome/150.0.0.0 Mobile Safari/537.36"
2001:16a2:c270:c6e7:fc56:4d70:9572:7e75 - - [28/Jul/2026:12:24:51 +0000] "GET /wp-content/plugins/woocommerce/assets/js/flexslider/jquery.flexslider.min.js?ver=2.7.2-wc.10.3.7 HTTP/1.1" 200 6204 "https://outlet.autozone.com.sa/product/%d8%a7%d9%84%d8%b3%d9%8a%d8%a7%d8%b1%d8%a9-%d9%84%d9%8a%d8%b3%d8%aa-bmw-%d9%84%d8%ba%d8%b1%d8%b6-%d8%a7%d9%84%d8%a7%d8%ae%d8%aa%d8%a8%d8%a7%d8%b1/" "Mozilla/5.0 (Linux; Android 10; K) AppleWebKit/537.36 (KHTML, like Gecko) Chrome/150.0.0.0 Mobile Safari/537.36"
2001:16a2:c270:c6e7:fc56:4d70:9572:7e75 - - [28/Jul/2026:12:24:52 +0000] "POST /?wc-ajax=get_default_gallery HTTP/1.1" 200 431 "https://outlet.autozone.com.sa/product/%d8%a7%d9%84%d8%b3%d9%8a%d8%a7%d8%b1%d8%a9-%d9%84%d9%8a%d8%b3%d8%aa-bmw-%d9%84%d8%ba%d8%b1%d8%b6-%d8%a7%d9%84%d8%a7%d8%ae%d8%aa%d8%a8%d8%a7%d8%b1/" "Mozilla/5.0 (Linux; Android 10; K) AppleWebKit/537.36 (KHTML, like Gecko) Chrome/150.0.0.0 Mobile Safari/537.36"
2001:16a2:c37d:2e49:847b:e73a:6ca8:eec7 - - [28/Jul/2026:12:24:53 +0000] "GET /wp-content/uploads/2024/12/webstdy_1675071526%D8%B4%D8%B1%D9%83%D8%A9%D8%AA%D8%A3%D8%AC%D9%8A%D8%B1.webp HTTP/1.1" 200 8599 "https://outlet.autozone.com.sa/" "Mozilla/5.0 (iPhone; CPU iPhone OS 26_4_0 like Mac OS X) AppleWebKit/605.1.15 (KHTML, like Gecko) CriOS/149.0.7827.45 Mobile/15E148 Safari/604.1"
2001:16a2:c270:c6e7:fc56:4d70:9572:7e75 - - [28/Jul/2026:12:24:53 +0000] "POST /?wc-ajax=get_refreshed_fragments HTTP/1.1" 200 1006 "https://outlet.autozone.com.sa/product/%d8%a7%d9%84%d8%b3%d9%8a%d8%a7%d8%b1%d8%a9-%d9%84%d9%8a%d8%b3%d8%aa-bmw-%d9%84%d8%ba%d8%b1%d8%b6-%d8%a7%d9%84%d8%a7%d8%ae%d8%aa%d8%a8%d8%a7%d8%b1/" "Mozilla/5.0 (Linux; Android 10; K) AppleWebKit/537.36 (KHTML, like Gecko) Chrome/150.0.0.0 Mobile Safari/537.36"
2001:16a2:c270:c6e7:fc56:4d70:9572:7e75 - - [28/Jul/2026:12:24:53 +0000] "POST /?wc-ajax=get_variation_gallery HTTP/1.1" 200 641 "https://outlet.autozone.com.sa/product/%d8%a7%d9%84%d8%b3%d9%8a%d8%a7%d8%b1%d8%a9-%d9%84%d9%8a%d8%b3%d8%aa-bmw-%d9%84%d8%ba%d8%b1%d8%b6-%d8%a7%d9%84%d8%a7%d8%ae%d8%aa%d8%a8%d8%a7%d8%b1/" "Mozilla/5.0 (Linux; Android 10; K) AppleWebKit/537.36 (KHTML, like Gecko) Chrome/150.0.0.0 Mobile Safari/537.36"
2001:16a2:311f:e00:8d03:cc4c:42cb:dd5e - - [28/Jul/2026:12:24:53 +0000] "POST /wp-admin/admin-ajax.php HTTP/1.1" 200 454 "https://outlet.autozone.com.sa/" "Mozilla/5.0 (iPhone; CPU iPhone OS 16_7_16 like Mac OS X) AppleWebKit/605.1.15 (KHTML, like Gecko) Version/16.6.2 Mobile/15E148 Safari/604.1"
2001:16a2:c37d:2e49:847b:e73a:6ca8:eec7 - - [28/Jul/2026:12:24:54 +0000] "GET /wp-content/uploads/2024/12/webstdy_1675070697%D8%A8%D9%86%D9%83%D8%A7%D9%84%D8%A8%D9%84%D8%A7%D8%AF.webp HTTP/1.1" 200 16333 "https://outlet.autozone.com.sa/" "Mozilla/5.0 (iPhone; CPU iPhone OS 26_4_0 like Mac OS X) AppleWebKit/605.1.15 (KHTML, like Gecko) CriOS/149.0.7827.45 Mobile/15E148 Safari/604.1"
2001:16a2:c37d:2e49:847b:e73a:6ca8:eec7 - - [28/Jul/2026:12:24:55 +0000] "GET /wp-content/uploads/2024/12/webstdy_1675070763%D8%A8%D9%86%D9%83%D8%A7%D9%84%D8%A7%D9%85%D8%A7%D8%B1%D8%A7%D8%AA.webp HTTP/1.1" 200 9303 "https://outlet.autozone.com.sa/" "Mozilla/5.0 (iPhone; CPU iPhone OS 26_4_0 like Mac OS X) AppleWebKit/605.1.15 (KHTML, like Gecko) CriOS/149.0.7827.45 Mobile/15E148 Safari/604.1"
2001:16a2:c37d:2e49:847b:e73a:6ca8:eec7 - - [28/Jul/2026:12:24:55 +0000] "GET /wp-content/uploads/2024/12/webstdy_1675071343%D8%B9%D8%A8%D8%AF%D8%A7%D9%84%D9%84%D8%B7%D9%8A%D9%81%D8%AC%D9%85%D9%8A%D9%84.webp HTTP/1.1" 200 11078 "https://outlet.autozone.com.sa/" "Mozilla/5.0 (iPhone; CPU iPhone OS 26_4_0 like Mac OS X) AppleWebKit/605.1.15 (KHTML, like Gecko) CriOS/149.0.7827.45 Mobile/15E148 Safari/604.1"
2001:16a2:311f:e00:8d03:cc4c:42cb:dd5e - - [28/Jul/2026:12:24:54 +0000] "POST //shop HTTP/1.1" 200 31103 "https://outlet.autozone.com.sa/" "Mozilla/5.0 (iPhone; CPU iPhone OS 16_7_16 like Mac OS X) AppleWebKit/605.1.15 (KHTML, like Gecko) Version/16.6.2 Mobile/15E148 Safari/604.1"
2001:16a2:c37d:2e49:847b:e73a:6ca8:eec7 - - [28/Jul/2026:12:24:55 +0000] "GET /wp-content/uploads/2024/12/webstdy_1675070438%D8%A7%D9%84%D8%A8%D9%86%D9%83%D8%A7%D9%84%D8%A7%D9%87%D9%84%D9%8A%D8%A7%D9%84%D8%B3%D8%B9%D9%88%D8%AF%D9%8A.webp HTTP/1.1" 200 12292 "https://outlet.autozone.com.sa/" "Mozilla/5.0 (iPhone; CPU iPhone OS 26_4_0 like Mac OS X) AppleWebKit/605.1.15 (KHTML, like Gecko) CriOS/149.0.7827.45 Mobile/15E148 Safari/604.1"
2001:16a2:c37d:2e49:847b:e73a:6ca8:eec7 - - [28/Jul/2026:12:24:56 +0000] "GET /wp-content/uploads/2024/12/webstdy_1675071243%D8%B1%D8%A7%D9%8A%D8%A9%D9%84%D9%84%D8%AA%D9%85%D9%88%D9%8A%D9%84.webp HTTP/1.1" 200 17267 "https://outlet.autozone.com.sa/" "Mozilla/5.0 (iPhone; CPU iPhone OS 26_4_0 like Mac OS X) AppleWebKit/605.1.15 (KHTML, like Gecko) CriOS/149.0.7827.45 Mobile/15E148 Safari/604.1"
2001:16a2:c37d:2e49:847b:e73a:6ca8:eec7 - - [28/Jul/2026:12:24:56 +0000] "GET /wp-content/uploads/2024/12/webstdy_1675070516%D8%A8%D9%86%D9%83%D8%A7%D9%84%D8%B1%D9%8A%D8%A7%D8%B6.webp HTTP/1.1" 200 10879 "https://outlet.autozone.com.sa/" "Mozilla/5.0 (iPhone; CPU iPhone OS 26_4_0 like Mac OS X) AppleWebKit/605.1.15 (KHTML, like Gecko) CriOS/149.0.7827.45 Mobile/15E148 Safari/604.1"
2001:16a2:311f:e00:8d03:cc4c:42cb:dd5e - - [28/Jul/2026:12:24:56 +0000] "POST /?wc-ajax=get_refreshed_fragments HTTP/1.1" 200 1006 "https://outlet.autozone.com.sa//shop" "Mozilla/5.0 (iPhone; CPU iPhone OS 16_7_16 like Mac OS X) AppleWebKit/605.1.15 (KHTML, like Gecko) Version/16.6.2 Mobile/15E148 Safari/604.1"
2001:16a2:c270:c6e7:fc56:4d70:9572:7e75 - - [28/Jul/2026:12:24:59 +0000] "POST /?wc-ajax=get_refreshed_fragments HTTP/1.1" 200 1006 "https://outlet.autozone.com.sa/shop/" "Mozilla/5.0 (Linux; Android 10; K) AppleWebKit/537.36 (KHTML, like Gecko) Chrome/150.0.0.0 Mobile Safari/537.36"
2001:16a2:c270:c6e7:fc56:4d70:9572:7e75 - - [28/Jul/2026:12:25:00 +0000] "POST /?wc-ajax=get_refreshed_fragments HTTP/1.1" 200 1006 "https://outlet.autozone.com.sa/" "Mozilla/5.0 (Linux; Android 10; K) AppleWebKit/537.36 (KHTML, like Gecko) Chrome/150.0.0.0 Mobile Safari/537.36"
172.105.42.26 - - [28/Jul/2026:12:25:03 +0000] "POST /wp-cron.php?doing_wp_cron=1785241503.4672720432281494140625 HTTP/1.1" 200 20 "-" "WordPress/7.0.2; https://outlet.autozone.com.sa"
2001:16a2:c37d:2e49:847b:e73a:6ca8:eec7 - - [28/Jul/2026:12:25:02 +0000] "GET /our-offers/ HTTP/1.1" 200 22316 "https://outlet.autozone.com.sa/" "Mozilla/5.0 (iPhone; CPU iPhone OS 26_4_0 like Mac OS X) AppleWebKit/605.1.15 (KHTML, like Gecko) CriOS/149.0.7827.45 Mobile/15E148 Safari/604.1"
2001:16a2:c37d:2e49:847b:e73a:6ca8:eec7 - - [28/Jul/2026:12:25:04 +0000] "GET /wp-content/uploads/elementor/css/post-787.css?ver=1785168052 HTTP/1.1" 200 1161 "https://outlet.autozone.com.sa/our-offers/" "Mozilla/5.0 (iPhone; CPU iPhone OS 26_4_0 like Mac OS X) AppleWebKit/605.1.15 (KHTML, like Gecko) CriOS/149.0.7827.45 Mobile/15E148 Safari/604.1"
2001:16a2:c37d:2e49:847b:e73a:6ca8:eec7 - - [28/Jul/2026:12:25:05 +0000] "POST /?wc-ajax=get_refreshed_fragments HTTP/1.1" 200 1006 "https://outlet.autozone.com.sa/our-offers/" "Mozilla/5.0 (iPhone; CPU iPhone OS 26_4_0 like Mac OS X) AppleWebKit/605.1.15 (KHTML, like Gecko) CriOS/149.0.7827.45 Mobile/15E148 Safari/604.1"
2001:16a2:c270:c6e7:fc56:4d70:9572:7e75 - - [28/Jul/2026:12:25:07 +0000] "GET /showroom/ HTTP/1.1" 200 20202 "https://outlet.autozone.com.sa/" "Mozilla/5.0 (Linux; Android 10; K) AppleWebKit/537.36 (KHTML, like Gecko) Chrome/150.0.0.0 Mobile Safari/537.36"
2001:16a2:c270:c6e7:fc56:4d70:9572:7e75 - - [28/Jul/2026:12:25:09 +0000] "GET /wp-content/uploads/elementor/css/post-665.css?ver=1785168053 HTTP/1.1" 200 745 "https://outlet.autozone.com.sa/showroom/" "Mozilla/5.0 (Linux; Android 10; K) AppleWebKit/537.36 (KHTML, like Gecko) Chrome/150.0.0.0 Mobile Safari/537.36"
2001:16a2:c270:c6e7:fc56:4d70:9572:7e75 - - [28/Jul/2026:12:25:12 +0000] "POST /?wc-ajax=get_refreshed_fragments HTTP/1.1" 200 1006 "https://outlet.autozone.com.sa/showroom/" "Mozilla/5.0 (Linux; Android 10; K) AppleWebKit/537.36 (KHTML, like Gecko) Chrome/150.0.0.0 Mobile Safari/537.36"
2001:16a2:c37d:2e49:847b:e73a:6ca8:eec7 - - [28/Jul/2026:12:25:14 +0000] "GET /shop/ HTTP/1.1" 200 31159 "https://outlet.autozone.com.sa/our-offers/" "Mozilla/5.0 (iPhone; CPU iPhone OS 26_4_0 like Mac OS X) AppleWebKit/605.1.15 (KHTML, like Gecko) CriOS/149.0.7827.45 Mobile/15E148 Safari/604.1"
2001:16a2:c37d:2e49:847b:e73a:6ca8:eec7 - - [28/Jul/2026:12:25:17 +0000] "POST /?wc-ajax=get_refreshed_fragments HTTP/1.1" 200 1006 "https://outlet.autozone.com.sa/shop/" "Mozilla/5.0 (iPhone; CPU iPhone OS 26_4_0 like Mac OS X) AppleWebKit/605.1.15 (KHTML, like Gecko) CriOS/149.0.7827.45 Mobile/15E148 Safari/604.1"
2001:16a2:c270:c6e7:fc56:4d70:9572:7e75 - - [28/Jul/2026:12:25:20 +0000] "GET /our-offers/ HTTP/1.1" 200 22315 "https://outlet.autozone.com.sa/showroom/" "Mozilla/5.0 (Linux; Android 10; K) AppleWebKit/537.36 (KHTML, like Gecko) Chrome/150.0.0.0 Mobile Safari/537.36"
2001:16a2:c270:c6e7:fc56:4d70:9572:7e75 - - [28/Jul/2026:12:25:24 +0000] "POST /?wc-ajax=get_refreshed_fragments HTTP/1.1" 200 1006 "https://outlet.autozone.com.sa/our-offers/" "Mozilla/5.0 (Linux; Android 10; K) AppleWebKit/537.36 (KHTML, like Gecko) Chrome/150.0.0.0 Mobile Safari/537.36"
2001:16a2:c270:c6e7:fc56:4d70:9572:7e75 - - [28/Jul/2026:12:25:25 +0000] "POST /?wc-ajax=get_refreshed_fragments HTTP/1.1" 200 1006 "https://outlet.autozone.com.sa/showroom/" "Mozilla/5.0 (Linux; Android 10; K) AppleWebKit/537.36 (KHTML, like Gecko) Chrome/150.0.0.0 Mobile Safari/537.36"
2001:16a2:c270:c6e7:fc56:4d70:9572:7e75 - - [28/Jul/2026:12:25:26 +0000] "POST /?wc-ajax=get_refreshed_fragments HTTP/1.1" 200 1006 "https://outlet.autozone.com.sa/" "Mozilla/5.0 (Linux; Android 10; K) AppleWebKit/537.36 (KHTML, like Gecko) Chrome/150.0.0.0 Mobile Safari/537.36"
2001:16a2:c37d:2e49:847b:e73a:6ca8:eec7 - - [28/Jul/2026:12:25:41 +0000] "POST /wp-admin/admin-ajax.php HTTP/1.1" 200 754 "https://outlet.autozone.com.sa/shop/" "Mozilla/5.0 (iPhone; CPU iPhone OS 26_4_0 like Mac OS X) AppleWebKit/605.1.15 (KHTML, like Gecko) CriOS/149.0.7827.45 Mobile/15E148 Safari/604.1"
2001:16a2:c37d:2e49:847b:e73a:6ca8:eec7 - - [28/Jul/2026:12:25:45 +0000] "GET /product/%d8%a7%d9%84%d8%b3%d9%8a%d8%a7%d8%b1%d8%a9-%d9%84%d9%8a%d8%b3%d8%aa-bmw-%d9%84%d8%ba%d8%b1%d8%b6-%d8%a7%d9%84%d8%a7%d8%ae%d8%aa%d8%a8%d8%a7%d8%b1/ HTTP/1.1" 200 34063 "https://outlet.autozone.com.sa/shop/" "Mozilla/5.0 (iPhone; CPU iPhone OS 26_4_0 like Mac OS X) AppleWebKit/605.1.15 (KHTML, like Gecko) CriOS/149.0.7827.45 Mobile/15E148 Safari/604.1"
2001:16a2:c37d:2e49:847b:e73a:6ca8:eec7 - - [28/Jul/2026:12:25:48 +0000] "POST /?wc-ajax=get_default_gallery HTTP/1.1" 200 431 "https://outlet.autozone.com.sa/product/%d8%a7%d9%84%d8%b3%d9%8a%d8%a7%d8%b1%d8%a9-%d9%84%d9%8a%d8%b3%d8%aa-bmw-%d9%84%d8%ba%d8%b1%d8%b6-%d8%a7%d9%84%d8%a7%d8%ae%d8%aa%d8%a8%d8%a7%d8%b1/" "Mozilla/5.0 (iPhone; CPU iPhone OS 26_4_0 like Mac OS X) AppleWebKit/605.1.15 (KHTML, like Gecko) CriOS/149.0.7827.45 Mobile/15E148 Safari/604.1"
2001:16a2:c37d:2e49:847b:e73a:6ca8:eec7 - - [28/Jul/2026:12:25:48 +0000] "POST /?wc-ajax=get_refreshed_fragments HTTP/1.1" 200 1006 "https://outlet.autozone.com.sa/product/%d8%a7%d9%84%d8%b3%d9%8a%d8%a7%d8%b1%d8%a9-%d9%84%d9%8a%d8%b3%d8%aa-bmw-%d9%84%d8%ba%d8%b1%d8%b6-%d8%a7%d9%84%d8%a7%d8%ae%d8%aa%d8%a8%d8%a7%d8%b1/" "Mozilla/5.0 (iPhone; CPU iPhone OS 26_4_0 like Mac OS X) AppleWebKit/605.1.15 (KHTML, like Gecko) CriOS/149.0.7827.45 Mobile/15E148 Safari/604.1"
2001:16a2:c37d:2e49:847b:e73a:6ca8:eec7 - - [28/Jul/2026:12:25:48 +0000] "POST /?wc-ajax=get_variation_gallery HTTP/1.1" 200 641 "https://outlet.autozone.com.sa/product/%d8%a7%d9%84%d8%b3%d9%8a%d8%a7%d8%b1%d8%a9-%d9%84%d9%8a%d8%b3%d8%aa-bmw-%d9%84%d8%ba%d8%b1%d8%b6-%d8%a7%d9%84%d8%a7%d8%ae%d8%aa%d8%a8%d8%a7%d8%b1/" "Mozilla/5.0 (iPhone; CPU iPhone OS 26_4_0 like Mac OS X) AppleWebKit/605.1.15 (KHTML, like Gecko) CriOS/149.0.7827.45 Mobile/15E148 Safari/604.1"
2001:16a2:c37d:2e49:847b:e73a:6ca8:eec7 - - [28/Jul/2026:12:26:00 +0000] "POST /?wc-ajax=get_refreshed_fragments HTTP/1.1" 200 1006 "https://outlet.autozone.com.sa/shop/" "Mozilla/5.0 (iPhone; CPU iPhone OS 26_4_0 like Mac OS X) AppleWebKit/605.1.15 (KHTML, like Gecko) CriOS/149.0.7827.45 Mobile/15E148 Safari/604.1"
2001:16a2:c37d:2e49:847b:e73a:6ca8:eec7 - - [28/Jul/2026:12:26:01 +0000] "POST /?wc-ajax=get_refreshed_fragments HTTP/1.1" 200 1006 "https://outlet.autozone.com.sa/our-offers/" "Mozilla/5.0 (iPhone; CPU iPhone OS 26_4_0 like Mac OS X) AppleWebKit/605.1.15 (KHTML, like Gecko) CriOS/149.0.7827.45 Mobile/15E148 Safari/604.1"
2001:16a2:c37d:2e49:847b:e73a:6ca8:eec7 - - [28/Jul/2026:12:26:01 +0000] "POST /?wc-ajax=get_refreshed_fragments HTTP/1.1" 200 1006 "https://outlet.autozone.com.sa/" "Mozilla/5.0 (iPhone; CPU iPhone OS 26_4_0 like Mac OS X) AppleWebKit/605.1.15 (KHTML, like Gecko) CriOS/149.0.7827.45 Mobile/15E148 Safari/604.1"
172.105.42.26 - - [28/Jul/2026:12:33:18 +0000] "POST /wp-cron.php?doing_wp_cron=1785241997.9908349514007568359375 HTTP/1.1" 200 20 "-" "WordPress/7.0.2; https://outlet.autozone.com.sa"
31.166.5.11 - - [28/Jul/2026:12:33:13 +0000] "GET / HTTP/1.1" 200 36001 "https://autozone.com.sa/" "Mozilla/5.0 (iPhone; CPU iPhone OS 18_7 like Mac OS X) AppleWebKit/605.1.15 (KHTML, like Gecko) Version/26.5 Mobile/15E148 Safari/604.1"
172.105.42.26 - - [28/Jul/2026:12:38:53 +0000] "POST /wp-cron.php?doing_wp_cron=1785242333.7237579822540283203125 HTTP/1.1" 200 20 "-" "WordPress/7.0.2; https://outlet.autozone.com.sa"
148.113.130.190 - - [28/Jul/2026:12:38:50 +0000] "GET /wp-sitemap.xml HTTP/1.1" 200 283 "-" "Mozilla/5.0 (compatible; AhrefsBot/7.0; +http://ahrefs.com/robot/)"
167.114.139.11 - - [28/Jul/2026:12:38:55 +0000] "GET /wp-sitemap-posts-page-1.xml HTTP/1.1" 200 317 "-" "Mozilla/5.0 (compatible; AhrefsBot/7.0; +http://ahrefs.com/robot/)"
54.39.203.106 - - [28/Jul/2026:12:38:58 +0000] "GET /wp-sitemap-posts-jet-popup-1.xml HTTP/1.1" 200 247 "-" "Mozilla/5.0 (compatible; AhrefsBot/7.0; +http://ahrefs.com/robot/)"
142.44.233.65 - - [28/Jul/2026:12:39:00 +0000] "GET /wp-sitemap-posts-product-1.xml HTTP/1.1" 200 280 "-" "Mozilla/5.0 (compatible; AhrefsBot/7.0; +http://ahrefs.com/robot/)"
172.105.42.26 - - [28/Jul/2026:12:39:02 +0000] "POST /wp-cron.php?doing_wp_cron=1785242342.9343080520629882812500 HTTP/1.1" 200 20 "-" "WordPress/7.0.2; https://outlet.autozone.com.sa"
54.39.0.85 - - [28/Jul/2026:12:39:02 +0000] "GET /wp-sitemap-posts-offers-1.xml HTTP/1.1" 200 282 "-" "Mozilla/5.0 (compatible; AhrefsBot/7.0; +http://ahrefs.com/robot/)"
51.161.37.121 - - [28/Jul/2026:12:39:04 +0000] "GET /wp-sitemap-taxonomies-product_cat-1.xml HTTP/1.1" 200 205 "-" "Mozilla/5.0 (compatible; AhrefsBot/7.0; +http://ahrefs.com/robot/)"
142.44.228.21 - - [28/Jul/2026:12:39:07 +0000] "GET /wp-sitemap-taxonomies-engine-capacity-1.xml HTTP/1.1" 200 200 "-" "Mozilla/5.0 (compatible; AhrefsBot/7.0; +http://ahrefs.com/robot/)"
54.39.0.121 - - [28/Jul/2026:12:39:09 +0000] "GET /wp-sitemap-taxonomies-condition-1.xml HTTP/1.1" 200 195 "-" "Mozilla/5.0 (compatible; AhrefsBot/7.0; +http://ahrefs.com/robot/)"
142.44.233.59 - - [28/Jul/2026:12:39:11 +0000] "GET /wp-sitemap-taxonomies-car-type-1.xml HTTP/1.1" 200 193 "-" "Mozilla/5.0 (compatible; AhrefsBot/7.0; +http://ahrefs.com/robot/)"
51.161.37.133 - - [28/Jul/2026:12:39:14 +0000] "GET /wp-sitemap-taxonomies-model-1.xml HTTP/1.1" 200 190 "-" "Mozilla/5.0 (compatible; AhrefsBot/7.0; +http://ahrefs.com/robot/)"
142.44.220.120 - - [28/Jul/2026:12:39:16 +0000] "GET /wp-sitemap-taxonomies-make-1.xml HTTP/1.1" 200 213 "-" "Mozilla/5.0 (compatible; AhrefsBot/7.0; +http://ahrefs.com/robot/)"
172.105.42.26 - - [28/Jul/2026:12:41:30 +0000] "POST /wp-cron.php?doing_wp_cron=1785242490.0570418834686279296875 HTTP/1.1" 200 20 "-" "WordPress/7.0.2; https://outlet.autozone.com.sa"
52.167.144.141 - - [28/Jul/2026:12:41:26 +0000] "GET /wp-sitemap-taxonomies-make-1.xml HTTP/1.1" 200 213 "-" "Mozilla/5.0 AppleWebKit/537.36 (KHTML, like Gecko; compatible; bingbot/2.0; +http://www.bing.com/bingbot.htm) Chrome/116.0.1938.76 Safari/537.36"
172.105.42.26 - - [28/Jul/2026:12:47:22 +0000] "POST /wp-cron.php?doing_wp_cron=1785242841.7705969810485839843750 HTTP/1.1" 200 20 "-" "WordPress/7.0.2; https://outlet.autozone.com.sa"
5.163.40.168 - - [28/Jul/2026:12:47:17 +0000] "GET / HTTP/1.1" 200 36001 "https://www.google.com/" "Mozilla/5.0 (iPhone; CPU iPhone OS 18_7 like Mac OS X) AppleWebKit/605.1.15 (KHTML, like Gecko) Version/26.5.2 Mobile/15E148 Safari/604.1"
5.163.40.168 - - [28/Jul/2026:12:47:22 +0000] "GET /wp-content/plugins/jet-blog/assets/js/jet-blog.min.js?ver=2.4.5.1 HTTP/1.1" 200 3578 "https://outlet.autozone.com.sa/" "Mozilla/5.0 (iPhone; CPU iPhone OS 18_7 like Mac OS X) AppleWebKit/605.1.15 (KHTML, like Gecko) Version/26.5.2 Mobile/15E148 Safari/604.1"
5.163.40.168 - - [28/Jul/2026:12:47:24 +0000] "GET /wp-content/plugins/elementor-pro/assets/js/nav-menu.8521a0597c50611efdc6.bundle.min.js HTTP/1.1" 200 1870 "https://outlet.autozone.com.sa/" "Mozilla/5.0 (iPhone; CPU iPhone OS 18_7 like Mac OS X) AppleWebKit/605.1.15 (KHTML, like Gecko) Version/26.5.2 Mobile/15E148 Safari/604.1"
5.163.40.168 - - [28/Jul/2026:12:47:24 +0000] "GET /wp-content/plugins/elementor/assets/js/text-editor.45609661e409413f1cef.bundle.min.js HTTP/1.1" 200 648 "https://outlet.autozone.com.sa/" "Mozilla/5.0 (iPhone; CPU iPhone OS 18_7 like Mac OS X) AppleWebKit/605.1.15 (KHTML, like Gecko) Version/26.5.2 Mobile/15E148 Safari/604.1"
5.163.40.168 - - [28/Jul/2026:12:47:24 +0000] "GET /wp-content/plugins/woo-variation-gallery/images/slick/ajax-loader.gif HTTP/1.1" 304 - "https://outlet.autozone.com.sa/" "Mozilla/5.0 (iPhone; CPU iPhone OS 18_7 like Mac OS X) AppleWebKit/605.1.15 (KHTML, like Gecko) Version/26.5.2 Mobile/15E148 Safari/604.1"
5.163.40.168 - - [28/Jul/2026:12:47:24 +0000] "GET /wp-content/plugins/elementor/assets/js/shared-frontend-handlers.03caa53373b56d3bab67.bundle.min.js HTTP/1.1" 200 2644 "https://outlet.autozone.com.sa/" "Mozilla/5.0 (iPhone; CPU iPhone OS 18_7 like Mac OS X) AppleWebKit/605.1.15 (KHTML, like Gecko) Version/26.5.2 Mobile/15E148 Safari/604.1"
5.163.40.168 - - [28/Jul/2026:12:47:24 +0000] "GET /wp-content/plugins/elementor/assets/js/nested-tabs.e9769387c6e374e093ed.bundle.min.js HTTP/1.1" 200 3280 "https://outlet.autozone.com.sa/" "Mozilla/5.0 (iPhone; CPU iPhone OS 18_7 like Mac OS X) AppleWebKit/605.1.15 (KHTML, like Gecko) Version/26.5.2 Mobile/15E148 Safari/604.1"
5.163.40.168 - - [28/Jul/2026:12:47:24 +0000] "GET /wp-includes/js/wp-emoji-release.min.js?ver=7.0.2 HTTP/1.1" 200 5386 "https://outlet.autozone.com.sa/" "Mozilla/5.0 (iPhone; CPU iPhone OS 18_7 like Mac OS X) AppleWebKit/605.1.15 (KHTML, like Gecko) Version/26.5.2 Mobile/15E148 Safari/604.1"
5.163.40.168 - - [28/Jul/2026:12:47:24 +0000] "GET /wp-content/plugins/elementor/assets/js/nested-title-keyboard-handler.a7c48b2e79bf0ef22bb3.bundle.min.js HTTP/1.1" 200 1500 "https://outlet.autozone.com.sa/" "Mozilla/5.0 (iPhone; CPU iPhone OS 18_7 like Mac OS X) AppleWebKit/605.1.15 (KHTML, like Gecko) Version/26.5.2 Mobile/15E148 Safari/604.1"
5.163.40.168 - - [28/Jul/2026:12:47:24 +0000] "POST /?wc-ajax=get_refreshed_fragments HTTP/1.1" 200 1006 "https://outlet.autozone.com.sa/" "Mozilla/5.0 (iPhone; CPU iPhone OS 18_7 like Mac OS X) AppleWebKit/605.1.15 (KHTML, like Gecko) Version/26.5.2 Mobile/15E148 Safari/604.1"
