141.179.33.226 - - [28/Jul/2026:16:42:36 +0000] "GET /wp-content/plugins/jetformbuilder/assets/build/frontend/main.css?ver=3.4.5 HTTP/1.1" 200 2185 "https://outlet.autozone.com.sa/en/offers/sporty-performance-with-an-incredible-installment-plan/" "Mozilla/5.0 (Linux; Android 10; K) AppleWebKit/537.36 (KHTML, like Gecko) Chrome/150.0.0.0 Mobile Safari/537.36"
141.179.33.226 - - [28/Jul/2026:16:42:36 +0000] "GET /wp-content/plugins/jetformbuilder/modules/blocks-v2/text-field/assets/build/frontend/field.css?ver=16395ed38b7c1e8808d6 HTTP/1.1" 200 243 "https://outlet.autozone.com.sa/en/offers/sporty-performance-with-an-incredible-installment-plan/" "Mozilla/5.0 (Linux; Android 10; K) AppleWebKit/537.36 (KHTML, like Gecko) Chrome/150.0.0.0 Mobile Safari/537.36"
141.179.33.226 - - [28/Jul/2026:16:42:36 +0000] "GET /wp-includes/css/dist/block-library/common.min.css?ver=7.0.2 HTTP/1.1" 200 1115 "https://outlet.autozone.com.sa/en/offers/sporty-performance-with-an-incredible-installment-plan/" "Mozilla/5.0 (Linux; Android 10; K) AppleWebKit/537.36 (KHTML, like Gecko) Chrome/150.0.0.0 Mobile Safari/537.36"
141.179.33.226 - - [28/Jul/2026:16:42:36 +0000] "GET /wp-content/plugins/jetformbuilder/assets/build/frontend/dynamic.value.js?ver=3.4.5 HTTP/1.1" 200 1217 "https://outlet.autozone.com.sa/en/offers/sporty-performance-with-an-incredible-installment-plan/" "Mozilla/5.0 (Linux; Android 10; K) AppleWebKit/537.36 (KHTML, like Gecko) Chrome/150.0.0.0 Mobile Safari/537.36"
141.179.33.226 - - [28/Jul/2026:16:42:36 +0000] "GET /wp-content/plugins/jetformbuilder/assets/build/frontend/main.js?ver=352c12590999901a9ebc HTTP/1.1" 200 12417 "https://outlet.autozone.com.sa/en/offers/sporty-performance-with-an-incredible-installment-plan/" "Mozilla/5.0 (Linux; Android 10; K) AppleWebKit/537.36 (KHTML, like Gecko) Chrome/150.0.0.0 Mobile Safari/537.36"
141.179.33.226 - - [28/Jul/2026:16:42:36 +0000] "GET /wp-content/plugins/jetformbuilder/modules/blocks-v2/text-field/assets/build/frontend/field.js?ver=16395ed38b7c1e8808d6 HTTP/1.1" 200 597 "https://outlet.autozone.com.sa/en/offers/sporty-performance-with-an-incredible-installment-plan/" "Mozilla/5.0 (Linux; Android 10; K) AppleWebKit/537.36 (KHTML, like Gecko) Chrome/150.0.0.0 Mobile Safari/537.36"
141.179.33.226 - - [28/Jul/2026:16:42:36 +0000] "GET /wp-content/plugins/jetformbuilder/modules/option-field/assets/build/select.js?ver=2a1ee580fcfe246db061 HTTP/1.1" 200 753 "https://outlet.autozone.com.sa/en/offers/sporty-performance-with-an-incredible-installment-plan/" "Mozilla/5.0 (Linux; Android 10; K) AppleWebKit/537.36 (KHTML, like Gecko) Chrome/150.0.0.0 Mobile Safari/537.36"
141.179.33.226 - - [28/Jul/2026:16:42:36 +0000] "GET /wp-content/plugins/jetformbuilder/assets/build/frontend/conditional.block.js?ver=3.4.5 HTTP/1.1" 200 2781 "https://outlet.autozone.com.sa/en/offers/sporty-performance-with-an-incredible-installment-plan/" "Mozilla/5.0 (Linux; Android 10; K) AppleWebKit/537.36 (KHTML, like Gecko) Chrome/150.0.0.0 Mobile Safari/537.36"
141.179.33.226 - - [28/Jul/2026:16:42:36 +0000] "GET /wp-content/plugins/jetformbuilder/modules/option-field/assets/build/checkbox.js?ver=f54eb583054648e8615b HTTP/1.1" 200 1621 "https://outlet.autozone.com.sa/en/offers/sporty-performance-with-an-incredible-installment-plan/" "Mozilla/5.0 (Linux; Android 10; K) AppleWebKit/537.36 (KHTML, like Gecko) Chrome/150.0.0.0 Mobile Safari/537.36"
141.179.33.226 - - [28/Jul/2026:16:42:36 +0000] "GET /wp-content/plugins/jetformbuilder/modules/deprecated/assets/build/frontend.js?ver=120e75a68931b79be3f4 HTTP/1.1" 200 375 "https://outlet.autozone.com.sa/en/offers/sporty-performance-with-an-incredible-installment-plan/" "Mozilla/5.0 (Linux; Android 10; K) AppleWebKit/537.36 (KHTML, like Gecko) Chrome/150.0.0.0 Mobile Safari/537.36"
141.179.33.226 - - [28/Jul/2026:16:42:37 +0000] "GET /wp-content/plugins/elementor/assets/js/nested-accordion.1118596f3e9b2366fb81.bundle.min.js HTTP/1.1" 200 2846 "https://outlet.autozone.com.sa/en/offers/sporty-performance-with-an-incredible-installment-plan/" "Mozilla/5.0 (Linux; Android 10; K) AppleWebKit/537.36 (KHTML, like Gecko) Chrome/150.0.0.0 Mobile Safari/537.36"
141.179.33.226 - - [28/Jul/2026:16:42:37 +0000] "POST /en/?wc-ajax=get_refreshed_fragments HTTP/1.1" 200 1009 "https://outlet.autozone.com.sa/en/offers/sporty-performance-with-an-incredible-installment-plan/" "Mozilla/5.0 (Linux; Android 10; K) AppleWebKit/537.36 (KHTML, like Gecko) Chrome/150.0.0.0 Mobile Safari/537.36"
141.179.33.226 - - [28/Jul/2026:16:42:42 +0000] "GET /en/shop/ HTTP/1.1" 200 29200 "https://outlet.autozone.com.sa/en/offers/sporty-performance-with-an-incredible-installment-plan/" "Mozilla/5.0 (Linux; Android 10; K) AppleWebKit/537.36 (KHTML, like Gecko) Chrome/150.0.0.0 Mobile Safari/537.36"
141.179.33.226 - - [28/Jul/2026:16:42:44 +0000] "GET /wp-content/uploads/elementor/css/post-858.css?ver=1785207499 HTTP/1.1" 200 2788 "https://outlet.autozone.com.sa/en/shop/" "Mozilla/5.0 (Linux; Android 10; K) AppleWebKit/537.36 (KHTML, like Gecko) Chrome/150.0.0.0 Mobile Safari/537.36"
141.179.33.226 - - [28/Jul/2026:16:42:45 +0000] "POST /en/?wc-ajax=get_refreshed_fragments HTTP/1.1" 200 1009 "https://outlet.autozone.com.sa/en/shop/" "Mozilla/5.0 (Linux; Android 10; K) AppleWebKit/537.36 (KHTML, like Gecko) Chrome/150.0.0.0 Mobile Safari/537.36"
141.179.33.226 - - [28/Jul/2026:16:42:56 +0000] "POST /wp-admin/admin-ajax.php HTTP/1.1" 200 754 "https://outlet.autozone.com.sa/en/shop/" "Mozilla/5.0 (Linux; Android 10; K) AppleWebKit/537.36 (KHTML, like Gecko) Chrome/150.0.0.0 Mobile Safari/537.36"
141.179.33.226 - - [28/Jul/2026:16:42:58 +0000] "POST /wp-admin/admin-ajax.php HTTP/1.1" 200 754 "https://outlet.autozone.com.sa/en/shop/" "Mozilla/5.0 (Linux; Android 10; K) AppleWebKit/537.36 (KHTML, like Gecko) Chrome/150.0.0.0 Mobile Safari/537.36"
141.179.33.226 - - [28/Jul/2026:16:42:59 +0000] "POST /wp-admin/admin-ajax.php HTTP/1.1" 200 754 "https://outlet.autozone.com.sa/en/shop/" "Mozilla/5.0 (Linux; Android 10; K) AppleWebKit/537.36 (KHTML, like Gecko) Chrome/150.0.0.0 Mobile Safari/537.36"
141.179.33.226 - - [28/Jul/2026:16:43:00 +0000] "POST /wp-admin/admin-ajax.php HTTP/1.1" 200 754 "https://outlet.autozone.com.sa/en/shop/" "Mozilla/5.0 (Linux; Android 10; K) AppleWebKit/537.36 (KHTML, like Gecko) Chrome/150.0.0.0 Mobile Safari/537.36"
172.105.42.26 - - [28/Jul/2026:16:43:11 +0000] "POST /wp-cron.php?doing_wp_cron=1785256991.3899579048156738281250 HTTP/1.1" 200 20 "-" "WordPress/7.0.2; https://outlet.autozone.com.sa/en/"
141.179.33.226 - - [28/Jul/2026:16:43:10 +0000] "POST /wp-admin/admin-ajax.php HTTP/1.1" 200 754 "https://outlet.autozone.com.sa/en/shop/" "Mozilla/5.0 (Linux; Android 10; K) AppleWebKit/537.36 (KHTML, like Gecko) Chrome/150.0.0.0 Mobile Safari/537.36"
141.179.33.226 - - [28/Jul/2026:16:43:37 +0000] "GET /en/product/car-not-bmw-for-test-purpose/ HTTP/1.1" 200 31427 "https://outlet.autozone.com.sa/en/shop/" "Mozilla/5.0 (Linux; Android 10; K) AppleWebKit/537.36 (KHTML, like Gecko) Chrome/150.0.0.0 Mobile Safari/537.36"
141.179.33.226 - - [28/Jul/2026:16:43:40 +0000] "GET /wp-content/plugins/woocommerce/assets/css/photoswipe/photoswipe.min.css?ver=10.3.7 HTTP/1.1" 200 997 "https://outlet.autozone.com.sa/en/product/car-not-bmw-for-test-purpose/" "Mozilla/5.0 (Linux; Android 10; K) AppleWebKit/537.36 (KHTML, like Gecko) Chrome/150.0.0.0 Mobile Safari/537.36"
141.179.33.226 - - [28/Jul/2026:16:43:40 +0000] "GET /wp-content/plugins/woocommerce/assets/css/photoswipe/default-skin/default-skin.min.css?ver=10.3.7 HTTP/1.1" 200 1952 "https://outlet.autozone.com.sa/en/product/car-not-bmw-for-test-purpose/" "Mozilla/5.0 (Linux; Android 10; K) AppleWebKit/537.36 (KHTML, like Gecko) Chrome/150.0.0.0 Mobile Safari/537.36"
141.179.33.226 - - [28/Jul/2026:16:43:40 +0000] "GET /wp-content/uploads/elementor/css/custom-pro-widget-woocommerce-product-add-to-cart.min.css?ver=1785168910 HTTP/1.1" 200 2158 "https://outlet.autozone.com.sa/en/product/car-not-bmw-for-test-purpose/" "Mozilla/5.0 (Linux; Android 10; K) AppleWebKit/537.36 (KHTML, like Gecko) Chrome/150.0.0.0 Mobile Safari/537.36"
141.179.33.226 - - [28/Jul/2026:16:43:40 +0000] "GET /wp-content/uploads/elementor/css/custom-widget-image-gallery.min.css?ver=1785168909 HTTP/1.1" 200 358 "https://outlet.autozone.com.sa/en/product/car-not-bmw-for-test-purpose/" "Mozilla/5.0 (Linux; Android 10; K) AppleWebKit/537.36 (KHTML, like Gecko) Chrome/150.0.0.0 Mobile Safari/537.36"
141.179.33.226 - - [28/Jul/2026:16:43:40 +0000] "GET /wp-content/plugins/elementor-pro/assets/css/widget-share-buttons.min.css?ver=3.33.1 HTTP/1.1" 200 2285 "https://outlet.autozone.com.sa/en/product/car-not-bmw-for-test-purpose/" "Mozilla/5.0 (Linux; Android 10; K) AppleWebKit/537.36 (KHTML, like Gecko) Chrome/150.0.0.0 Mobile Safari/537.36"
141.179.33.226 - - [28/Jul/2026:16:43:40 +0000] "GET /wp-content/plugins/elementor-pro/assets/css/widget-woocommerce-product-images.min.css?ver=3.33.1 HTTP/1.1" 200 242 "https://outlet.autozone.com.sa/en/product/car-not-bmw-for-test-purpose/" "Mozilla/5.0 (Linux; Android 10; K) AppleWebKit/537.36 (KHTML, like Gecko) Chrome/150.0.0.0 Mobile Safari/537.36"
141.179.33.226 - - [28/Jul/2026:16:43:40 +0000] "GET /wp-content/uploads/elementor/css/post-819.css?ver=1785243003 HTTP/1.1" 200 5687 "https://outlet.autozone.com.sa/en/product/car-not-bmw-for-test-purpose/" "Mozilla/5.0 (Linux; Android 10; K) AppleWebKit/537.36 (KHTML, like Gecko) Chrome/150.0.0.0 Mobile Safari/537.36"
141.179.33.226 - - [28/Jul/2026:16:43:40 +0000] "GET /wp-content/uploads/elementor/css/post-945.css?ver=1785243003 HTTP/1.1" 200 938 "https://outlet.autozone.com.sa/en/product/car-not-bmw-for-test-purpose/" "Mozilla/5.0 (Linux; Android 10; K) AppleWebKit/537.36 (KHTML, like Gecko) Chrome/150.0.0.0 Mobile Safari/537.36"
141.179.33.226 - - [28/Jul/2026:16:43:40 +0000] "GET /wp-content/uploads/2024/12/7pro_exterior-1720x600-1.webp HTTP/1.1" 200 101449 "https://outlet.autozone.com.sa/wp-content/uploads/elementor/css/post-819.css?ver=1785243003" "Mozilla/5.0 (Linux; Android 10; K) AppleWebKit/537.36 (KHTML, like Gecko) Chrome/150.0.0.0 Mobile Safari/537.36"
141.179.33.226 - - [28/Jul/2026:16:43:40 +0000] "GET /wp-content/plugins/woocommerce/assets/js/frontend/single-product.min.js?ver=10.3.7 HTTP/1.1" 200 2917 "https://outlet.autozone.com.sa/en/product/car-not-bmw-for-test-purpose/" "Mozilla/5.0 (Linux; Android 10; K) AppleWebKit/537.36 (KHTML, like Gecko) Chrome/150.0.0.0 Mobile Safari/537.36"
141.179.33.226 - - [28/Jul/2026:16:43:40 +0000] "GET /wp-content/plugins/woocommerce/assets/js/photoswipe/photoswipe-ui-default.min.js?ver=4.1.1-wc.10.3.7 HTTP/1.1" 200 3674 "https://outlet.autozone.com.sa/en/product/car-not-bmw-for-test-purpose/" "Mozilla/5.0 (Linux; Android 10; K) AppleWebKit/537.36 (KHTML, like Gecko) Chrome/150.0.0.0 Mobile Safari/537.36"
141.179.33.226 - - [28/Jul/2026:16:43:40 +0000] "GET /wp-content/plugins/woocommerce/assets/js/flexslider/jquery.flexslider.min.js?ver=2.7.2-wc.10.3.7 HTTP/1.1" 200 6204 "https://outlet.autozone.com.sa/en/product/car-not-bmw-for-test-purpose/" "Mozilla/5.0 (Linux; Android 10; K) AppleWebKit/537.36 (KHTML, like Gecko) Chrome/150.0.0.0 Mobile Safari/537.36"
141.179.33.226 - - [28/Jul/2026:16:43:40 +0000] "GET /wp-content/plugins/woocommerce/assets/js/photoswipe/photoswipe.min.js?ver=4.1.1-wc.10.3.7 HTTP/1.1" 200 12042 "https://outlet.autozone.com.sa/en/product/car-not-bmw-for-test-purpose/" "Mozilla/5.0 (Linux; Android 10; K) AppleWebKit/537.36 (KHTML, like Gecko) Chrome/150.0.0.0 Mobile Safari/537.36"
141.179.33.226 - - [28/Jul/2026:16:43:40 +0000] "GET /wp-content/plugins/woocommerce/assets/js/zoom/jquery.zoom.min.js?ver=1.7.21-wc.10.3.7 HTTP/1.1" 200 1192 "https://outlet.autozone.com.sa/en/product/car-not-bmw-for-test-purpose/" "Mozilla/5.0 (Linux; Android 10; K) AppleWebKit/537.36 (KHTML, like Gecko) Chrome/150.0.0.0 Mobile Safari/537.36"
141.179.33.226 - - [28/Jul/2026:16:43:41 +0000] "POST /en/?wc-ajax=get_default_gallery HTTP/1.1" 200 394 "https://outlet.autozone.com.sa/en/product/car-not-bmw-for-test-purpose/" "Mozilla/5.0 (Linux; Android 10; K) AppleWebKit/537.36 (KHTML, like Gecko) Chrome/150.0.0.0 Mobile Safari/537.36"
141.179.33.226 - - [28/Jul/2026:16:43:41 +0000] "POST /en/?wc-ajax=get_refreshed_fragments HTTP/1.1" 200 1009 "https://outlet.autozone.com.sa/en/product/car-not-bmw-for-test-purpose/" "Mozilla/5.0 (Linux; Android 10; K) AppleWebKit/537.36 (KHTML, like Gecko) Chrome/150.0.0.0 Mobile Safari/537.36"
141.179.33.226 - - [28/Jul/2026:16:43:41 +0000] "POST /en/?wc-ajax=get_variation_gallery HTTP/1.1" 200 603 "https://outlet.autozone.com.sa/en/product/car-not-bmw-for-test-purpose/" "Mozilla/5.0 (Linux; Android 10; K) AppleWebKit/537.36 (KHTML, like Gecko) Chrome/150.0.0.0 Mobile Safari/537.36"
141.179.33.226 - - [28/Jul/2026:16:43:42 +0000] "GET /wp-content/plugins/elementor-pro/assets/js/product-add-to-cart.c32f5d5e404511d68720.bundle.min.js HTTP/1.1" 200 1259 "https://outlet.autozone.com.sa/en/product/car-not-bmw-for-test-purpose/" "Mozilla/5.0 (Linux; Android 10; K) AppleWebKit/537.36 (KHTML, like Gecko) Chrome/150.0.0.0 Mobile Safari/537.36"
141.179.33.226 - - [28/Jul/2026:16:43:42 +0000] "GET /wp-content/plugins/elementor-pro/assets/js/share-buttons.63d984f8c96d1e053bc0.bundle.min.js HTTP/1.1" 200 759 "https://outlet.autozone.com.sa/en/product/car-not-bmw-for-test-purpose/" "Mozilla/5.0 (Linux; Android 10; K) AppleWebKit/537.36 (KHTML, like Gecko) Chrome/150.0.0.0 Mobile Safari/537.36"
141.179.33.226 - - [28/Jul/2026:16:43:42 +0000] "GET /wp-content/uploads/2024/12/CHANGAN-EADO-DT-WHITE2-100x100.webp HTTP/1.1" 200 1897 "https://outlet.autozone.com.sa/en/product/car-not-bmw-for-test-purpose/" "Mozilla/5.0 (Linux; Android 10; K) AppleWebKit/537.36 (KHTML, like Gecko) Chrome/150.0.0.0 Mobile Safari/537.36"
141.179.33.226 - - [28/Jul/2026:16:43:42 +0000] "GET /wp-content/uploads/2024/12/7pro-550x300-small-box.webp HTTP/1.1" 200 11268 "https://outlet.autozone.com.sa/en/product/car-not-bmw-for-test-purpose/" "Mozilla/5.0 (Linux; Android 10; K) AppleWebKit/537.36 (KHTML, like Gecko) Chrome/150.0.0.0 Mobile Safari/537.36"
141.179.33.226 - - [28/Jul/2026:16:43:42 +0000] "GET /wp-content/uploads/2024/12/CHANGAN-EADO-DT-WHITE2-300x265.webp HTTP/1.1" 200 7909 "https://outlet.autozone.com.sa/en/product/car-not-bmw-for-test-purpose/" "Mozilla/5.0 (Linux; Android 10; K) AppleWebKit/537.36 (KHTML, like Gecko) Chrome/150.0.0.0 Mobile Safari/537.36"
141.179.33.226 - - [28/Jul/2026:16:43:42 +0000] "GET /wp-content/uploads/2024/12/7pro-550x300-small-box-100x100.webp HTTP/1.1" 200 2290 "https://outlet.autozone.com.sa/en/product/car-not-bmw-for-test-purpose/" "Mozilla/5.0 (Linux; Android 10; K) AppleWebKit/537.36 (KHTML, like Gecko) Chrome/150.0.0.0 Mobile Safari/537.36"
141.179.33.226 - - [28/Jul/2026:16:43:42 +0000] "GET /wp-content/uploads/2024/12/7pro-550x300-small-box-300x300.webp HTTP/1.1" 200 11353 "https://outlet.autozone.com.sa/en/product/car-not-bmw-for-test-purpose/" "Mozilla/5.0 (Linux; Android 10; K) AppleWebKit/537.36 (KHTML, like Gecko) Chrome/150.0.0.0 Mobile Safari/537.36"
141.179.33.226 - - [28/Jul/2026:16:43:43 +0000] "GET /wp-content/uploads/2024/12/05.webp HTTP/1.1" 200 8064 "https://outlet.autozone.com.sa/en/product/car-not-bmw-for-test-purpose/" "Mozilla/5.0 (Linux; Android 10; K) AppleWebKit/537.36 (KHTML, like Gecko) Chrome/150.0.0.0 Mobile Safari/537.36"
141.179.33.226 - - [28/Jul/2026:16:43:43 +0000] "GET /wp-content/uploads/2024/12/05-100x100.webp HTTP/1.1" 200 2338 "https://outlet.autozone.com.sa/en/product/car-not-bmw-for-test-purpose/" "Mozilla/5.0 (Linux; Android 10; K) AppleWebKit/537.36 (KHTML, like Gecko) Chrome/150.0.0.0 Mobile Safari/537.36"
141.179.33.226 - - [28/Jul/2026:16:43:43 +0000] "GET /wp-content/plugins/elementor/assets/lib/share-link/share-link.min.js?ver=3.33.0 HTTP/1.1" 200 1169 "https://outlet.autozone.com.sa/en/product/car-not-bmw-for-test-purpose/" "Mozilla/5.0 (Linux; Android 10; K) AppleWebKit/537.36 (KHTML, like Gecko) Chrome/150.0.0.0 Mobile Safari/537.36"
141.179.33.226 - - [28/Jul/2026:16:43:43 +0000] "GET /wp-content/uploads/2024/12/05-300x159.webp HTTP/1.1" 200 9508 "https://outlet.autozone.com.sa/en/product/car-not-bmw-for-test-purpose/" "Mozilla/5.0 (Linux; Android 10; K) AppleWebKit/537.36 (KHTML, like Gecko) Chrome/150.0.0.0 Mobile Safari/537.36"
141.179.33.226 - - [28/Jul/2026:16:43:49 +0000] "GET /en/shop/ HTTP/1.1" 200 29200 "https://outlet.autozone.com.sa/en/product/car-not-bmw-for-test-purpose/" "Mozilla/5.0 (Linux; Android 10; K) AppleWebKit/537.36 (KHTML, like Gecko) Chrome/150.0.0.0 Mobile Safari/537.36"
141.179.33.226 - - [28/Jul/2026:16:43:51 +0000] "POST /en/?wc-ajax=get_refreshed_fragments HTTP/1.1" 200 1009 "https://outlet.autozone.com.sa/en/shop/" "Mozilla/5.0 (Linux; Android 10; K) AppleWebKit/537.36 (KHTML, like Gecko) Chrome/150.0.0.0 Mobile Safari/537.36"
172.105.42.26 - - [28/Jul/2026:16:44:05 +0000] "POST /wp-cron.php?doing_wp_cron=1785257045.7317941188812255859375 HTTP/1.1" 200 20 "-" "WordPress/7.0.2; https://outlet.autozone.com.sa/en/"
141.179.33.226 - - [28/Jul/2026:16:44:05 +0000] "POST /en/?wc-ajax=get_refreshed_fragments HTTP/1.1" 200 1009 "https://outlet.autozone.com.sa/en/product/car-not-bmw-for-test-purpose/" "Mozilla/5.0 (Linux; Android 10; K) AppleWebKit/537.36 (KHTML, like Gecko) Chrome/150.0.0.0 Mobile Safari/537.36"
172.105.42.26 - - [28/Jul/2026:16:49:22 +0000] "POST /wp-cron.php?doing_wp_cron=1785257362.3914120197296142578125 HTTP/1.1" 200 20 "-" "WordPress/7.0.2; https://outlet.autozone.com.sa"
205.210.31.10 - - [28/Jul/2026:16:49:18 +0000] "GET / HTTP/1.1" 200 36001 "-" "Hello from Palo Alto Networks, find out more about our scans in https://docs-cortex.paloaltonetworks.com/r/1/Cortex-Xpanse/Scanning-activity"
172.105.42.26 - - [28/Jul/2026:16:53:59 +0000] "POST /wp-cron.php?doing_wp_cron=1785257638.9951529502868652343750 HTTP/1.1" 200 20 "-" "WordPress/7.0.2; https://outlet.autozone.com.sa"
66.249.74.43 - - [28/Jul/2026:16:53:55 +0000] "GET /robots.txt HTTP/1.1" 200 201 "-" "Mozilla/5.0 (compatible; Googlebot/2.1; +http://www.google.com/bot.html)"
66.249.74.32 - - [28/Jul/2026:16:53:59 +0000] "GET /showroom/?nocache=1779328439&jet_blog_ajax=1 HTTP/1.1" 200 20202 "-" "Mozilla/5.0 (Linux; Android 6.0.1; Nexus 5X Build/MMB29P) AppleWebKit/537.36 (KHTML, like Gecko) Chrome/150.0.7871.128 Mobile Safari/537.36 (compatible; Googlebot/2.1; +http://www.google.com/bot.html)"
172.105.42.26 - - [28/Jul/2026:17:05:51 +0000] "POST /wp-cron.php?doing_wp_cron=1785258351.1859929561614990234375 HTTP/1.1" 200 20 "-" "WordPress/7.0.2; https://outlet.autozone.com.sa"
157.55.39.49 - - [28/Jul/2026:17:05:47 +0000] "GET /wp-sitemap-posts-offers-1.xml HTTP/1.1" 200 282 "-" "Mozilla/5.0 AppleWebKit/537.36 (KHTML, like Gecko; compatible; bingbot/2.0; +http://www.bing.com/bingbot.htm) Chrome/116.0.1938.76 Safari/537.36"
172.105.42.26 - - [28/Jul/2026:17:06:59 +0000] "POST /wp-cron.php?doing_wp_cron=1785258419.9242649078369140625000 HTTP/1.1" 200 20 "-" "WordPress/7.0.2; https://outlet.autozone.com.sa"
40.77.167.243 - - [28/Jul/2026:17:06:56 +0000] "GET /wp-sitemap-taxonomies-condition-1.xml HTTP/1.1" 200 195 "-" "Mozilla/5.0 AppleWebKit/537.36 (KHTML, like Gecko; compatible; bingbot/2.0; +http://www.bing.com/bingbot.htm) Chrome/116.0.1938.76 Safari/537.36"
172.105.42.26 - - [28/Jul/2026:17:07:08 +0000] "POST /wp-cron.php?doing_wp_cron=1785258428.0090179443359375000000 HTTP/1.1" 200 20 "-" "WordPress/7.0.2; https://outlet.autozone.com.sa"
172.105.42.26 - - [28/Jul/2026:17:08:57 +0000] "POST /wp-cron.php?doing_wp_cron=1785258537.7991940975189208984375 HTTP/1.1" 200 20 "-" "WordPress/7.0.2; https://outlet.autozone.com.sa"
66.249.74.33 - - [28/Jul/2026:17:08:53 +0000] "GET /?nocache=1764885580 HTTP/1.1" 200 35999 "-" "Mozilla/5.0 (Linux; Android 6.0.1; Nexus 5X Build/MMB29P) AppleWebKit/537.36 (KHTML, like Gecko) Chrome/150.0.7871.128 Mobile Safari/537.36 (compatible; Googlebot/2.1; +http://www.google.com/bot.html)"
2001:16a4:83:7297:b96a:c07c:afff:9611 - - [28/Jul/2026:17:13:19 +0000] "GET /wp-content/plugins/elementor/assets/js/shared-frontend-handlers.03caa53373b56d3bab67.bundle.min.js HTTP/1.1" 200 2644 "https://outlet.autozone.com.sa/" "Mozilla/5.0 (iPhone; CPU iPhone OS 26_0_0 like Mac OS X) AppleWebKit/605.1.15 (KHTML, like Gecko) CriOS/150.0.7871.113 Mobile/15E148 Safari/604.1"
2001:16a4:83:7297:b96a:c07c:afff:9611 - - [28/Jul/2026:17:13:19 +0000] "GET /wp-content/plugins/elementor-pro/assets/js/nav-menu.8521a0597c50611efdc6.bundle.min.js HTTP/1.1" 200 1870 "https://outlet.autozone.com.sa/" "Mozilla/5.0 (iPhone; CPU iPhone OS 26_0_0 like Mac OS X) AppleWebKit/605.1.15 (KHTML, like Gecko) CriOS/150.0.7871.113 Mobile/15E148 Safari/604.1"
2001:16a4:83:7297:b96a:c07c:afff:9611 - - [28/Jul/2026:17:13:19 +0000] "GET /wp-content/plugins/elementor/assets/js/text-editor.45609661e409413f1cef.bundle.min.js HTTP/1.1" 200 648 "https://outlet.autozone.com.sa/" "Mozilla/5.0 (iPhone; CPU iPhone OS 26_0_0 like Mac OS X) AppleWebKit/605.1.15 (KHTML, like Gecko) CriOS/150.0.7871.113 Mobile/15E148 Safari/604.1"
2001:16a4:83:7297:b96a:c07c:afff:9611 - - [28/Jul/2026:17:13:19 +0000] "GET /wp-includes/js/wp-emoji-release.min.js?ver=7.0.1 HTTP/1.1" 200 5386 "https://outlet.autozone.com.sa/" "Mozilla/5.0 (iPhone; CPU iPhone OS 26_0_0 like Mac OS X) AppleWebKit/605.1.15 (KHTML, like Gecko) CriOS/150.0.7871.113 Mobile/15E148 Safari/604.1"
2001:16a4:83:7297:b96a:c07c:afff:9611 - - [28/Jul/2026:17:13:19 +0000] "GET /wp-content/plugins/elementor/assets/js/nested-tabs.e9769387c6e374e093ed.bundle.min.js HTTP/1.1" 200 3280 "https://outlet.autozone.com.sa/" "Mozilla/5.0 (iPhone; CPU iPhone OS 26_0_0 like Mac OS X) AppleWebKit/605.1.15 (KHTML, like Gecko) CriOS/150.0.7871.113 Mobile/15E148 Safari/604.1"
2001:16a4:83:7297:b96a:c07c:afff:9611 - - [28/Jul/2026:17:13:19 +0000] "GET /wp-content/plugins/woo-variation-gallery/images/slick/ajax-loader.gif HTTP/1.1" 304 - "https://outlet.autozone.com.sa/" "Mozilla/5.0 (iPhone; CPU iPhone OS 26_0_0 like Mac OS X) AppleWebKit/605.1.15 (KHTML, like Gecko) CriOS/150.0.7871.113 Mobile/15E148 Safari/604.1"
172.105.42.26 - - [28/Jul/2026:17:13:23 +0000] "POST /wp-cron.php?doing_wp_cron=1785258802.5802700519561767578125 HTTP/1.1" 200 20 "-" "WordPress/7.0.2; https://outlet.autozone.com.sa"
172.105.42.26 - - [28/Jul/2026:17:13:23 +0000] "POST /wp-cron.php?doing_wp_cron=1785258802.5802700519561767578125 HTTP/1.1" 200 20 "-" "WordPress/7.0.2; https://outlet.autozone.com.sa"
2001:16a4:83:7297:b96a:c07c:afff:9611 - - [28/Jul/2026:17:13:19 +0000] "POST /?wc-ajax=get_refreshed_fragments HTTP/1.1" 200 1006 "https://outlet.autozone.com.sa/" "Mozilla/5.0 (iPhone; CPU iPhone OS 26_0_0 like Mac OS X) AppleWebKit/605.1.15 (KHTML, like Gecko) CriOS/150.0.7871.113 Mobile/15E148 Safari/604.1"
2001:16a4:83:7297:b96a:c07c:afff:9611 - - [28/Jul/2026:17:13:19 +0000] "POST /?wc-ajax=get_refreshed_fragments HTTP/1.1" 200 1006 "https://outlet.autozone.com.sa/" "Mozilla/5.0 (iPhone; CPU iPhone OS 26_0_0 like Mac OS X) AppleWebKit/605.1.15 (KHTML, like Gecko) CriOS/150.0.7871.113 Mobile/15E148 Safari/604.1"
172.105.42.26 - - [28/Jul/2026:17:15:38 +0000] "POST /wp-cron.php?doing_wp_cron=1785258938.8450820446014404296875 HTTP/1.1" 200 20 "-" "WordPress/7.0.2; https://outlet.autozone.com.sa"
2a03:2880:f800:20:: - - [28/Jul/2026:17:15:34 +0000] "GET / HTTP/1.1" 200 36000 "-" "Mozilla/5.0 (Windows NT 10.0; Win64; x64) AppleWebKit/537.36 (KHTML, like Gecko) Chrome/145.0.0.0 Safari/537.36 Edg/145.0.0.0 (compatible; meta-externalagent/1.1 (+https://developers.facebook.com/docs/sharing/webmasters/crawler))"
172.105.42.26 - - [28/Jul/2026:17:18:40 +0000] "POST /wp-cron.php?doing_wp_cron=1785259120.2925879955291748046875 HTTP/1.1" 200 20 "-" "WordPress/7.0.2; https://outlet.autozone.com.sa"
54.39.0.98 - - [28/Jul/2026:17:18:36 +0000] "GET /wp-sitemap.xml HTTP/1.1" 200 283 "-" "Mozilla/5.0 (compatible; AhrefsBot/7.0; +http://ahrefs.com/robot/)"
54.39.89.94 - - [28/Jul/2026:17:18:42 +0000] "GET /wp-sitemap-posts-page-1.xml HTTP/1.1" 200 317 "-" "Mozilla/5.0 (compatible; AhrefsBot/7.0; +http://ahrefs.com/robot/)"
148.113.130.188 - - [28/Jul/2026:17:18:53 +0000] "GET /wp-sitemap-posts-jet-popup-1.xml HTTP/1.1" 200 247 "-" "Mozilla/5.0 (compatible; AhrefsBot/7.0; +http://ahrefs.com/robot/)"
142.44.220.168 - - [28/Jul/2026:17:18:56 +0000] "GET /wp-sitemap-posts-product-1.xml HTTP/1.1" 200 280 "-" "Mozilla/5.0 (compatible; AhrefsBot/7.0; +http://ahrefs.com/robot/)"
51.161.65.16 - - [28/Jul/2026:17:18:58 +0000] "GET /wp-sitemap-posts-offers-1.xml HTTP/1.1" 200 282 "-" "Mozilla/5.0 (compatible; AhrefsBot/7.0; +http://ahrefs.com/robot/)"
15.235.27.6 - - [28/Jul/2026:17:19:00 +0000] "GET /wp-sitemap-taxonomies-product_cat-1.xml HTTP/1.1" 200 205 "-" "Mozilla/5.0 (compatible; AhrefsBot/7.0; +http://ahrefs.com/robot/)"
15.235.27.160 - - [28/Jul/2026:17:19:03 +0000] "GET /wp-sitemap-taxonomies-engine-capacity-1.xml HTTP/1.1" 200 200 "-" "Mozilla/5.0 (compatible; AhrefsBot/7.0; +http://ahrefs.com/robot/)"
15.235.98.42 - - [28/Jul/2026:17:19:05 +0000] "GET /wp-sitemap-taxonomies-condition-1.xml HTTP/1.1" 200 195 "-" "Mozilla/5.0 (compatible; AhrefsBot/7.0; +http://ahrefs.com/robot/)"
54.39.0.16 - - [28/Jul/2026:17:19:07 +0000] "GET /wp-sitemap-taxonomies-car-type-1.xml HTTP/1.1" 200 193 "-" "Mozilla/5.0 (compatible; AhrefsBot/7.0; +http://ahrefs.com/robot/)"
142.44.228.21 - - [28/Jul/2026:17:19:09 +0000] "GET /wp-sitemap-taxonomies-model-1.xml HTTP/1.1" 200 190 "-" "Mozilla/5.0 (compatible; AhrefsBot/7.0; +http://ahrefs.com/robot/)"
54.39.0.172 - - [28/Jul/2026:17:19:12 +0000] "GET /wp-sitemap-taxonomies-make-1.xml HTTP/1.1" 200 213 "-" "Mozilla/5.0 (compatible; AhrefsBot/7.0; +http://ahrefs.com/robot/)"
66.249.74.40 - - [28/Jul/2026:17:28:23 +0000] "GET /wp-content/uploads/elementor/css/post-12.css?ver=1783296000 HTTP/1.1" 200 4826 "https://outlet.autozone.com.sa/en/?nocache=1780540111&jet_blog_ajax=1" "Mozilla/5.0 (Linux; Android 6.0.1; Nexus 5X Build/MMB29P) AppleWebKit/537.36 (KHTML, like Gecko) Chrome/150.0.7871.128 Mobile Safari/537.36 (compatible; Googlebot/2.1; +http://www.google.com/bot.html)"
66.249.74.40 - - [28/Jul/2026:17:28:23 +0000] "GET /wp-content/uploads/elementor/css/custom-widget-nested-tabs.min.css?ver=1783296000 HTTP/1.1" 200 1867 "https://outlet.autozone.com.sa/en/?nocache=1780540111&jet_blog_ajax=1" "Mozilla/5.0 (Linux; Android 6.0.1; Nexus 5X Build/MMB29P) AppleWebKit/537.36 (KHTML, like Gecko) Chrome/150.0.7871.128 Mobile Safari/537.36 (compatible; Googlebot/2.1; +http://www.google.com/bot.html)"
66.249.74.41 - - [28/Jul/2026:17:28:24 +0000] "GET /wp-content/uploads/elementor/css/post-80.css?ver=1783296000 HTTP/1.1" 200 1805 "https://outlet.autozone.com.sa/en/?nocache=1780540111&jet_blog_ajax=1" "Mozilla/5.0 (Linux; Android 6.0.1; Nexus 5X Build/MMB29P) AppleWebKit/537.36 (KHTML, like Gecko) Chrome/150.0.7871.128 Mobile Safari/537.36 (compatible; Googlebot/2.1; +http://www.google.com/bot.html)"
66.249.74.40 - - [28/Jul/2026:17:28:25 +0000] "GET /wp-content/uploads/elementor/css/post-77.css?ver=1783296000 HTTP/1.1" 200 893 "https://outlet.autozone.com.sa/en/?nocache=1780540111&jet_blog_ajax=1" "Mozilla/5.0 (Linux; Android 6.0.1; Nexus 5X Build/MMB29P) AppleWebKit/537.36 (KHTML, like Gecko) Chrome/150.0.7871.128 Mobile Safari/537.36 (compatible; Googlebot/2.1; +http://www.google.com/bot.html)"
172.105.42.26 - - [28/Jul/2026:17:28:39 +0000] "POST /wp-cron.php?doing_wp_cron=1785259719.0261061191558837890625 HTTP/1.1" 200 20 "-" "WordPress/7.0.2; https://outlet.autozone.com.sa/en/"
66.249.74.40 - - [28/Jul/2026:17:28:35 +0000] "POST /en/?wc-ajax=get_refreshed_fragments HTTP/1.1" 200 1009 "https://outlet.autozone.com.sa/en/?nocache=1780540111&jet_blog_ajax=1" "Mozilla/5.0 (Linux; Android 6.0.1; Nexus 5X Build/MMB29P) AppleWebKit/537.36 (KHTML, like Gecko) Chrome/150.0.7871.128 Mobile Safari/537.36 (compatible; Googlebot/2.1; +http://www.google.com/bot.html)"
66.249.74.40 - - [28/Jul/2026:17:28:40 +0000] "POST /en/?wc-ajax=get_refreshed_fragments HTTP/1.1" 200 1009 "https://outlet.autozone.com.sa/en/?nocache=1780540111&jet_blog_ajax=1" "Mozilla/5.0 (Linux; Android 6.0.1; Nexus 5X Build/MMB29P) AppleWebKit/537.36 (KHTML, like Gecko) Chrome/150.0.7871.128 Mobile Safari/537.36 (compatible; Googlebot/2.1; +http://www.google.com/bot.html)"
66.249.74.41 - - [28/Jul/2026:17:32:48 +0000] "GET /wp-content/uploads/elementor/css/custom-pro-widget-slides.min.css?ver=1783296000 HTTP/1.1" 200 591 "https://outlet.autozone.com.sa/en/?nocache=1780540111&jet_blog_ajax=1" "Mozilla/5.0 (Linux; Android 6.0.1; Nexus 5X Build/MMB29P) AppleWebKit/537.36 (KHTML, like Gecko) Chrome/150.0.7871.128 Mobile Safari/537.36 (compatible; Googlebot/2.1; +http://www.google.com/bot.html)"
172.105.42.26 - - [28/Jul/2026:17:33:10 +0000] "POST /wp-cron.php?doing_wp_cron=1785259990.6823320388793945312500 HTTP/1.1" 200 20 "-" "WordPress/7.0.2; https://outlet.autozone.com.sa/en/"
66.249.74.41 - - [28/Jul/2026:17:33:07 +0000] "POST /en/?wc-ajax=get_refreshed_fragments HTTP/1.1" 200 1009 "https://outlet.autozone.com.sa/en/?nocache=1780540111&jet_blog_ajax=1" "Mozilla/5.0 (Linux; Android 6.0.1; Nexus 5X Build/MMB29P) AppleWebKit/537.36 (KHTML, like Gecko) Chrome/150.0.7871.128 Mobile Safari/537.36 (compatible; Googlebot/2.1; +http://www.google.com/bot.html)"
66.249.74.41 - - [28/Jul/2026:17:33:11 +0000] "POST /en/?wc-ajax=get_refreshed_fragments HTTP/1.1" 200 1009 "https://outlet.autozone.com.sa/en/?nocache=1780540111&jet_blog_ajax=1" "Mozilla/5.0 (Linux; Android 6.0.1; Nexus 5X Build/MMB29P) AppleWebKit/537.36 (KHTML, like Gecko) Chrome/150.0.7871.128 Mobile Safari/537.36 (compatible; Googlebot/2.1; +http://www.google.com/bot.html)"
172.105.42.26 - - [28/Jul/2026:17:59:46 +0000] "POST /wp-cron.php?doing_wp_cron=1785261585.9878399372100830078125 HTTP/1.1" 200 20 "-" "WordPress/7.0.2; https://outlet.autozone.com.sa/en/"
2001:16a2:c0c2:150f:492c:ca86:1f9:dc45 - - [28/Jul/2026:17:59:42 +0000] "GET /en HTTP/1.1" 301 20 "https://autozone.com.sa/" "Mozilla/5.0 (iPhone; CPU iPhone OS 26_5_2 like Mac OS X) AppleWebKit/605.1.15 (KHTML, like Gecko) Mobile/23F84 Safari/604.1 [FBAN/FBIOS;FBAV/566.1.0.59.72;FBBV/998154334;FBDV/iPhone18,2;FBMD/iPhone;FBSN/iOS;FBSV/26.5.2;FBSS/3;FBID/phone;FBLC/en_US;FBOP/5;FBRV/1005026465;IABMV/1]"
2001:16a2:c0c2:150f:492c:ca86:1f9:dc45 - - [28/Jul/2026:17:59:46 +0000] "GET /en/ HTTP/1.1" 200 33437 "https://autozone.com.sa/" "Mozilla/5.0 (iPhone; CPU iPhone OS 26_5_2 like Mac OS X) AppleWebKit/605.1.15 (KHTML, like Gecko) Mobile/23F84 Safari/604.1 [FBAN/FBIOS;FBAV/566.1.0.59.72;FBBV/998154334;FBDV/iPhone18,2;FBMD/iPhone;FBSN/iOS;FBSV/26.5.2;FBSS/3;FBID/phone;FBLC/en_US;FBOP/5;FBRV/1005026465;IABMV/1]"
2001:16a2:c0c2:150f:492c:ca86:1f9:dc45 - - [28/Jul/2026:17:59:49 +0000] "GET /wp-content/plugins/jet-blog/assets/js/jet-blog.min.js?ver=2.4.5.1 HTTP/1.1" 200 3578 "https://outlet.autozone.com.sa/en/" "Mozilla/5.0 (iPhone; CPU iPhone OS 26_5_2 like Mac OS X) AppleWebKit/605.1.15 (KHTML, like Gecko) Mobile/23F84 Safari/604.1 [FBAN/FBIOS;FBAV/566.1.0.59.72;FBBV/998154334;FBDV/iPhone18,2;FBMD/iPhone;FBSN/iOS;FBSV/26.5.2;FBSS/3;FBID/phone;FBLC/en_US;FBOP/5;FBRV/1005026465;IABMV/1]"
2001:16a2:c0c2:150f:492c:ca86:1f9:dc45 - - [28/Jul/2026:17:59:49 +0000] "GET /wp-includes/js/wp-emoji-release.min.js?ver=7.0.2 HTTP/1.1" 200 5386 "https://outlet.autozone.com.sa/en/" "Mozilla/5.0 (iPhone; CPU iPhone OS 26_5_2 like Mac OS X) AppleWebKit/605.1.15 (KHTML, like Gecko) Mobile/23F84 Safari/604.1 [FBAN/FBIOS;FBAV/566.1.0.59.72;FBBV/998154334;FBDV/iPhone18,2;FBMD/iPhone;FBSN/iOS;FBSV/26.5.2;FBSS/3;FBID/phone;FBLC/en_US;FBOP/5;FBRV/1005026465;IABMV/1]"
2001:16a2:c0c2:150f:492c:ca86:1f9:dc45 - - [28/Jul/2026:17:59:50 +0000] "GET /wp-content/plugins/elementor/assets/js/nested-title-keyboard-handler.a7c48b2e79bf0ef22bb3.bundle.min.js HTTP/1.1" 200 1500 "https://outlet.autozone.com.sa/en/" "Mozilla/5.0 (iPhone; CPU iPhone OS 26_5_2 like Mac OS X) AppleWebKit/605.1.15 (KHTML, like Gecko) Mobile/23F84 Safari/604.1 [FBAN/FBIOS;FBAV/566.1.0.59.72;FBBV/998154334;FBDV/iPhone18,2;FBMD/iPhone;FBSN/iOS;FBSV/26.5.2;FBSS/3;FBID/phone;FBLC/en_US;FBOP/5;FBRV/1005026465;IABMV/1]"
2001:16a2:c0c2:150f:492c:ca86:1f9:dc45 - - [28/Jul/2026:17:59:49 +0000] "POST /en/?wc-ajax=get_refreshed_fragments HTTP/1.1" 200 1009 "https://outlet.autozone.com.sa/en/" "Mozilla/5.0 (iPhone; CPU iPhone OS 26_5_2 like Mac OS X) AppleWebKit/605.1.15 (KHTML, like Gecko) Mobile/23F84 Safari/604.1 [FBAN/FBIOS;FBAV/566.1.0.59.72;FBBV/998154334;FBDV/iPhone18,2;FBMD/iPhone;FBSN/iOS;FBSV/26.5.2;FBSS/3;FBID/phone;FBLC/en_US;FBOP/5;FBRV/1005026465;IABMV/1]"
2001:16a2:c0c2:150f:492c:ca86:1f9:dc45 - - [28/Jul/2026:17:59:49 +0000] "POST /en/?wc-ajax=get_refreshed_fragments HTTP/1.1" 200 1009 "https://outlet.autozone.com.sa/en/" "Mozilla/5.0 (iPhone; CPU iPhone OS 26_5_2 like Mac OS X) AppleWebKit/605.1.15 (KHTML, like Gecko) Mobile/23F84 Safari/604.1 [FBAN/FBIOS;FBAV/566.1.0.59.72;FBBV/998154334;FBDV/iPhone18,2;FBMD/iPhone;FBSN/iOS;FBSV/26.5.2;FBSS/3;FBID/phone;FBLC/en_US;FBOP/5;FBRV/1005026465;IABMV/1]"
172.105.42.26 - - [28/Jul/2026:18:00:38 +0000] "POST /wp-cron.php?doing_wp_cron=1785261638.3354740142822265625000 HTTP/1.1" 200 20 "-" "WordPress/7.0.2; https://outlet.autozone.com.sa/en/"
2001:16a2:c0c2:150f:492c:ca86:1f9:dc45 - - [28/Jul/2026:18:00:34 +0000] "GET /en/shop/ HTTP/1.1" 200 29200 "https://outlet.autozone.com.sa/en/" "Mozilla/5.0 (iPhone; CPU iPhone OS 26_5_2 like Mac OS X) AppleWebKit/605.1.15 (KHTML, like Gecko) Mobile/23F84 Safari/604.1 [FBAN/FBIOS;FBAV/566.1.0.59.72;FBBV/998154334;FBDV/iPhone18,2;FBMD/iPhone;FBSN/iOS;FBSV/26.5.2;FBSS/3;FBID/phone;FBLC/en_US;FBOP/5;FBRV/1005026465;IABMV/1]"
2001:16a2:c0c2:150f:492c:ca86:1f9:dc45 - - [28/Jul/2026:18:00:39 +0000] "POST /en/?wc-ajax=get_refreshed_fragments HTTP/1.1" 200 1009 "https://outlet.autozone.com.sa/en/shop/" "Mozilla/5.0 (iPhone; CPU iPhone OS 26_5_2 like Mac OS X) AppleWebKit/605.1.15 (KHTML, like Gecko) Mobile/23F84 Safari/604.1 [FBAN/FBIOS;FBAV/566.1.0.59.72;FBBV/998154334;FBDV/iPhone18,2;FBMD/iPhone;FBSN/iOS;FBSV/26.5.2;FBSS/3;FBID/phone;FBLC/en_US;FBOP/5;FBRV/1005026465;IABMV/1]"
2001:16a2:c0c2:150f:492c:ca86:1f9:dc45 - - [28/Jul/2026:18:01:17 +0000] "GET /en/showroom/ HTTP/1.1" 200 18497 "https://outlet.autozone.com.sa/en/shop/" "Mozilla/5.0 (iPhone; CPU iPhone OS 26_5_2 like Mac OS X) AppleWebKit/605.1.15 (KHTML, like Gecko) Mobile/23F84 Safari/604.1 [FBAN/FBIOS;FBAV/566.1.0.59.72;FBBV/998154334;FBDV/iPhone18,2;FBMD/iPhone;FBSN/iOS;FBSV/26.5.2;FBSS/3;FBID/phone;FBLC/en_US;FBOP/5;FBRV/1005026465;IABMV/1]"
2001:16a2:c0c2:150f:492c:ca86:1f9:dc45 - - [28/Jul/2026:18:01:21 +0000] "GET /wp-content/uploads/elementor/css/post-651.css?ver=1785168053 HTTP/1.1" 200 732 "https://outlet.autozone.com.sa/en/showroom/" "Mozilla/5.0 (iPhone; CPU iPhone OS 26_5_2 like Mac OS X) AppleWebKit/605.1.15 (KHTML, like Gecko) Mobile/23F84 Safari/604.1 [FBAN/FBIOS;FBAV/566.1.0.59.72;FBBV/998154334;FBDV/iPhone18,2;FBMD/iPhone;FBSN/iOS;FBSV/26.5.2;FBSS/3;FBID/phone;FBLC/en_US;FBOP/5;FBRV/1005026465;IABMV/1]"
2001:16a2:c0c2:150f:492c:ca86:1f9:dc45 - - [28/Jul/2026:18:01:31 +0000] "POST /en/?wc-ajax=get_refreshed_fragments HTTP/1.1" 200 1009 "https://outlet.autozone.com.sa/en/showroom/" "Mozilla/5.0 (iPhone; CPU iPhone OS 26_5_2 like Mac OS X) AppleWebKit/605.1.15 (KHTML, like Gecko) Mobile/23F84 Safari/604.1 [FBAN/FBIOS;FBAV/566.1.0.59.72;FBBV/998154334;FBDV/iPhone18,2;FBMD/iPhone;FBSN/iOS;FBSV/26.5.2;FBSS/3;FBID/phone;FBLC/en_US;FBOP/5;FBRV/1005026465;IABMV/1];FBNV/1"
151.255.0.144 - - [28/Jul/2026:18:07:36 +0000] "GET /wp-content/plugins/jet-engine/assets/css/frontend.css?ver=3.7.3 HTTP/1.1" 200 8461 "-" "Mozilla/5.0 (Linux; Android 10; K) AppleWebKit/537.36 (KHTML, like Gecko) Chrome/150.0.0.0 Mobile Safari/537.36"
151.255.0.144 - - [28/Jul/2026:18:07:36 +0000] "GET /wp-content/plugins/sitepress-multilingual-cms/templates/language-switchers/legacy-list-horizontal/style.min.css?ver=1 HTTP/1.1" 200 318 "-" "Mozilla/5.0 (Linux; Android 10; K) AppleWebKit/537.36 (KHTML, like Gecko) Chrome/150.0.0.0 Mobile Safari/537.36"
151.255.0.144 - - [28/Jul/2026:18:07:36 +0000] "GET /wp-content/plugins/sitepress-multilingual-cms/templates/language-switchers/menu-item/style.min.css?ver=1 HTTP/1.1" 200 141 "-" "Mozilla/5.0 (Linux; Android 10; K) AppleWebKit/537.36 (KHTML, like Gecko) Chrome/150.0.0.0 Mobile Safari/537.36"
151.255.0.144 - - [28/Jul/2026:18:07:36 +0000] "GET /wp-content/plugins/woo-variation-gallery/assets/css/slick.min.css?ver=1.8.1 HTTP/1.1" 200 1108 "-" "Mozilla/5.0 (Linux; Android 10; K) AppleWebKit/537.36 (KHTML, like Gecko) Chrome/150.0.0.0 Mobile Safari/537.36"
151.255.0.144 - - [28/Jul/2026:18:07:35 +0000] "GET / HTTP/1.1" 200 36001 "https://autozone.com.sa/" "Mozilla/5.0 (Linux; Android 10; K) AppleWebKit/537.36 (KHTML, like Gecko) Chrome/150.0.0.0 Mobile Safari/537.36"
172.105.42.26 - - [28/Jul/2026:18:07:40 +0000] "POST /wp-cron.php?doing_wp_cron=1785262060.1062779426574707031250 HTTP/1.1" 200 20 "-" "WordPress/7.0.2; https://outlet.autozone.com.sa"
151.255.0.144 - - [28/Jul/2026:18:07:37 +0000] "GET / HTTP/1.1" 200 36001 "https://autozone.com.sa/" "Mozilla/5.0 (Linux; Android 10; K) AppleWebKit/537.36 (KHTML, like Gecko) Chrome/150.0.0.0 Mobile Safari/537.36"
172.105.42.26 - - [28/Jul/2026:18:07:43 +0000] "POST /wp-admin/admin-ajax.php?action=wp_1_wc_privacy_cleanup&nonce=8d87ec7838 HTTP/1.1" 200 20 "-" "WordPress/7.0.2; https://outlet.autozone.com.sa"
172.105.42.26 - - [28/Jul/2026:18:19:56 +0000] "POST /wp-cron.php?doing_wp_cron=1785262795.9349389076232910156250 HTTP/1.1" 200 20 "-" "WordPress/7.0.2; https://outlet.autozone.com.sa"
51.36.249.92 - - [28/Jul/2026:18:19:51 +0000] "GET / HTTP/1.1" 200 35999 "https://autozone.com.sa/" "Mozilla/5.0 (Linux; Android 10; K) AppleWebKit/537.36 (KHTML, like Gecko) Chrome/150.0.0.0 Mobile Safari/537.36"
51.36.249.92 - - [28/Jul/2026:18:19:56 +0000] "GET /wp-content/plugins/woocommerce/assets/css/brands.css?ver=10.3.7 HTTP/1.1" 200 684 "https://outlet.autozone.com.sa/" "Mozilla/5.0 (Linux; Android 10; K) AppleWebKit/537.36 (KHTML, like Gecko) Chrome/150.0.0.0 Mobile Safari/537.36"
51.36.249.92 - - [28/Jul/2026:18:19:56 +0000] "GET /wp-includes/css/dashicons.min.css?ver=7.0.2 HTTP/1.1" 200 35721 "https://outlet.autozone.com.sa/" "Mozilla/5.0 (Linux; Android 10; K) AppleWebKit/537.36 (KHTML, like Gecko) Chrome/150.0.0.0 Mobile Safari/537.36"
51.36.249.92 - - [28/Jul/2026:18:19:56 +0000] "GET /wp-content/themes/hello-elementor/header-footer.min.css?ver=3.2.1 HTTP/1.1" 200 1468 "https://outlet.autozone.com.sa/" "Mozilla/5.0 (Linux; Android 10; K) AppleWebKit/537.36 (KHTML, like Gecko) Chrome/150.0.0.0 Mobile Safari/537.36"
51.36.249.92 - - [28/Jul/2026:18:19:56 +0000] "GET /wp-content/themes/hello-elementor/style.min.css?ver=3.2.1 HTTP/1.1" 200 1808 "https://outlet.autozone.com.sa/" "Mozilla/5.0 (Linux; Android 10; K) AppleWebKit/537.36 (KHTML, like Gecko) Chrome/150.0.0.0 Mobile Safari/537.36"
51.36.249.92 - - [28/Jul/2026:18:19:56 +0000] "GET /wp-content/plugins/jet-popup/assets/css/jet-popup-frontend.css?ver=2.0.16 HTTP/1.1" 200 2860 "https://outlet.autozone.com.sa/" "Mozilla/5.0 (Linux; Android 10; K) AppleWebKit/537.36 (KHTML, like Gecko) Chrome/150.0.0.0 Mobile Safari/537.36"
51.36.249.92 - - [28/Jul/2026:18:19:56 +0000] "GET /wp-content/plugins/jet-theme-core/assets/css/frontend.css?ver=2.3.0.3 HTTP/1.1" 304 - "https://outlet.autozone.com.sa/" "Mozilla/5.0 (Linux; Android 10; K) AppleWebKit/537.36 (KHTML, like Gecko) Chrome/150.0.0.0 Mobile Safari/537.36"
51.36.249.92 - - [28/Jul/2026:18:19:56 +0000] "GET /wp-content/plugins/elementor/assets/css/widget-heading-rtl.min.css?ver=3.33.0 HTTP/1.1" 200 160 "https://outlet.autozone.com.sa/" "Mozilla/5.0 (Linux; Android 10; K) AppleWebKit/537.36 (KHTML, like Gecko) Chrome/150.0.0.0 Mobile Safari/537.36"
51.36.249.92 - - [28/Jul/2026:18:19:56 +0000] "GET /wp-content/uploads/elementor/css/post-6.css?ver=1785168313 HTTP/1.1" 200 870 "https://outlet.autozone.com.sa/" "Mozilla/5.0 (Linux; Android 10; K) AppleWebKit/537.36 (KHTML, like Gecko) Chrome/150.0.0.0 Mobile Safari/537.36"
51.36.249.92 - - [28/Jul/2026:18:19:56 +0000] "GET /wp-content/plugins/woo-variation-gallery/assets/css/frontend.min.css?ver=1754748830 HTTP/1.1" 200 5657 "https://outlet.autozone.com.sa/" "Mozilla/5.0 (Linux; Android 10; K) AppleWebKit/537.36 (KHTML, like Gecko) Chrome/150.0.0.0 Mobile Safari/537.36"
51.36.249.92 - - [28/Jul/2026:18:19:56 +0000] "GET /wp-content/plugins/woo-variation-swatches/assets/css/frontend.min.css?ver=1764760746 HTTP/1.1" 200 4492 "https://outlet.autozone.com.sa/" "Mozilla/5.0 (Linux; Android 10; K) AppleWebKit/537.36 (KHTML, like Gecko) Chrome/150.0.0.0 Mobile Safari/537.36"
51.36.249.92 - - [28/Jul/2026:18:19:56 +0000] "GET /wp-content/plugins/elementor/assets/lib/swiper/v8/css/swiper.min.css?ver=8.4.5 HTTP/1.1" 200 4583 "https://outlet.autozone.com.sa/" "Mozilla/5.0 (Linux; Android 10; K) AppleWebKit/537.36 (KHTML, like Gecko) Chrome/150.0.0.0 Mobile Safari/537.36"
51.36.249.92 - - [28/Jul/2026:18:19:56 +0000] "GET /wp-content/plugins/elementor/assets/lib/animations/styles/slideInDown.min.css?ver=3.33.0 HTTP/1.1" 200 122 "https://outlet.autozone.com.sa/" "Mozilla/5.0 (Linux; Android 10; K) AppleWebKit/537.36 (KHTML, like Gecko) Chrome/150.0.0.0 Mobile Safari/537.36"
51.36.249.92 - - [28/Jul/2026:18:19:56 +0000] "GET /wp-content/plugins/jet-smart-filters/assets/css/public.css?ver=3.6.9 HTTP/1.1" 200 9128 "https://outlet.autozone.com.sa/" "Mozilla/5.0 (Linux; Android 10; K) AppleWebKit/537.36 (KHTML, like Gecko) Chrome/150.0.0.0 Mobile Safari/537.36"
51.36.249.92 - - [28/Jul/2026:18:19:56 +0000] "GET /wp-content/themes/hello-elementor/theme.min.css?ver=3.2.1 HTTP/1.1" 200 1289 "https://outlet.autozone.com.sa/" "Mozilla/5.0 (Linux; Android 10; K) AppleWebKit/537.36 (KHTML, like Gecko) Chrome/150.0.0.0 Mobile Safari/537.36"
51.36.249.92 - - [28/Jul/2026:18:19:56 +0000] "GET /wp-content/plugins/jet-tabs/assets/css/jet-tabs-frontend.css?ver=2.2.10 HTTP/1.1" 200 4018 "https://outlet.autozone.com.sa/" "Mozilla/5.0 (Linux; Android 10; K) AppleWebKit/537.36 (KHTML, like Gecko) Chrome/150.0.0.0 Mobile Safari/537.36"
51.36.249.92 - - [28/Jul/2026:18:19:56 +0000] "GET /wp-content/plugins/elementor/assets/lib/animations/styles/fadeInUp.min.css?ver=3.33.0 HTTP/1.1" 200 117 "https://outlet.autozone.com.sa/" "Mozilla/5.0 (Linux; Android 10; K) AppleWebKit/537.36 (KHTML, like Gecko) Chrome/150.0.0.0 Mobile Safari/537.36"
51.36.249.92 - - [28/Jul/2026:18:19:56 +0000] "GET /wp-content/plugins/elementor/assets/css/conditionals/e-swiper.min.css?ver=3.33.0 HTTP/1.1" 200 799 "https://outlet.autozone.com.sa/" "Mozilla/5.0 (Linux; Android 10; K) AppleWebKit/537.36 (KHTML, like Gecko) Chrome/150.0.0.0 Mobile Safari/537.36"
51.36.249.92 - - [28/Jul/2026:18:19:56 +0000] "GET /wp-content/uploads/elementor/css/custom-apple-webkit.min.css?ver=1785168313 HTTP/1.1" 200 557 "https://outlet.autozone.com.sa/" "Mozilla/5.0 (Linux; Android 10; K) AppleWebKit/537.36 (KHTML, like Gecko) Chrome/150.0.0.0 Mobile Safari/537.36"
51.36.249.92 - - [28/Jul/2026:18:19:56 +0000] "GET /wp-content/uploads/elementor/css/post-78.css?ver=1785168314 HTTP/1.1" 200 486 "https://outlet.autozone.com.sa/" "Mozilla/5.0 (Linux; Android 10; K) AppleWebKit/537.36 (KHTML, like Gecko) Chrome/150.0.0.0 Mobile Safari/537.36"
51.36.249.92 - - [28/Jul/2026:18:19:56 +0000] "GET /wp-content/plugins/jet-search/assets/css/jet-search.css?ver=3.5.12 HTTP/1.1" 200 10064 "https://outlet.autozone.com.sa/" "Mozilla/5.0 (Linux; Android 10; K) AppleWebKit/537.36 (KHTML, like Gecko) Chrome/150.0.0.0 Mobile Safari/537.36"
51.36.249.92 - - [28/Jul/2026:18:19:56 +0000] "GET /wp-content/plugins/jet-tricks/assets/css/jet-tricks-frontend.css?ver=1.5.6 HTTP/1.1" 200 3414 "https://outlet.autozone.com.sa/" "Mozilla/5.0 (Linux; Android 10; K) AppleWebKit/537.36 (KHTML, like Gecko) Chrome/150.0.0.0 Mobile Safari/537.36"
51.36.249.92 - - [28/Jul/2026:18:19:56 +0000] "GET /wp-content/plugins/jet-search/assets/lib/chosen/chosen.min.css?ver=1.8.7 HTTP/1.1" 200 2273 "https://outlet.autozone.com.sa/" "Mozilla/5.0 (Linux; Android 10; K) AppleWebKit/537.36 (KHTML, like Gecko) Chrome/150.0.0.0 Mobile Safari/537.36"
51.36.249.92 - - [28/Jul/2026:18:19:56 +0000] "GET /wp-content/plugins/jet-blog/assets/css/jet-blog.css?ver=2.4.5.1 HTTP/1.1" 200 10354 "https://outlet.autozone.com.sa/" "Mozilla/5.0 (Linux; Android 10; K) AppleWebKit/537.36 (KHTML, like Gecko) Chrome/150.0.0.0 Mobile Safari/537.36"
51.36.249.92 - - [28/Jul/2026:18:19:57 +0000] "GET /wp-content/plugins/sitepress-multilingual-cms/res/flags/ar.svg HTTP/1.1" 200 452 "https://outlet.autozone.com.sa/" "Mozilla/5.0 (Linux; Android 10; K) AppleWebKit/537.36 (KHTML, like Gecko) Chrome/150.0.0.0 Mobile Safari/537.36"
51.36.249.92 - - [28/Jul/2026:18:19:57 +0000] "GET /wp-content/uploads/2025/01/red-design.webp HTTP/1.1" 200 1793 "https://outlet.autozone.com.sa/" "Mozilla/5.0 (Linux; Android 10; K) AppleWebKit/537.36 (KHTML, like Gecko) Chrome/150.0.0.0 Mobile Safari/537.36"
51.36.249.92 - - [28/Jul/2026:18:19:58 +0000] "GET /wp-content/plugins/sitepress-multilingual-cms/res/flags/en.svg HTTP/1.1" 200 568 "https://outlet.autozone.com.sa/" "Mozilla/5.0 (Linux; Android 10; K) AppleWebKit/537.36 (KHTML, like Gecko) Chrome/150.0.0.0 Mobile Safari/537.36"
51.36.249.92 - - [28/Jul/2026:18:19:58 +0000] "GET /wp-content/uploads/2024/12/FB-Cover-Landing-Page-web-slider_landing-page-1-scaled-1.webp HTTP/1.1" 200 92874 "https://outlet.autozone.com.sa/wp-content/uploads/elementor/css/post-596.css?ver=1785168055" "Mozilla/5.0 (Linux; Android 10; K) AppleWebKit/537.36 (KHTML, like Gecko) Chrome/150.0.0.0 Mobile Safari/537.36"
51.36.249.92 - - [28/Jul/2026:18:19:59 +0000] "GET /wp-content/plugins/jet-smart-filters/assets/js/public.js?ver=3.6.9 HTTP/1.1" 200 34762 "https://outlet.autozone.com.sa/" "Mozilla/5.0 (Linux; Android 10; K) AppleWebKit/537.36 (KHTML, like Gecko) Chrome/150.0.0.0 Mobile Safari/537.36"
51.36.249.92 - - [28/Jul/2026:18:19:59 +0000] "GET /wp-content/plugins/jet-tabs/assets/js/jet-tabs-frontend.min.js?ver=2.2.10 HTTP/1.1" 200 6421 "https://outlet.autozone.com.sa/" "Mozilla/5.0 (Linux; Android 10; K) AppleWebKit/537.36 (KHTML, like Gecko) Chrome/150.0.0.0 Mobile Safari/537.36"
51.36.249.92 - - [28/Jul/2026:18:19:59 +0000] "GET /wp-content/plugins/elementor/assets/js/webpack.runtime.min.js?ver=3.33.0 HTTP/1.1" 200 2481 "https://outlet.autozone.com.sa/" "Mozilla/5.0 (Linux; Android 10; K) AppleWebKit/537.36 (KHTML, like Gecko) Chrome/150.0.0.0 Mobile Safari/537.36"
51.36.249.92 - - [28/Jul/2026:18:19:59 +0000] "GET /wp-content/plugins/jet-engine/assets/js/frontend.js?ver=3.7.3 HTTP/1.1" 200 15509 "https://outlet.autozone.com.sa/" "Mozilla/5.0 (Linux; Android 10; K) AppleWebKit/537.36 (KHTML, like Gecko) Chrome/150.0.0.0 Mobile Safari/537.36"
51.36.249.92 - - [28/Jul/2026:18:19:59 +0000] "GET /wp-content/plugins/woocommerce/assets/js/sourcebuster/sourcebuster.min.js?ver=10.3.7 HTTP/1.1" 200 4807 "https://outlet.autozone.com.sa/" "Mozilla/5.0 (Linux; Android 10; K) AppleWebKit/537.36 (KHTML, like Gecko) Chrome/150.0.0.0 Mobile Safari/537.36"
51.36.249.92 - - [28/Jul/2026:18:19:59 +0000] "GET /wp-content/plugins/jet-popup/assets/js/jet-popup-frontend.js?ver=2.0.16 HTTP/1.1" 200 6846 "https://outlet.autozone.com.sa/" "Mozilla/5.0 (Linux; Android 10; K) AppleWebKit/537.36 (KHTML, like Gecko) Chrome/150.0.0.0 Mobile Safari/537.36"
51.36.249.92 - - [28/Jul/2026:18:19:59 +0000] "GET /wp-content/plugins/elementor/assets/lib/swiper/v8/swiper.min.js?ver=8.4.5 HTTP/1.1" 200 39695 "https://outlet.autozone.com.sa/" "Mozilla/5.0 (Linux; Android 10; K) AppleWebKit/537.36 (KHTML, like Gecko) Chrome/150.0.0.0 Mobile Safari/537.36"
51.36.249.92 - - [28/Jul/2026:18:19:59 +0000] "GET /wp-content/plugins/jet-tricks/assets/js/jet-tricks-frontend.js?ver=1.5.6 HTTP/1.1" 200 9298 "https://outlet.autozone.com.sa/" "Mozilla/5.0 (Linux; Android 10; K) AppleWebKit/537.36 (KHTML, like Gecko) Chrome/150.0.0.0 Mobile Safari/537.36"
51.36.249.92 - - [28/Jul/2026:18:19:59 +0000] "GET /wp-content/plugins/woo-variation-swatches/assets/js/frontend.min.js?ver=1764760746 HTTP/1.1" 200 4963 "https://outlet.autozone.com.sa/" "Mozilla/5.0 (Linux; Android 10; K) AppleWebKit/537.36 (KHTML, like Gecko) Chrome/150.0.0.0 Mobile Safari/537.36"
51.36.249.92 - - [28/Jul/2026:18:19:59 +0000] "GET /wp-includes/js/jquery/ui/datepicker.min.js?ver=1.13.3 HTTP/1.1" 200 10907 "https://outlet.autozone.com.sa/" "Mozilla/5.0 (Linux; Android 10; K) AppleWebKit/537.36 (KHTML, like Gecko) Chrome/150.0.0.0 Mobile Safari/537.36"
51.36.249.92 - - [28/Jul/2026:18:19:59 +0000] "GET /wp-content/plugins/elementor/assets/js/frontend-modules.min.js?ver=3.33.0 HTTP/1.1" 200 22567 "https://outlet.autozone.com.sa/" "Mozilla/5.0 (Linux; Android 10; K) AppleWebKit/537.36 (KHTML, like Gecko) Chrome/150.0.0.0 Mobile Safari/537.36"
51.36.249.92 - - [28/Jul/2026:18:19:59 +0000] "GET /wp-content/plugins/woo-variation-gallery/assets/js/frontend.min.js?ver=1754748830 HTTP/1.1" 200 4745 "https://outlet.autozone.com.sa/" "Mozilla/5.0 (Linux; Android 10; K) AppleWebKit/537.36 (KHTML, like Gecko) Chrome/150.0.0.0 Mobile Safari/537.36"
51.36.249.92 - - [28/Jul/2026:18:19:59 +0000] "GET /wp-includes/js/api-request.min.js?ver=7.0.2 HTTP/1.1" 200 590 "https://outlet.autozone.com.sa/" "Mozilla/5.0 (Linux; Android 10; K) AppleWebKit/537.36 (KHTML, like Gecko) Chrome/150.0.0.0 Mobile Safari/537.36"
51.36.249.92 - - [28/Jul/2026:18:19:59 +0000] "GET /wp-includes/js/dist/vendor/wp-polyfill.min.js?ver=3.15.0 HTTP/1.1" 200 11897 "https://outlet.autozone.com.sa/" "Mozilla/5.0 (Linux; Android 10; K) AppleWebKit/537.36 (KHTML, like Gecko) Chrome/150.0.0.0 Mobile Safari/537.36"
