2a03:2880:f800:33:: - - [29/Jul/2026:01:43:17 +0000] "GET /en/hello-world/feed/ HTTP/1.1" 200 770 "-" "Mozilla/5.0 (Windows NT 10.0; Win64; x64) AppleWebKit/537.36 (KHTML, like Gecko) Chrome/145.0.0.0 Safari/537.36 (compatible; meta-webindexer/1.1 (+https://developers.facebook.com/docs/sharing/webmasters/crawler))"
172.105.42.26 - - [29/Jul/2026:01:43:57 +0000] "POST /wp-cron.php?doing_wp_cron=1785289437.8419580459594726562500 HTTP/1.1" 200 20 "-" "WordPress/7.0.2; https://outlet.autozone.com.sa"
2a03:2880:f800:2d:: - - [29/Jul/2026:01:43:54 +0000] "GET /wp-sitemap-taxonomies-car-type-1.xml HTTP/1.1" 200 193 "-" "Mozilla/5.0 (Windows NT 10.0; Win64; x64) AppleWebKit/537.36 (KHTML, like Gecko) Chrome/145.0.0.0 Safari/537.36 (compatible; meta-externalagent/1.1 (+https://developers.facebook.com/docs/sharing/webmasters/crawler))"
172.105.42.26 - - [29/Jul/2026:01:44:53 +0000] "POST /wp-cron.php?doing_wp_cron=1785289493.3532569408416748046875 HTTP/1.1" 200 20 "-" "WordPress/7.0.2; https://outlet.autozone.com.sa"
172.105.42.26 - - [29/Jul/2026:01:44:53 +0000] "POST /wp-cron.php?doing_wp_cron=1785289493.3532569408416748046875 HTTP/1.1" 200 20 "-" "WordPress/7.0.2; https://outlet.autozone.com.sa"
149.126.14.6 - - [29/Jul/2026:01:44:49 +0000] "POST /?wc-ajax=get_refreshed_fragments HTTP/1.1" 200 1006 "https://outlet.autozone.com.sa/our-offers/" "Mozilla/5.0 (iPhone; CPU iPhone OS 18_7_9 like Mac OS X) AppleWebKit/605.1.15 (KHTML, like Gecko) CriOS/150.0.7871.113 Mobile/15E148 Safari/604.1"
149.126.14.6 - - [29/Jul/2026:01:44:49 +0000] "POST /?wc-ajax=get_refreshed_fragments HTTP/1.1" 200 1006 "https://outlet.autozone.com.sa/our-offers/" "Mozilla/5.0 (iPhone; CPU iPhone OS 18_7_9 like Mac OS X) AppleWebKit/605.1.15 (KHTML, like Gecko) CriOS/150.0.7871.113 Mobile/15E148 Safari/604.1"
172.105.42.26 - - [29/Jul/2026:01:52:34 +0000] "POST /wp-cron.php?doing_wp_cron=1785289954.4481940269470214843750 HTTP/1.1" 200 20 "-" "WordPress/7.0.2; https://outlet.autozone.com.sa"
149.126.14.6 - - [29/Jul/2026:01:52:30 +0000] "GET /our-offers/ HTTP/1.1" 200 22311 "-" "Mozilla/5.0 (iPhone; CPU iPhone OS 18_7_9 like Mac OS X) AppleWebKit/605.1.15 (KHTML, like Gecko) CriOS/150.0.7871.113 Mobile/15E148 Safari/604.1"
149.126.14.6 - - [29/Jul/2026:01:52:35 +0000] "POST /?wc-ajax=get_refreshed_fragments HTTP/1.1" 200 1006 "https://outlet.autozone.com.sa/our-offers/" "Mozilla/5.0 (iPhone; CPU iPhone OS 18_7_9 like Mac OS X) AppleWebKit/605.1.15 (KHTML, like Gecko) CriOS/150.0.7871.113 Mobile/15E148 Safari/604.1"
149.126.14.6 - - [29/Jul/2026:01:52:35 +0000] "POST /?wc-ajax=get_refreshed_fragments HTTP/1.1" 200 1006 "https://outlet.autozone.com.sa/our-offers/" "Mozilla/5.0 (iPhone; CPU iPhone OS 18_7_9 like Mac OS X) AppleWebKit/605.1.15 (KHTML, like Gecko) CriOS/150.0.7871.113 Mobile/15E148 Safari/604.1"
149.126.14.6 - - [29/Jul/2026:01:52:44 +0000] "GET /showroom/ HTTP/1.1" 200 20200 "https://outlet.autozone.com.sa/our-offers/" "Mozilla/5.0 (iPhone; CPU iPhone OS 18_7_9 like Mac OS X) AppleWebKit/605.1.15 (KHTML, like Gecko) CriOS/150.0.7871.113 Mobile/15E148 Safari/604.1"
149.126.14.6 - - [29/Jul/2026:01:52:46 +0000] "GET /wp-content/uploads/elementor/css/post-665.css?ver=1785168053 HTTP/1.1" 200 745 "https://outlet.autozone.com.sa/showroom/" "Mozilla/5.0 (iPhone; CPU iPhone OS 18_7_9 like Mac OS X) AppleWebKit/605.1.15 (KHTML, like Gecko) CriOS/150.0.7871.113 Mobile/15E148 Safari/604.1"
149.126.14.6 - - [29/Jul/2026:01:52:46 +0000] "GET /wp-content/uploads/2024/12/az-new-logo-bg-2-1.jpg HTTP/1.1" 304 - "https://outlet.autozone.com.sa/showroom/" "Mozilla/5.0 (iPhone; CPU iPhone OS 18_7_9 like Mac OS X) AppleWebKit/605.1.15 (KHTML, like Gecko) CriOS/150.0.7871.113 Mobile/15E148 Safari/604.1"
149.126.14.6 - - [29/Jul/2026:01:52:48 +0000] "POST /?wc-ajax=get_refreshed_fragments HTTP/1.1" 200 1006 "https://outlet.autozone.com.sa/showroom/" "Mozilla/5.0 (iPhone; CPU iPhone OS 18_7_9 like Mac OS X) AppleWebKit/605.1.15 (KHTML, like Gecko) CriOS/150.0.7871.113 Mobile/15E148 Safari/604.1"
172.105.42.26 - - [29/Jul/2026:02:02:24 +0000] "POST /wp-cron.php?doing_wp_cron=1785290544.1218318939208984375000 HTTP/1.1" 200 20 "-" "WordPress/7.0.2; https://outlet.autozone.com.sa"
198.244.240.32 - - [29/Jul/2026:02:02:20 +0000] "GET /wp-sitemap.xml HTTP/1.1" 200 283 "-" "Mozilla/5.0 (compatible; AhrefsBot/7.0; +http://ahrefs.com/robot/)"
198.244.240.64 - - [29/Jul/2026:02:02:25 +0000] "GET /wp-sitemap-posts-page-1.xml HTTP/1.1" 200 317 "-" "Mozilla/5.0 (compatible; AhrefsBot/7.0; +http://ahrefs.com/robot/)"
198.244.168.36 - - [29/Jul/2026:02:02:28 +0000] "GET /wp-sitemap-posts-jet-popup-1.xml HTTP/1.1" 200 247 "-" "Mozilla/5.0 (compatible; AhrefsBot/7.0; +http://ahrefs.com/robot/)"
51.89.129.244 - - [29/Jul/2026:02:02:30 +0000] "GET /wp-sitemap-posts-product-1.xml HTTP/1.1" 200 280 "-" "Mozilla/5.0 (compatible; AhrefsBot/7.0; +http://ahrefs.com/robot/)"
172.105.42.26 - - [29/Jul/2026:02:02:32 +0000] "POST /wp-cron.php?doing_wp_cron=1785290552.7050058841705322265625 HTTP/1.1" 200 20 "-" "WordPress/7.0.2; https://outlet.autozone.com.sa"
198.244.242.223 - - [29/Jul/2026:02:02:32 +0000] "GET /wp-sitemap-posts-offers-1.xml HTTP/1.1" 200 282 "-" "Mozilla/5.0 (compatible; AhrefsBot/7.0; +http://ahrefs.com/robot/)"
54.38.147.79 - - [29/Jul/2026:02:02:34 +0000] "GET /wp-sitemap-taxonomies-product_cat-1.xml HTTP/1.1" 200 205 "-" "Mozilla/5.0 (compatible; AhrefsBot/7.0; +http://ahrefs.com/robot/)"
51.195.215.156 - - [29/Jul/2026:02:02:36 +0000] "GET /wp-sitemap-taxonomies-engine-capacity-1.xml HTTP/1.1" 200 200 "-" "Mozilla/5.0 (compatible; AhrefsBot/7.0; +http://ahrefs.com/robot/)"
51.89.129.231 - - [29/Jul/2026:02:02:38 +0000] "GET /wp-sitemap-taxonomies-condition-1.xml HTTP/1.1" 200 195 "-" "Mozilla/5.0 (compatible; AhrefsBot/7.0; +http://ahrefs.com/robot/)"
198.244.242.209 - - [29/Jul/2026:02:02:40 +0000] "GET /wp-sitemap-taxonomies-car-type-1.xml HTTP/1.1" 200 193 "-" "Mozilla/5.0 (compatible; AhrefsBot/7.0; +http://ahrefs.com/robot/)"
51.195.215.219 - - [29/Jul/2026:02:02:42 +0000] "GET /wp-sitemap-taxonomies-model-1.xml HTTP/1.1" 200 190 "-" "Mozilla/5.0 (compatible; AhrefsBot/7.0; +http://ahrefs.com/robot/)"
51.89.129.81 - - [29/Jul/2026:02:02:45 +0000] "GET /wp-sitemap-taxonomies-make-1.xml HTTP/1.1" 200 213 "-" "Mozilla/5.0 (compatible; AhrefsBot/7.0; +http://ahrefs.com/robot/)"
172.105.42.26 - - [29/Jul/2026:02:05:39 +0000] "POST /wp-cron.php?doing_wp_cron=1785290739.0352809429168701171875 HTTP/1.1" 200 20 "-" "WordPress/7.0.2; https://outlet.autozone.com.sa"
172.105.42.26 - - [29/Jul/2026:02:07:14 +0000] "POST /wp-cron.php?doing_wp_cron=1785290834.4503109455108642578125 HTTP/1.1" 200 20 "-" "WordPress/7.0.2; https://outlet.autozone.com.sa"
2404:c0:ba03:52b7:edfc:48af:f0e6:86cf - - [29/Jul/2026:02:07:09 +0000] "GET / HTTP/1.1" 200 35998 "-" "Mozilla/5.0 (compatible; research-scanner/1.0)"
2404:c0:ba03:52b7:edfc:48af:f0e6:86cf - - [29/Jul/2026:02:07:14 +0000] "GET /wp-admin/ HTTP/1.1" 302 20 "-" "Mozilla/5.0 (compatible; research-scanner/1.0)"
2404:c0:ba03:52b7:edfc:48af:f0e6:86cf - - [29/Jul/2026:02:07:15 +0000] "GET /wp-json/ HTTP/1.1" 200 156793 "-" "Mozilla/5.0 (compatible; research-scanner/1.0)"
2404:c0:ba03:52b7:edfc:48af:f0e6:86cf - - [29/Jul/2026:02:07:17 +0000] "POST /wp-json/batch/v1 HTTP/1.1" 207 36 "-" "Mozilla/5.0 (compatible; research-scanner/1.0)"
172.105.42.26 - - [29/Jul/2026:02:23:22 +0000] "POST /wp-cron.php?doing_wp_cron=1785291801.6219930648803710937500 HTTP/1.1" 200 20 "-" "WordPress/7.0.2; https://outlet.autozone.com.sa"
185.191.171.18 - - [29/Jul/2026:02:23:17 +0000] "GET /robots.txt HTTP/1.1" 200 201 "-" "Mozilla/5.0 (compatible; SemrushBot/7~bl; +http://www.semrush.com/bot.html)"
85.208.96.193 - - [29/Jul/2026:02:23:22 +0000] "GET /jet-popup/classic/ HTTP/1.1" 200 13548 "-" "Mozilla/5.0 (compatible; SemrushBot/7~bl; +http://www.semrush.com/bot.html)"
172.105.42.26 - - [29/Jul/2026:02:23:42 +0000] "POST /wp-cron.php?doing_wp_cron=1785291822.0572431087493896484375 HTTP/1.1" 200 20 "-" "WordPress/7.0.2; https://outlet.autozone.com.sa/en/"
17.22.245.98 - - [29/Jul/2026:02:23:40 +0000] "GET /en/ HTTP/1.1" 200 33438 "-" "Mozilla/5.0 (Macintosh; Intel Mac OS X 10_15_7) AppleWebKit/605.1.15 (KHTML, like Gecko) Version/17.4 Safari/605.1.15 (Applebot/0.1; +http://www.apple.com/go/applebot)"
170.106.35.187 - - [29/Jul/2026:02:25:52 +0000] "GET / HTTP/1.1" 200 35996 "http://outlet.autozone.com.sa" "Mozilla/5.0 (iPhone; CPU iPhone OS 13_2_3 like Mac OS X) AppleWebKit/605.1.15 (KHTML, like Gecko) Version/13.0.3 Mobile/15E148 Safari/604.1"
17.22.237.6 - - [29/Jul/2026:02:27:24 +0000] "GET /wp-content/plugins/woocommerce/assets/client/blocks/wc-blocks.css?ver=wc-10.3.7 HTTP/1.1" 200 2618 "https://outlet.autozone.com.sa/en/" "Mozilla/5.0 (Macintosh; Intel Mac OS X 10_15_7) AppleWebKit/605.1.15 (KHTML, like Gecko) Version/17.4 Safari/605.1.15 (Applebot/0.1; +http://www.apple.com/go/applebot)"
17.22.237.100 - - [29/Jul/2026:02:27:24 +0000] "GET /wp-content/plugins/woocommerce/assets/css/woocommerce.css?ver=10.3.7 HTTP/1.1" 200 10976 "https://outlet.autozone.com.sa/en/" "Mozilla/5.0 (Macintosh; Intel Mac OS X 10_15_7) AppleWebKit/605.1.15 (KHTML, like Gecko) Version/17.4 Safari/605.1.15 (Applebot/0.1; +http://www.apple.com/go/applebot)"
17.22.237.6 - - [29/Jul/2026:02:27:26 +0000] "GET /wp-content/plugins/element-pack-pro-1/assets/css/bdt-uikit.css?ver=3.16.24 HTTP/1.1" 200 15529 "https://outlet.autozone.com.sa/en/" "Mozilla/5.0 (Macintosh; Intel Mac OS X 10_15_7) AppleWebKit/605.1.15 (KHTML, like Gecko) Version/17.4 Safari/605.1.15 (Applebot/0.1; +http://www.apple.com/go/applebot)"
17.22.245.58 - - [29/Jul/2026:02:27:26 +0000] "GET /wp-content/plugins/woocommerce/assets/css/woocommerce-layout.css?ver=10.3.7 HTTP/1.1" 200 3414 "https://outlet.autozone.com.sa/en/" "Mozilla/5.0 (Macintosh; Intel Mac OS X 10_15_7) AppleWebKit/605.1.15 (KHTML, like Gecko) Version/17.4 Safari/605.1.15 (Applebot/0.1; +http://www.apple.com/go/applebot)"
17.22.237.6 - - [29/Jul/2026:02:27:27 +0000] "GET /wp-content/plugins/element-pack-pro-1/assets/css/ep-helper.css?ver=7.5.4 HTTP/1.1" 200 5700 "https://outlet.autozone.com.sa/en/" "Mozilla/5.0 (Macintosh; Intel Mac OS X 10_15_7) AppleWebKit/605.1.15 (KHTML, like Gecko) Version/17.4 Safari/605.1.15 (Applebot/0.1; +http://www.apple.com/go/applebot)"
17.22.245.58 - - [29/Jul/2026:02:27:29 +0000] "GET /wp-includes/css/dashicons.min.css?ver=7.0.2 HTTP/1.1" 200 35721 "https://outlet.autozone.com.sa/en/" "Mozilla/5.0 (Macintosh; Intel Mac OS X 10_15_7) AppleWebKit/605.1.15 (KHTML, like Gecko) Version/17.4 Safari/605.1.15 (Applebot/0.1; +http://www.apple.com/go/applebot)"
17.22.237.6 - - [29/Jul/2026:02:27:29 +0000] "GET /wp-content/plugins/woo-variation-swatches/assets/css/frontend.min.css?ver=1764760746 HTTP/1.1" 200 4492 "https://outlet.autozone.com.sa/en/" "Mozilla/5.0 (Macintosh; Intel Mac OS X 10_15_7) AppleWebKit/605.1.15 (KHTML, like Gecko) Version/17.4 Safari/605.1.15 (Applebot/0.1; +http://www.apple.com/go/applebot)"
17.22.237.100 - - [29/Jul/2026:02:27:29 +0000] "GET /wp-content/plugins/woo-variation-gallery/assets/css/frontend.min.css?ver=1754748830 HTTP/1.1" 200 5657 "https://outlet.autozone.com.sa/en/" "Mozilla/5.0 (Macintosh; Intel Mac OS X 10_15_7) AppleWebKit/605.1.15 (KHTML, like Gecko) Version/17.4 Safari/605.1.15 (Applebot/0.1; +http://www.apple.com/go/applebot)"
17.22.245.58 - - [29/Jul/2026:02:27:30 +0000] "GET /wp-content/plugins/woocommerce/assets/css/brands.css?ver=10.3.7 HTTP/1.1" 200 684 "https://outlet.autozone.com.sa/en/" "Mozilla/5.0 (Macintosh; Intel Mac OS X 10_15_7) AppleWebKit/605.1.15 (KHTML, like Gecko) Version/17.4 Safari/605.1.15 (Applebot/0.1; +http://www.apple.com/go/applebot)"
17.22.237.100 - - [29/Jul/2026:02:27:30 +0000] "GET /wp-content/themes/hello-elementor/header-footer.min.css?ver=3.2.1 HTTP/1.1" 200 1468 "https://outlet.autozone.com.sa/en/" "Mozilla/5.0 (Macintosh; Intel Mac OS X 10_15_7) AppleWebKit/605.1.15 (KHTML, like Gecko) Version/17.4 Safari/605.1.15 (Applebot/0.1; +http://www.apple.com/go/applebot)"
17.22.245.58 - - [29/Jul/2026:02:27:32 +0000] "GET /wp-content/themes/hello-elementor/style.min.css?ver=3.2.1 HTTP/1.1" 200 1808 "https://outlet.autozone.com.sa/en/" "Mozilla/5.0 (Macintosh; Intel Mac OS X 10_15_7) AppleWebKit/605.1.15 (KHTML, like Gecko) Version/17.4 Safari/605.1.15 (Applebot/0.1; +http://www.apple.com/go/applebot)"
17.22.237.100 - - [29/Jul/2026:02:27:32 +0000] "GET /wp-content/uploads/elementor/css/post-6.css?ver=1785168313 HTTP/1.1" 200 870 "https://outlet.autozone.com.sa/en/" "Mozilla/5.0 (Macintosh; Intel Mac OS X 10_15_7) AppleWebKit/605.1.15 (KHTML, like Gecko) Version/17.4 Safari/605.1.15 (Applebot/0.1; +http://www.apple.com/go/applebot)"
17.22.237.6 - - [29/Jul/2026:02:27:32 +0000] "GET /wp-content/uploads/elementor/css/custom-widget-icon-list.min.css?ver=1785168909 HTTP/1.1" 200 1040 "https://outlet.autozone.com.sa/en/" "Mozilla/5.0 (Macintosh; Intel Mac OS X 10_15_7) AppleWebKit/605.1.15 (KHTML, like Gecko) Version/17.4 Safari/605.1.15 (Applebot/0.1; +http://www.apple.com/go/applebot)"
17.22.245.58 - - [29/Jul/2026:02:27:33 +0000] "GET /wp-content/themes/hello-elementor/theme.min.css?ver=3.2.1 HTTP/1.1" 200 1289 "https://outlet.autozone.com.sa/en/" "Mozilla/5.0 (Macintosh; Intel Mac OS X 10_15_7) AppleWebKit/605.1.15 (KHTML, like Gecko) Version/17.4 Safari/605.1.15 (Applebot/0.1; +http://www.apple.com/go/applebot)"
17.22.237.100 - - [29/Jul/2026:02:27:33 +0000] "GET /wp-content/plugins/jet-theme-core/assets/css/frontend.css?ver=2.3.0.3 HTTP/1.1" 304 - "https://outlet.autozone.com.sa/en/" "Mozilla/5.0 (Macintosh; Intel Mac OS X 10_15_7) AppleWebKit/605.1.15 (KHTML, like Gecko) Version/17.4 Safari/605.1.15 (Applebot/0.1; +http://www.apple.com/go/applebot)"
17.22.237.6 - - [29/Jul/2026:02:27:34 +0000] "GET /wp-content/plugins/elementor/assets/css/widget-divider.min.css?ver=3.33.0 HTTP/1.1" 200 741 "https://outlet.autozone.com.sa/en/" "Mozilla/5.0 (Macintosh; Intel Mac OS X 10_15_7) AppleWebKit/605.1.15 (KHTML, like Gecko) Version/17.4 Safari/605.1.15 (Applebot/0.1; +http://www.apple.com/go/applebot)"
17.22.245.58 - - [29/Jul/2026:02:27:35 +0000] "GET /wp-content/uploads/elementor/css/custom-frontend.min.css?ver=1785168909 HTTP/1.1" 200 7242 "https://outlet.autozone.com.sa/en/" "Mozilla/5.0 (Macintosh; Intel Mac OS X 10_15_7) AppleWebKit/605.1.15 (KHTML, like Gecko) Version/17.4 Safari/605.1.15 (Applebot/0.1; +http://www.apple.com/go/applebot)"
17.22.237.100 - - [29/Jul/2026:02:27:35 +0000] "GET /wp-content/plugins/elementor/assets/css/widget-image.min.css?ver=3.33.0 HTTP/1.1" 200 135 "https://outlet.autozone.com.sa/en/" "Mozilla/5.0 (Macintosh; Intel Mac OS X 10_15_7) AppleWebKit/605.1.15 (KHTML, like Gecko) Version/17.4 Safari/605.1.15 (Applebot/0.1; +http://www.apple.com/go/applebot)"
17.22.237.6 - - [29/Jul/2026:02:27:35 +0000] "GET /wp-content/plugins/elementor/assets/css/widget-heading.min.css?ver=3.33.0 HTTP/1.1" 200 160 "https://outlet.autozone.com.sa/en/" "Mozilla/5.0 (Macintosh; Intel Mac OS X 10_15_7) AppleWebKit/605.1.15 (KHTML, like Gecko) Version/17.4 Safari/605.1.15 (Applebot/0.1; +http://www.apple.com/go/applebot)"
17.22.245.58 - - [29/Jul/2026:02:27:36 +0000] "GET /wp-content/plugins/jet-popup/assets/css/jet-popup-frontend.css?ver=2.0.16 HTTP/1.1" 200 2860 "https://outlet.autozone.com.sa/en/" "Mozilla/5.0 (Macintosh; Intel Mac OS X 10_15_7) AppleWebKit/605.1.15 (KHTML, like Gecko) Version/17.4 Safari/605.1.15 (Applebot/0.1; +http://www.apple.com/go/applebot)"
17.22.237.100 - - [29/Jul/2026:02:27:36 +0000] "GET /wp-content/uploads/elementor/css/custom-apple-webkit.min.css?ver=1785168313 HTTP/1.1" 200 557 "https://outlet.autozone.com.sa/en/" "Mozilla/5.0 (Macintosh; Intel Mac OS X 10_15_7) AppleWebKit/605.1.15 (KHTML, like Gecko) Version/17.4 Safari/605.1.15 (Applebot/0.1; +http://www.apple.com/go/applebot)"
17.22.237.100 - - [29/Jul/2026:02:27:37 +0000] "GET /wp-content/plugins/jet-tabs/assets/css/jet-tabs-frontend.css?ver=2.2.10 HTTP/1.1" 200 4018 "https://outlet.autozone.com.sa/en/" "Mozilla/5.0 (Macintosh; Intel Mac OS X 10_15_7) AppleWebKit/605.1.15 (KHTML, like Gecko) Version/17.4 Safari/605.1.15 (Applebot/0.1; +http://www.apple.com/go/applebot)"
17.22.245.58 - - [29/Jul/2026:02:27:37 +0000] "GET /wp-content/uploads/elementor/css/custom-pro-widget-nav-menu.min.css?ver=1785168910 HTTP/1.1" 200 3422 "https://outlet.autozone.com.sa/en/" "Mozilla/5.0 (Macintosh; Intel Mac OS X 10_15_7) AppleWebKit/605.1.15 (KHTML, like Gecko) Version/17.4 Safari/605.1.15 (Applebot/0.1; +http://www.apple.com/go/applebot)"
17.22.245.58 - - [29/Jul/2026:02:27:39 +0000] "GET /wp-content/plugins/elementor/assets/css/widget-social-icons.min.css?ver=3.33.0 HTTP/1.1" 200 1142 "https://outlet.autozone.com.sa/en/" "Mozilla/5.0 (Macintosh; Intel Mac OS X 10_15_7) AppleWebKit/605.1.15 (KHTML, like Gecko) Version/17.4 Safari/605.1.15 (Applebot/0.1; +http://www.apple.com/go/applebot)"
17.22.237.100 - - [29/Jul/2026:02:27:39 +0000] "GET /wp-content/plugins/elementor/assets/lib/animations/styles/fadeInUp.min.css?ver=3.33.0 HTTP/1.1" 200 117 "https://outlet.autozone.com.sa/en/" "Mozilla/5.0 (Macintosh; Intel Mac OS X 10_15_7) AppleWebKit/605.1.15 (KHTML, like Gecko) Version/17.4 Safari/605.1.15 (Applebot/0.1; +http://www.apple.com/go/applebot)"
17.22.245.58 - - [29/Jul/2026:02:27:40 +0000] "GET /wp-content/uploads/elementor/css/custom-jet-blocks.css?ver=1785168910&ver=1.3.19.1 HTTP/1.1" 200 5738 "https://outlet.autozone.com.sa/en/" "Mozilla/5.0 (Macintosh; Intel Mac OS X 10_15_7) AppleWebKit/605.1.15 (KHTML, like Gecko) Version/17.4 Safari/605.1.15 (Applebot/0.1; +http://www.apple.com/go/applebot)"
17.22.237.100 - - [29/Jul/2026:02:27:40 +0000] "GET /wp-content/uploads/elementor/css/custom-pro-widget-slides.min.css?ver=1785168910 HTTP/1.1" 200 591 "https://outlet.autozone.com.sa/en/" "Mozilla/5.0 (Macintosh; Intel Mac OS X 10_15_7) AppleWebKit/605.1.15 (KHTML, like Gecko) Version/17.4 Safari/605.1.15 (Applebot/0.1; +http://www.apple.com/go/applebot)"
17.22.237.6 - - [29/Jul/2026:02:27:41 +0000] "GET /wp-content/plugins/elementor/assets/lib/animations/styles/fadeInLeft.min.css?ver=3.33.0 HTTP/1.1" 200 120 "https://outlet.autozone.com.sa/en/" "Mozilla/5.0 (Macintosh; Intel Mac OS X 10_15_7) AppleWebKit/605.1.15 (KHTML, like Gecko) Version/17.4 Safari/605.1.15 (Applebot/0.1; +http://www.apple.com/go/applebot)"
17.22.245.58 - - [29/Jul/2026:02:27:42 +0000] "GET /wp-content/plugins/jet-blog/assets/css/jet-blog.css?ver=2.4.5.1 HTTP/1.1" 200 10354 "https://outlet.autozone.com.sa/en/" "Mozilla/5.0 (Macintosh; Intel Mac OS X 10_15_7) AppleWebKit/605.1.15 (KHTML, like Gecko) Version/17.4 Safari/605.1.15 (Applebot/0.1; +http://www.apple.com/go/applebot)"
17.22.237.6 - - [29/Jul/2026:02:27:42 +0000] "GET /wp-content/uploads/elementor/css/custom-widget-nested-tabs.min.css?ver=1785168909 HTTP/1.1" 200 1867 "https://outlet.autozone.com.sa/en/" "Mozilla/5.0 (Macintosh; Intel Mac OS X 10_15_7) AppleWebKit/605.1.15 (KHTML, like Gecko) Version/17.4 Safari/605.1.15 (Applebot/0.1; +http://www.apple.com/go/applebot)"
17.22.245.58 - - [29/Jul/2026:02:27:43 +0000] "GET /wp-content/plugins/jet-tricks/assets/css/jet-tricks-frontend.css?ver=1.5.6 HTTP/1.1" 200 3414 "https://outlet.autozone.com.sa/en/" "Mozilla/5.0 (Macintosh; Intel Mac OS X 10_15_7) AppleWebKit/605.1.15 (KHTML, like Gecko) Version/17.4 Safari/605.1.15 (Applebot/0.1; +http://www.apple.com/go/applebot)"
17.22.237.6 - - [29/Jul/2026:02:27:44 +0000] "GET /wp-content/uploads/elementor/css/post-12.css?ver=1785168054 HTTP/1.1" 200 4826 "https://outlet.autozone.com.sa/en/" "Mozilla/5.0 (Macintosh; Intel Mac OS X 10_15_7) AppleWebKit/605.1.15 (KHTML, like Gecko) Version/17.4 Safari/605.1.15 (Applebot/0.1; +http://www.apple.com/go/applebot)"
17.22.237.100 - - [29/Jul/2026:02:27:44 +0000] "GET /wp-content/uploads/elementor/css/post-77.css?ver=1785168910 HTTP/1.1" 200 893 "https://outlet.autozone.com.sa/en/" "Mozilla/5.0 (Macintosh; Intel Mac OS X 10_15_7) AppleWebKit/605.1.15 (KHTML, like Gecko) Version/17.4 Safari/605.1.15 (Applebot/0.1; +http://www.apple.com/go/applebot)"
17.22.245.58 - - [29/Jul/2026:02:27:45 +0000] "GET /wp-content/plugins/elementor/assets/lib/swiper/v8/css/swiper.min.css?ver=8.4.5 HTTP/1.1" 200 4583 "https://outlet.autozone.com.sa/en/" "Mozilla/5.0 (Macintosh; Intel Mac OS X 10_15_7) AppleWebKit/605.1.15 (KHTML, like Gecko) Version/17.4 Safari/605.1.15 (Applebot/0.1; +http://www.apple.com/go/applebot)"
17.22.237.6 - - [29/Jul/2026:02:27:45 +0000] "GET /wp-content/uploads/elementor/css/post-78.css?ver=1785168314 HTTP/1.1" 200 486 "https://outlet.autozone.com.sa/en/" "Mozilla/5.0 (Macintosh; Intel Mac OS X 10_15_7) AppleWebKit/605.1.15 (KHTML, like Gecko) Version/17.4 Safari/605.1.15 (Applebot/0.1; +http://www.apple.com/go/applebot)"
17.22.237.100 - - [29/Jul/2026:02:27:45 +0000] "GET /wp-content/uploads/elementor/css/post-79.css?ver=1785168911 HTTP/1.1" 200 1455 "https://outlet.autozone.com.sa/en/" "Mozilla/5.0 (Macintosh; Intel Mac OS X 10_15_7) AppleWebKit/605.1.15 (KHTML, like Gecko) Version/17.4 Safari/605.1.15 (Applebot/0.1; +http://www.apple.com/go/applebot)"
17.22.245.58 - - [29/Jul/2026:02:27:46 +0000] "GET /wp-content/plugins/elementor/assets/css/conditionals/e-swiper.min.css?ver=3.33.0 HTTP/1.1" 200 799 "https://outlet.autozone.com.sa/en/" "Mozilla/5.0 (Macintosh; Intel Mac OS X 10_15_7) AppleWebKit/605.1.15 (KHTML, like Gecko) Version/17.4 Safari/605.1.15 (Applebot/0.1; +http://www.apple.com/go/applebot)"
17.22.237.6 - - [29/Jul/2026:02:27:47 +0000] "GET /wp-content/uploads/elementor/css/post-80.css?ver=1785168911 HTTP/1.1" 200 1805 "https://outlet.autozone.com.sa/en/" "Mozilla/5.0 (Macintosh; Intel Mac OS X 10_15_7) AppleWebKit/605.1.15 (KHTML, like Gecko) Version/17.4 Safari/605.1.15 (Applebot/0.1; +http://www.apple.com/go/applebot)"
17.22.237.100 - - [29/Jul/2026:02:27:47 +0000] "GET /wp-content/plugins/jet-search/assets/lib/chosen/chosen.min.css?ver=1.8.7 HTTP/1.1" 200 2273 "https://outlet.autozone.com.sa/en/" "Mozilla/5.0 (Macintosh; Intel Mac OS X 10_15_7) AppleWebKit/605.1.15 (KHTML, like Gecko) Version/17.4 Safari/605.1.15 (Applebot/0.1; +http://www.apple.com/go/applebot)"
17.22.245.58 - - [29/Jul/2026:02:27:48 +0000] "GET /wp-content/plugins/elementor/assets/lib/animations/styles/slideInDown.min.css?ver=3.33.0 HTTP/1.1" 200 122 "https://outlet.autozone.com.sa/en/" "Mozilla/5.0 (Macintosh; Intel Mac OS X 10_15_7) AppleWebKit/605.1.15 (KHTML, like Gecko) Version/17.4 Safari/605.1.15 (Applebot/0.1; +http://www.apple.com/go/applebot)"
17.22.237.6 - - [29/Jul/2026:02:27:48 +0000] "GET /wp-content/uploads/elementor/css/post-981.css?ver=1785168911 HTTP/1.1" 200 3109 "https://outlet.autozone.com.sa/en/" "Mozilla/5.0 (Macintosh; Intel Mac OS X 10_15_7) AppleWebKit/605.1.15 (KHTML, like Gecko) Version/17.4 Safari/605.1.15 (Applebot/0.1; +http://www.apple.com/go/applebot)"
17.22.237.100 - - [29/Jul/2026:02:27:48 +0000] "GET /wp-content/plugins/jet-search/assets/css/jet-search.css?ver=3.5.12 HTTP/1.1" 200 10064 "https://outlet.autozone.com.sa/en/" "Mozilla/5.0 (Macintosh; Intel Mac OS X 10_15_7) AppleWebKit/605.1.15 (KHTML, like Gecko) Version/17.4 Safari/605.1.15 (Applebot/0.1; +http://www.apple.com/go/applebot)"
17.22.245.58 - - [29/Jul/2026:02:27:49 +0000] "GET /wp-content/plugins/jet-elements/assets/css/addons/jet-countdown-timer.css?ver=2.7.9.1 HTTP/1.1" 200 281 "https://outlet.autozone.com.sa/en/" "Mozilla/5.0 (Macintosh; Intel Mac OS X 10_15_7) AppleWebKit/605.1.15 (KHTML, like Gecko) Version/17.4 Safari/605.1.15 (Applebot/0.1; +http://www.apple.com/go/applebot)"
17.22.237.6 - - [29/Jul/2026:02:27:50 +0000] "GET /wp-content/uploads/elementor/css/post-1030.css?ver=1785168911 HTTP/1.1" 200 1777 "https://outlet.autozone.com.sa/en/" "Mozilla/5.0 (Macintosh; Intel Mac OS X 10_15_7) AppleWebKit/605.1.15 (KHTML, like Gecko) Version/17.4 Safari/605.1.15 (Applebot/0.1; +http://www.apple.com/go/applebot)"
17.22.237.100 - - [29/Jul/2026:02:27:50 +0000] "GET /wp-content/plugins/jet-elements/assets/css/skin/jet-countdown-timer.css?ver=2.7.9.1 HTTP/1.1" 200 100 "https://outlet.autozone.com.sa/en/" "Mozilla/5.0 (Macintosh; Intel Mac OS X 10_15_7) AppleWebKit/605.1.15 (KHTML, like Gecko) Version/17.4 Safari/605.1.15 (Applebot/0.1; +http://www.apple.com/go/applebot)"
17.22.245.58 - - [29/Jul/2026:02:27:50 +0000] "GET /wp-content/plugins/jet-smart-filters/assets/css/public.css?ver=3.6.9 HTTP/1.1" 200 9128 "https://outlet.autozone.com.sa/en/" "Mozilla/5.0 (Macintosh; Intel Mac OS X 10_15_7) AppleWebKit/605.1.15 (KHTML, like Gecko) Version/17.4 Safari/605.1.15 (Applebot/0.1; +http://www.apple.com/go/applebot)"
17.22.237.6 - - [29/Jul/2026:02:27:51 +0000] "GET /wp-content/plugins/jet-elements/assets/css/jet-elements.css?ver=2.7.9.1 HTTP/1.1" 200 3124 "https://outlet.autozone.com.sa/en/" "Mozilla/5.0 (Macintosh; Intel Mac OS X 10_15_7) AppleWebKit/605.1.15 (KHTML, like Gecko) Version/17.4 Safari/605.1.15 (Applebot/0.1; +http://www.apple.com/go/applebot)"
17.22.245.58 - - [29/Jul/2026:02:27:53 +0000] "GET /wp-content/plugins/jet-tricks/assets/js/jet-tricks-frontend.js?ver=1.5.6 HTTP/1.1" 200 9298 "https://outlet.autozone.com.sa/en/" "Mozilla/5.0 (Macintosh; Intel Mac OS X 10_15_7) AppleWebKit/605.1.15 (KHTML, like Gecko) Version/17.4 Safari/605.1.15 (Applebot/0.1; +http://www.apple.com/go/applebot)"
17.22.237.6 - - [29/Jul/2026:02:27:54 +0000] "GET /wp-content/plugins/woocommerce/assets/css/woocommerce-smallscreen.css?ver=10.3.7 HTTP/1.1" 200 1279 "https://outlet.autozone.com.sa/en/" "Mozilla/5.0 (Macintosh; Intel Mac OS X 10_15_7) AppleWebKit/605.1.15 (KHTML, like Gecko) Version/17.4 Safari/605.1.15 (Applebot/0.1; +http://www.apple.com/go/applebot)"
17.22.237.100 - - [29/Jul/2026:02:27:55 +0000] "GET /wp-content/plugins/jet-tricks/assets/js/lib/tippy/tippy-bundle.js?ver=6.3.1 HTTP/1.1" 200 18936 "https://outlet.autozone.com.sa/en/" "Mozilla/5.0 (Macintosh; Intel Mac OS X 10_15_7) AppleWebKit/605.1.15 (KHTML, like Gecko) Version/17.4 Safari/605.1.15 (Applebot/0.1; +http://www.apple.com/go/applebot)"
17.22.245.58 - - [29/Jul/2026:02:27:55 +0000] "GET /wp-content/plugins/jet-tricks/assets/js/lib/tippy/popperjs.js?ver=2.5.2 HTTP/1.1" 200 6619 "https://outlet.autozone.com.sa/en/" "Mozilla/5.0 (Macintosh; Intel Mac OS X 10_15_7) AppleWebKit/605.1.15 (KHTML, like Gecko) Version/17.4 Safari/605.1.15 (Applebot/0.1; +http://www.apple.com/go/applebot)"
17.22.237.6 - - [29/Jul/2026:02:27:55 +0000] "GET /wp-includes/js/jquery/ui/datepicker.min.js?ver=1.13.3 HTTP/1.1" 200 10907 "https://outlet.autozone.com.sa/en/" "Mozilla/5.0 (Macintosh; Intel Mac OS X 10_15_7) AppleWebKit/605.1.15 (KHTML, like Gecko) Version/17.4 Safari/605.1.15 (Applebot/0.1; +http://www.apple.com/go/applebot)"
17.22.245.58 - - [29/Jul/2026:02:27:56 +0000] "GET /wp-content/plugins/jet-popup/includes/elementor/assets/js/jet-popup-elementor-frontend.js?ver=2.0.16 HTTP/1.1" 200 2342 "https://outlet.autozone.com.sa/en/" "Mozilla/5.0 (Macintosh; Intel Mac OS X 10_15_7) AppleWebKit/605.1.15 (KHTML, like Gecko) Version/17.4 Safari/605.1.15 (Applebot/0.1; +http://www.apple.com/go/applebot)"
17.22.237.6 - - [29/Jul/2026:02:27:57 +0000] "GET /wp-content/plugins/jet-smart-filters/assets/js/public.js?ver=3.6.9 HTTP/1.1" 200 34762 "https://outlet.autozone.com.sa/en/" "Mozilla/5.0 (Macintosh; Intel Mac OS X 10_15_7) AppleWebKit/605.1.15 (KHTML, like Gecko) Version/17.4 Safari/605.1.15 (Applebot/0.1; +http://www.apple.com/go/applebot)"
17.22.245.58 - - [29/Jul/2026:02:27:58 +0000] "GET /wp-content/plugins/jet-elements/assets/js/jet-elements.min.js?ver=2.7.9.1 HTTP/1.1" 200 26520 "https://outlet.autozone.com.sa/en/" "Mozilla/5.0 (Macintosh; Intel Mac OS X 10_15_7) AppleWebKit/605.1.15 (KHTML, like Gecko) Version/17.4 Safari/605.1.15 (Applebot/0.1; +http://www.apple.com/go/applebot)"
17.22.237.100 - - [29/Jul/2026:02:27:58 +0000] "GET /wp-content/plugins/elementor-pro/assets/js/frontend.min.js?ver=3.33.1 HTTP/1.1" 200 6433 "https://outlet.autozone.com.sa/en/" "Mozilla/5.0 (Macintosh; Intel Mac OS X 10_15_7) AppleWebKit/605.1.15 (KHTML, like Gecko) Version/17.4 Safari/605.1.15 (Applebot/0.1; +http://www.apple.com/go/applebot)"
17.22.237.6 - - [29/Jul/2026:02:27:58 +0000] "GET /wp-content/plugins/jet-tabs/assets/js/jet-tabs-frontend.min.js?ver=2.2.10 HTTP/1.1" 200 6421 "https://outlet.autozone.com.sa/en/" "Mozilla/5.0 (Macintosh; Intel Mac OS X 10_15_7) AppleWebKit/605.1.15 (KHTML, like Gecko) Version/17.4 Safari/605.1.15 (Applebot/0.1; +http://www.apple.com/go/applebot)"
17.22.245.58 - - [29/Jul/2026:02:27:59 +0000] "GET /wp-content/plugins/jet-compare-wishlist/assets/js/dist/frontend.js?ver=1.5.11 HTTP/1.1" 200 1925 "https://outlet.autozone.com.sa/en/" "Mozilla/5.0 (Macintosh; Intel Mac OS X 10_15_7) AppleWebKit/605.1.15 (KHTML, like Gecko) Version/17.4 Safari/605.1.15 (Applebot/0.1; +http://www.apple.com/go/applebot)"
17.22.237.6 - - [29/Jul/2026:02:28:00 +0000] "GET /wp-content/plugins/elementor-pro/assets/js/elements-handlers.min.js?ver=3.33.1 HTTP/1.1" 200 10567 "https://outlet.autozone.com.sa/en/" "Mozilla/5.0 (Macintosh; Intel Mac OS X 10_15_7) AppleWebKit/605.1.15 (KHTML, like Gecko) Version/17.4 Safari/605.1.15 (Applebot/0.1; +http://www.apple.com/go/applebot)"
17.22.245.58 - - [29/Jul/2026:02:28:00 +0000] "GET /wp-content/plugins/jet-blocks/assets/js/jet-blocks.min.js?ver=1.3.19.1 HTTP/1.1" 200 5961 "https://outlet.autozone.com.sa/en/" "Mozilla/5.0 (Macintosh; Intel Mac OS X 10_15_7) AppleWebKit/605.1.15 (KHTML, like Gecko) Version/17.4 Safari/605.1.15 (Applebot/0.1; +http://www.apple.com/go/applebot)"
17.22.237.6 - - [29/Jul/2026:02:28:01 +0000] "GET /wp-content/plugins/elementor-pro/assets/js/webpack-pro.runtime.min.js?ver=3.33.1 HTTP/1.1" 200 2855 "https://outlet.autozone.com.sa/en/" "Mozilla/5.0 (Macintosh; Intel Mac OS X 10_15_7) AppleWebKit/605.1.15 (KHTML, like Gecko) Version/17.4 Safari/605.1.15 (Applebot/0.1; +http://www.apple.com/go/applebot)"
17.22.237.100 - - [29/Jul/2026:02:28:01 +0000] "GET /wp-content/plugins/woocommerce/assets/js/frontend/order-attribution.min.js?ver=10.3.7 HTTP/1.1" 200 1128 "https://outlet.autozone.com.sa/en/" "Mozilla/5.0 (Macintosh; Intel Mac OS X 10_15_7) AppleWebKit/605.1.15 (KHTML, like Gecko) Version/17.4 Safari/605.1.15 (Applebot/0.1; +http://www.apple.com/go/applebot)"
17.22.245.58 - - [29/Jul/2026:02:28:02 +0000] "GET /wp-content/plugins/woocommerce-multilingual/res/js/cart_widget.min.js?ver=5.5.3.1 HTTP/1.1" 200 523 "https://outlet.autozone.com.sa/en/" "Mozilla/5.0 (Macintosh; Intel Mac OS X 10_15_7) AppleWebKit/605.1.15 (KHTML, like Gecko) Version/17.4 Safari/605.1.15 (Applebot/0.1; +http://www.apple.com/go/applebot)"
17.22.237.6 - - [29/Jul/2026:02:28:03 +0000] "GET /wp-content/plugins/element-pack-pro-1/assets/js/common/helper.min.js?ver=7.5.4 HTTP/1.1" 200 678 "https://outlet.autozone.com.sa/en/" "Mozilla/5.0 (Macintosh; Intel Mac OS X 10_15_7) AppleWebKit/605.1.15 (KHTML, like Gecko) Version/17.4 Safari/605.1.15 (Applebot/0.1; +http://www.apple.com/go/applebot)"
17.22.237.100 - - [29/Jul/2026:02:28:03 +0000] "GET /wp-content/plugins/elementor/assets/lib/swiper/v8/swiper.min.js?ver=8.4.5 HTTP/1.1" 200 39695 "https://outlet.autozone.com.sa/en/" "Mozilla/5.0 (Macintosh; Intel Mac OS X 10_15_7) AppleWebKit/605.1.15 (KHTML, like Gecko) Version/17.4 Safari/605.1.15 (Applebot/0.1; +http://www.apple.com/go/applebot)"
17.22.245.58 - - [29/Jul/2026:02:28:03 +0000] "GET /wp-content/plugins/woocommerce/assets/js/sourcebuster/sourcebuster.min.js?ver=10.3.7 HTTP/1.1" 200 4807 "https://outlet.autozone.com.sa/en/" "Mozilla/5.0 (Macintosh; Intel Mac OS X 10_15_7) AppleWebKit/605.1.15 (KHTML, like Gecko) Version/17.4 Safari/605.1.15 (Applebot/0.1; +http://www.apple.com/go/applebot)"
17.22.237.6 - - [29/Jul/2026:02:28:04 +0000] "GET /wp-content/plugins/element-pack-pro-1/assets/js/bdt-uikit.min.js?ver=3.16.24 HTTP/1.1" 200 49722 "https://outlet.autozone.com.sa/en/" "Mozilla/5.0 (Macintosh; Intel Mac OS X 10_15_7) AppleWebKit/605.1.15 (KHTML, like Gecko) Version/17.4 Safari/605.1.15 (Applebot/0.1; +http://www.apple.com/go/applebot)"
17.22.245.58 - - [29/Jul/2026:02:28:05 +0000] "GET /wp-content/plugins/elementor/assets/js/frontend.min.js?ver=3.33.0 HTTP/1.1" 200 10325 "https://outlet.autozone.com.sa/en/" "Mozilla/5.0 (Macintosh; Intel Mac OS X 10_15_7) AppleWebKit/605.1.15 (KHTML, like Gecko) Version/17.4 Safari/605.1.15 (Applebot/0.1; +http://www.apple.com/go/applebot)"
17.22.237.6 - - [29/Jul/2026:02:28:05 +0000] "GET /wp-content/plugins/jet-engine/assets/js/frontend.js?ver=3.7.3 HTTP/1.1" 200 15509 "https://outlet.autozone.com.sa/en/" "Mozilla/5.0 (Macintosh; Intel Mac OS X 10_15_7) AppleWebKit/605.1.15 (KHTML, like Gecko) Version/17.4 Safari/605.1.15 (Applebot/0.1; +http://www.apple.com/go/applebot)"
17.22.245.58 - - [29/Jul/2026:02:28:06 +0000] "GET /wp-includes/js/jquery/ui/core.min.js?ver=1.13.3 HTTP/1.1" 200 7106 "https://outlet.autozone.com.sa/en/" "Mozilla/5.0 (Macintosh; Intel Mac OS X 10_15_7) AppleWebKit/605.1.15 (KHTML, like Gecko) Version/17.4 Safari/605.1.15 (Applebot/0.1; +http://www.apple.com/go/applebot)"
17.22.237.6 - - [29/Jul/2026:02:28:07 +0000] "GET /wp-content/plugins/jet-engine/assets/lib/slick/slick.min.js?ver=1.8.1 HTTP/1.1" 200 10327 "https://outlet.autozone.com.sa/en/" "Mozilla/5.0 (Macintosh; Intel Mac OS X 10_15_7) AppleWebKit/605.1.15 (KHTML, like Gecko) Version/17.4 Safari/605.1.15 (Applebot/0.1; +http://www.apple.com/go/applebot)"
17.22.237.100 - - [29/Jul/2026:02:28:07 +0000] "GET /wp-content/plugins/jet-elements/assets/js/lib/anime-js/anime.min.js?ver=2.2.0 HTTP/1.1" 200 6057 "https://outlet.autozone.com.sa/en/" "Mozilla/5.0 (Macintosh; Intel Mac OS X 10_15_7) AppleWebKit/605.1.15 (KHTML, like Gecko) Version/17.4 Safari/605.1.15 (Applebot/0.1; +http://www.apple.com/go/applebot)"
17.22.245.58 - - [29/Jul/2026:02:28:08 +0000] "GET /wp-content/plugins/elementor/assets/js/frontend-modules.min.js?ver=3.33.0 HTTP/1.1" 200 22567 "https://outlet.autozone.com.sa/en/" "Mozilla/5.0 (Macintosh; Intel Mac OS X 10_15_7) AppleWebKit/605.1.15 (KHTML, like Gecko) Version/17.4 Safari/605.1.15 (Applebot/0.1; +http://www.apple.com/go/applebot)"
17.22.237.6 - - [29/Jul/2026:02:28:08 +0000] "GET /wp-content/plugins/elementor-pro/assets/lib/smartmenus/jquery.smartmenus.min.js?ver=1.2.1 HTTP/1.1" 200 7087 "https://outlet.autozone.com.sa/en/" "Mozilla/5.0 (Macintosh; Intel Mac OS X 10_15_7) AppleWebKit/605.1.15 (KHTML, like Gecko) Version/17.4 Safari/605.1.15 (Applebot/0.1; +http://www.apple.com/go/applebot)"
17.22.237.100 - - [29/Jul/2026:02:28:09 +0000] "GET /wp-content/plugins/jet-search/assets/lib/jet-plugins/jet-plugins.js?ver=1.0.0 HTTP/1.1" 200 2282 "https://outlet.autozone.com.sa/en/" "Mozilla/5.0 (Macintosh; Intel Mac OS X 10_15_7) AppleWebKit/605.1.15 (KHTML, like Gecko) Version/17.4 Safari/605.1.15 (Applebot/0.1; +http://www.apple.com/go/applebot)"
17.22.245.58 - - [29/Jul/2026:02:28:09 +0000] "GET /wp-content/plugins/elementor/assets/js/webpack.runtime.min.js?ver=3.33.0 HTTP/1.1" 200 2481 "https://outlet.autozone.com.sa/en/" "Mozilla/5.0 (Macintosh; Intel Mac OS X 10_15_7) AppleWebKit/605.1.15 (KHTML, like Gecko) Version/17.4 Safari/605.1.15 (Applebot/0.1; +http://www.apple.com/go/applebot)"
17.22.237.6 - - [29/Jul/2026:02:28:10 +0000] "GET /wp-content/themes/hello-elementor/assets/js/hello-frontend.min.js?ver=3.2.1 HTTP/1.1" 200 598 "https://outlet.autozone.com.sa/en/" "Mozilla/5.0 (Macintosh; Intel Mac OS X 10_15_7) AppleWebKit/605.1.15 (KHTML, like Gecko) Version/17.4 Safari/605.1.15 (Applebot/0.1; +http://www.apple.com/go/applebot)"
17.22.237.100 - - [29/Jul/2026:02:28:10 +0000] "GET /wp-includes/js/dist/api-fetch.min.js?ver=d7efe4dc1468d36c39b8 HTTP/1.1" 200 2839 "https://outlet.autozone.com.sa/en/" "Mozilla/5.0 (Macintosh; Intel Mac OS X 10_15_7) AppleWebKit/605.1.15 (KHTML, like Gecko) Version/17.4 Safari/605.1.15 (Applebot/0.1; +http://www.apple.com/go/applebot)"
17.22.245.58 - - [29/Jul/2026:02:28:11 +0000] "GET /wp-content/plugins/jet-popup/assets/js/jet-popup-frontend.js?ver=2.0.16 HTTP/1.1" 200 6846 "https://outlet.autozone.com.sa/en/" "Mozilla/5.0 (Macintosh; Intel Mac OS X 10_15_7) AppleWebKit/605.1.15 (KHTML, like Gecko) Version/17.4 Safari/605.1.15 (Applebot/0.1; +http://www.apple.com/go/applebot)"
17.22.237.6 - - [29/Jul/2026:02:28:11 +0000] "GET /wp-content/plugins/woo-variation-swatches/assets/js/frontend.min.js?ver=1764760746 HTTP/1.1" 200 4963 "https://outlet.autozone.com.sa/en/" "Mozilla/5.0 (Macintosh; Intel Mac OS X 10_15_7) AppleWebKit/605.1.15 (KHTML, like Gecko) Version/17.4 Safari/605.1.15 (Applebot/0.1; +http://www.apple.com/go/applebot)"
17.22.237.100 - - [29/Jul/2026:02:28:11 +0000] "GET /wp-includes/js/api-request.min.js?ver=7.0.2 HTTP/1.1" 200 590 "https://outlet.autozone.com.sa/en/" "Mozilla/5.0 (Macintosh; Intel Mac OS X 10_15_7) AppleWebKit/605.1.15 (KHTML, like Gecko) Version/17.4 Safari/605.1.15 (Applebot/0.1; +http://www.apple.com/go/applebot)"
17.22.245.58 - - [29/Jul/2026:02:28:12 +0000] "GET /wp-includes/js/dist/hooks.min.js?ver=7496969728ca0f95732d HTTP/1.1" 200 1829 "https://outlet.autozone.com.sa/en/" "Mozilla/5.0 (Macintosh; Intel Mac OS X 10_15_7) AppleWebKit/605.1.15 (KHTML, like Gecko) Version/17.4 Safari/605.1.15 (Applebot/0.1; +http://www.apple.com/go/applebot)"
17.22.237.6 - - [29/Jul/2026:02:28:13 +0000] "GET /wp-includes/js/dist/vendor/wp-polyfill.min.js?ver=3.15.0 HTTP/1.1" 200 11897 "https://outlet.autozone.com.sa/en/" "Mozilla/5.0 (Macintosh; Intel Mac OS X 10_15_7) AppleWebKit/605.1.15 (KHTML, like Gecko) Version/17.4 Safari/605.1.15 (Applebot/0.1; +http://www.apple.com/go/applebot)"
17.22.237.100 - - [29/Jul/2026:02:28:13 +0000] "GET /wp-content/plugins/woo-variation-gallery/assets/js/frontend.min.js?ver=1754748830 HTTP/1.1" 200 4745 "https://outlet.autozone.com.sa/en/" "Mozilla/5.0 (Macintosh; Intel Mac OS X 10_15_7) AppleWebKit/605.1.15 (KHTML, like Gecko) Version/17.4 Safari/605.1.15 (Applebot/0.1; +http://www.apple.com/go/applebot)"
17.22.237.6 - - [29/Jul/2026:02:28:14 +0000] "GET /wp-includes/js/dist/url.min.js?ver=bb0f766c3d2efe497871 HTTP/1.1" 200 3904 "https://outlet.autozone.com.sa/en/" "Mozilla/5.0 (Macintosh; Intel Mac OS X 10_15_7) AppleWebKit/605.1.15 (KHTML, like Gecko) Version/17.4 Safari/605.1.15 (Applebot/0.1; +http://www.apple.com/go/applebot)"
17.22.237.100 - - [29/Jul/2026:02:28:14 +0000] "GET /wp-content/plugins/woo-variation-gallery/assets/js/slick.min.js?ver=1.8.1 HTTP/1.1" 200 10678 "https://outlet.autozone.com.sa/en/" "Mozilla/5.0 (Macintosh; Intel Mac OS X 10_15_7) AppleWebKit/605.1.15 (KHTML, like Gecko) Version/17.4 Safari/605.1.15 (Applebot/0.1; +http://www.apple.com/go/applebot)"
17.22.237.6 - - [29/Jul/2026:02:28:15 +0000] "GET /wp-includes/js/dist/i18n.min.js?ver=781d11515ad3d91786ec HTTP/1.1" 200 2465 "https://outlet.autozone.com.sa/en/" "Mozilla/5.0 (Macintosh; Intel Mac OS X 10_15_7) AppleWebKit/605.1.15 (KHTML, like Gecko) Version/17.4 Safari/605.1.15 (Applebot/0.1; +http://www.apple.com/go/applebot)"
17.22.237.100 - - [29/Jul/2026:02:28:16 +0000] "GET /wp-includes/js/underscore.min.js?ver=1.13.8 HTTP/1.1" 200 7372 "https://outlet.autozone.com.sa/en/" "Mozilla/5.0 (Macintosh; Intel Mac OS X 10_15_7) AppleWebKit/605.1.15 (KHTML, like Gecko) Version/17.4 Safari/605.1.15 (Applebot/0.1; +http://www.apple.com/go/applebot)"
17.22.245.58 - - [29/Jul/2026:02:28:17 +0000] "GET /wp-content/plugins/woocommerce/assets/js/frontend/add-to-cart.min.js?ver=10.3.7 HTTP/1.1" 200 1368 "https://outlet.autozone.com.sa/en/" "Mozilla/5.0 (Macintosh; Intel Mac OS X 10_15_7) AppleWebKit/605.1.15 (KHTML, like Gecko) Version/17.4 Safari/605.1.15 (Applebot/0.1; +http://www.apple.com/go/applebot)"
17.22.237.6 - - [29/Jul/2026:02:28:17 +0000] "GET /wp-content/plugins/woocommerce/assets/js/frontend/add-to-cart-variation.min.js?ver=10.3.7 HTTP/1.1" 200 3940 "https://outlet.autozone.com.sa/en/" "Mozilla/5.0 (Macintosh; Intel Mac OS X 10_15_7) AppleWebKit/605.1.15 (KHTML, like Gecko) Version/17.4 Safari/605.1.15 (Applebot/0.1; +http://www.apple.com/go/applebot)"
17.22.245.58 - - [29/Jul/2026:02:28:18 +0000] "GET /wp-content/plugins/woocommerce/assets/js/jquery-blockui/jquery.blockUI.min.js?ver=2.7.0-wc.10.3.7 HTTP/1.1" 200 3537 "https://outlet.autozone.com.sa/en/" "Mozilla/5.0 (Macintosh; Intel Mac OS X 10_15_7) AppleWebKit/605.1.15 (KHTML, like Gecko) Version/17.4 Safari/605.1.15 (Applebot/0.1; +http://www.apple.com/go/applebot)"
17.22.237.6 - - [29/Jul/2026:02:28:18 +0000] "GET /wp-includes/js/imagesloaded.min.js?ver=5.0.0 HTTP/1.1" 200 1803 "https://outlet.autozone.com.sa/en/" "Mozilla/5.0 (Macintosh; Intel Mac OS X 10_15_7) AppleWebKit/605.1.15 (KHTML, like Gecko) Version/17.4 Safari/605.1.15 (Applebot/0.1; +http://www.apple.com/go/applebot)"
17.22.237.100 - - [29/Jul/2026:02:28:19 +0000] "GET /wp-content/plugins/woocommerce/assets/js/js-cookie/js.cookie.min.js?ver=2.1.4-wc.10.3.7 HTTP/1.1" 200 833 "https://outlet.autozone.com.sa/en/" "Mozilla/5.0 (Macintosh; Intel Mac OS X 10_15_7) AppleWebKit/605.1.15 (KHTML, like Gecko) Version/17.4 Safari/605.1.15 (Applebot/0.1; +http://www.apple.com/go/applebot)"
17.22.237.6 - - [29/Jul/2026:02:28:20 +0000] "GET /wp-content/plugins/jet-woo-product-gallery/assets/lib/swiper/swiper.min.js?ver=5.3.6 HTTP/1.1" 200 35491 "https://outlet.autozone.com.sa/en/" "Mozilla/5.0 (Macintosh; Intel Mac OS X 10_15_7) AppleWebKit/605.1.15 (KHTML, like Gecko) Version/17.4 Safari/605.1.15 (Applebot/0.1; +http://www.apple.com/go/applebot)"
17.22.237.100 - - [29/Jul/2026:02:28:21 +0000] "GET /wp-content/plugins/sitepress-multilingual-cms/res/js/cookies/language-cookie.js?ver=486900 HTTP/1.1" 200 187 "https://outlet.autozone.com.sa/en/" "Mozilla/5.0 (Macintosh; Intel Mac OS X 10_15_7) AppleWebKit/605.1.15 (KHTML, like Gecko) Version/17.4 Safari/605.1.15 (Applebot/0.1; +http://www.apple.com/go/applebot)"
17.22.237.6 - - [29/Jul/2026:02:28:21 +0000] "GET /wp-includes/js/wp-util.min.js?ver=7.0.2 HTTP/1.1" 200 754 "https://outlet.autozone.com.sa/en/" "Mozilla/5.0 (Macintosh; Intel Mac OS X 10_15_7) AppleWebKit/605.1.15 (KHTML, like Gecko) Version/17.4 Safari/605.1.15 (Applebot/0.1; +http://www.apple.com/go/applebot)"
17.22.237.6 - - [29/Jul/2026:02:28:23 +0000] "GET /wp-content/plugins/woocommerce/assets/js/frontend/woocommerce.min.js?ver=10.3.7 HTTP/1.1" 200 1474 "https://outlet.autozone.com.sa/en/" "Mozilla/5.0 (Macintosh; Intel Mac OS X 10_15_7) AppleWebKit/605.1.15 (KHTML, like Gecko) Version/17.4 Safari/605.1.15 (Applebot/0.1; +http://www.apple.com/go/applebot)"
17.22.237.6 - - [29/Jul/2026:02:28:24 +0000] "GET /wp-content/plugins/woocommerce/assets/js/frontend/cart-fragments.min.js?ver=10.3.7 HTTP/1.1" 200 1045 "https://outlet.autozone.com.sa/en/" "Mozilla/5.0 (Macintosh; Intel Mac OS X 10_15_7) AppleWebKit/605.1.15 (KHTML, like Gecko) Version/17.4 Safari/605.1.15 (Applebot/0.1; +http://www.apple.com/go/applebot)"
17.22.237.6 - - [29/Jul/2026:02:28:25 +0000] "GET /wp-includes/js/jquery/jquery-migrate.min.js?ver=3.4.1 HTTP/1.1" 200 4872 "https://outlet.autozone.com.sa/en/" "Mozilla/5.0 (Macintosh; Intel Mac OS X 10_15_7) AppleWebKit/605.1.15 (KHTML, like Gecko) Version/17.4 Safari/605.1.15 (Applebot/0.1; +http://www.apple.com/go/applebot)"
17.22.237.6 - - [29/Jul/2026:02:28:27 +0000] "GET /wp-includes/js/jquery/jquery.min.js?ver=3.7.1 HTTP/1.1" 200 30368 "https://outlet.autozone.com.sa/en/" "Mozilla/5.0 (Macintosh; Intel Mac OS X 10_15_7) AppleWebKit/605.1.15 (KHTML, like Gecko) Version/17.4 Safari/605.1.15 (Applebot/0.1; +http://www.apple.com/go/applebot)"
17.22.237.6 - - [29/Jul/2026:02:28:30 +0000] "GET /wp-content/plugins/elementor/assets/js/shared-frontend-handlers.03caa53373b56d3bab67.bundle.min.js HTTP/1.1" 200 2644 "https://outlet.autozone.com.sa/en/" "Mozilla/5.0 (Macintosh; Intel Mac OS X 10_15_7) AppleWebKit/605.1.15 (KHTML, like Gecko) Version/17.4 Safari/605.1.15 (Applebot/0.1; +http://www.apple.com/go/applebot)"
17.22.237.100 - - [29/Jul/2026:02:28:31 +0000] "GET /wp-content/plugins/elementor-pro/assets/js/nav-menu.8521a0597c50611efdc6.bundle.min.js HTTP/1.1" 200 1870 "https://outlet.autozone.com.sa/en/" "Mozilla/5.0 (Macintosh; Intel Mac OS X 10_15_7) AppleWebKit/605.1.15 (KHTML, like Gecko) Version/17.4 Safari/605.1.15 (Applebot/0.1; +http://www.apple.com/go/applebot)"
17.22.237.6 - - [29/Jul/2026:02:28:31 +0000] "GET /wp-content/plugins/elementor/assets/js/text-editor.45609661e409413f1cef.bundle.min.js HTTP/1.1" 200 648 "https://outlet.autozone.com.sa/en/" "Mozilla/5.0 (Macintosh; Intel Mac OS X 10_15_7) AppleWebKit/605.1.15 (KHTML, like Gecko) Version/17.4 Safari/605.1.15 (Applebot/0.1; +http://www.apple.com/go/applebot)"
17.22.237.100 - - [29/Jul/2026:02:28:32 +0000] "GET /wp-content/plugins/elementor-pro/assets/js/slides.c0029640cbdb48199471.bundle.min.js HTTP/1.1" 200 1467 "https://outlet.autozone.com.sa/en/" "Mozilla/5.0 (Macintosh; Intel Mac OS X 10_15_7) AppleWebKit/605.1.15 (KHTML, like Gecko) Version/17.4 Safari/605.1.15 (Applebot/0.1; +http://www.apple.com/go/applebot)"
172.105.42.26 - - [29/Jul/2026:02:28:33 +0000] "POST /wp-cron.php?doing_wp_cron=1785292113.0710430145263671875000 HTTP/1.1" 200 20 "-" "WordPress/7.0.2; https://outlet.autozone.com.sa/en/"
172.105.42.26 - - [29/Jul/2026:02:28:33 +0000] "POST /wp-cron.php?doing_wp_cron=1785292113.0710949897766113281250 HTTP/1.1" 200 20 "-" "WordPress/7.0.2; https://outlet.autozone.com.sa/en/"
17.22.245.58 - - [29/Jul/2026:02:28:29 +0000] "POST /en/?wc-ajax=get_refreshed_fragments HTTP/1.1" 200 1009 "https://outlet.autozone.com.sa/en/" "Mozilla/5.0 (Macintosh; Intel Mac OS X 10_15_7) AppleWebKit/605.1.15 (KHTML, like Gecko) Version/17.4 Safari/605.1.15 (Applebot/0.1; +http://www.apple.com/go/applebot)"
17.22.237.100 - - [29/Jul/2026:02:28:29 +0000] "POST /en/?wc-ajax=get_refreshed_fragments HTTP/1.1" 200 1009 "https://outlet.autozone.com.sa/en/" "Mozilla/5.0 (Macintosh; Intel Mac OS X 10_15_7) AppleWebKit/605.1.15 (KHTML, like Gecko) Version/17.4 Safari/605.1.15 (Applebot/0.1; +http://www.apple.com/go/applebot)"
17.22.237.100 - - [29/Jul/2026:02:28:34 +0000] "GET /wp-content/plugins/elementor/assets/js/nested-tabs.e9769387c6e374e093ed.bundle.min.js HTTP/1.1" 200 3280 "https://outlet.autozone.com.sa/en/" "Mozilla/5.0 (Macintosh; Intel Mac OS X 10_15_7) AppleWebKit/605.1.15 (KHTML, like Gecko) Version/17.4 Safari/605.1.15 (Applebot/0.1; +http://www.apple.com/go/applebot)"
172.105.42.26 - - [29/Jul/2026:02:36:50 +0000] "POST /wp-cron.php?doing_wp_cron=1785292609.5216228961944580078125 HTTP/1.1" 200 20 "-" "WordPress/7.0.2; https://outlet.autozone.com.sa"
66.249.74.41 - - [29/Jul/2026:02:36:45 +0000] "GET /%D8%A7%D9%84%D9%85%D8%A7%D8%B1%D9%83%D8%A9/changan-ar/?nocache=1780696490 HTTP/1.1" 200 31238 "-" "Mozilla/5.0 (Linux; Android 6.0.1; Nexus 5X Build/MMB29P) AppleWebKit/537.36 (KHTML, like Gecko) Chrome/150.0.7871.128 Mobile Safari/537.36 (compatible; Googlebot/2.1; +http://www.google.com/bot.html)"
172.105.42.26 - - [29/Jul/2026:02:37:06 +0000] "POST /wp-cron.php?doing_wp_cron=1785292626.6461760997772216796875 HTTP/1.1" 200 20 "-" "WordPress/7.0.2; https://outlet.autozone.com.sa"
66.249.74.40 - - [29/Jul/2026:02:37:05 +0000] "POST /?wc-ajax=get_refreshed_fragments HTTP/1.1" 200 1006 "https://outlet.autozone.com.sa/%D8%A7%D9%84%D9%85%D8%A7%D8%B1%D9%83%D8%A9/changan-ar/?nocache=1780696490" "Mozilla/5.0 (Linux; Android 6.0.1; Nexus 5X Build/MMB29P) AppleWebKit/537.36 (KHTML, like Gecko) Chrome/150.0.7871.128 Mobile Safari/537.36 (compatible; Googlebot/2.1; +http://www.google.com/bot.html)"
66.249.74.41 - - [29/Jul/2026:02:37:10 +0000] "POST /?wc-ajax=get_refreshed_fragments HTTP/1.1" 200 1006 "https://outlet.autozone.com.sa/%D8%A7%D9%84%D9%85%D8%A7%D8%B1%D9%83%D8%A9/changan-ar/?nocache=1780696490" "Mozilla/5.0 (Linux; Android 6.0.1; Nexus 5X Build/MMB29P) AppleWebKit/537.36 (KHTML, like Gecko) Chrome/150.0.7871.128 Mobile Safari/537.36 (compatible; Googlebot/2.1; +http://www.google.com/bot.html)"
172.105.42.26 - - [29/Jul/2026:02:57:37 +0000] "POST /wp-cron.php?doing_wp_cron=1785293856.6109049320220947265625 HTTP/1.1" 200 20 "-" "WordPress/7.0.2; https://outlet.autozone.com.sa"
172.105.42.26 - - [29/Jul/2026:03:18:10 +0000] "POST /wp-cron.php?doing_wp_cron=1785295090.4036970138549804687500 HTTP/1.1" 200 20 "-" "WordPress/7.0.2; https://outlet.autozone.com.sa"
2a03:2880:f800:1c:: - - [29/Jul/2026:03:29:03 +0000] "GET /wp-content/uploads/2024/12/outlet-logo-arabic-600x210.png HTTP/1.1" 200 24402 "-" "Mozilla/5.0 (Macintosh; Intel Mac OS X 10_15_7) AppleWebKit/537.36 (KHTML, like Gecko) Chrome/145.0.0.0 Safari/537.36 (compatible; meta-externalagent/1.1 (+https://developers.facebook.com/docs/sharing/webmasters/crawler))"
172.105.42.26 - - [29/Jul/2026:03:35:07 +0000] "POST /wp-cron.php?doing_wp_cron=1785296107.1519370079040527343750 HTTP/1.1" 200 20 "-" "WordPress/7.0.2; https://outlet.autozone.com.sa"
66.249.74.35 - - [29/Jul/2026:03:35:03 +0000] "GET /showroom/?nocache=1781469779&jet_blog_ajax=1 HTTP/1.1" 200 20200 "-" "Mozilla/5.0 (Linux; Android 6.0.1; Nexus 5X Build/MMB29P) AppleWebKit/537.36 (KHTML, like Gecko) Chrome/150.0.7871.128 Mobile Safari/537.36 (compatible; Googlebot/2.1; +http://www.google.com/bot.html)"
172.105.42.26 - - [29/Jul/2026:03:39:15 +0000] "POST /wp-cron.php?doing_wp_cron=1785296355.6826810836791992187500 HTTP/1.1" 200 20 "-" "WordPress/7.0.2; https://outlet.autozone.com.sa"
5.155.172.166 - - [29/Jul/2026:03:39:12 +0000] "GET /product/%7B%7Bdata.srcset%7D%7D HTTP/1.1" 301 20 "-" "Opera/8.45.(X11; Linux x86_64; ug-CN) Presto/2.9.172 Version/11.00"
2405:4803:d74d:dc40:95df:7305:877d:9ca - - [29/Jul/2026:03:39:16 +0000] "GET /product/%7B%7Bdata.srcset HTTP/1.1" 404 19946 "-" "Mozilla/5.0 (compatible; MSIE 7.0; Windows 98; Trident/3.0)"
172.105.42.26 - - [29/Jul/2026:03:51:49 +0000] "POST /wp-cron.php?doing_wp_cron=1785297109.3063259124755859375000 HTTP/1.1" 200 20 "-" "WordPress/7.0.2; https://outlet.autozone.com.sa"
