2001:16a2:cb89:4e00:523f:1620:dafb:56fd - - [28/Jul/2026:14:24:01 +0000] "GET /offers/%d8%a3%d8%af%d8%a7%d8%a1-%d8%b1%d9%8a%d8%a7%d8%b6%d9%8a-%d9%85%d8%b9-%d8%ae%d8%b7%d8%a9-%d8%aa%d9%82%d8%b3%d9%8a%d8%b7-%d9%85%d8%b0%d9%87%d9%84%d8%a9/ HTTP/1.1" 200 29224 "https://outlet.autozone.com.sa/offers/%d8%a3%d8%af%d8%a7%d8%a1-%d8%b1%d9%8a%d8%a7%d8%b6%d9%8a-%d9%85%d8%b9-%d8%ae%d8%b7%d8%a9-%d8%aa%d9%82%d8%b3%d9%8a%d8%b7-%d9%85%d8%b0%d9%87%d9%84%d8%a9/" "Mozilla/5.0 (Linux; Android 16; moto g75 5G Build/W1UQS36H.73-38-3; wv) AppleWebKit/537.36 (KHTML, like Gecko) Version/4.0 Chrome/150.0.7871.175 Mobile Safari/537.36"
2001:16a2:cb89:4e00:523f:1620:dafb:56fd - - [28/Jul/2026:14:24:04 +0000] "POST /?wc-ajax=get_refreshed_fragments HTTP/1.1" 200 1006 "https://outlet.autozone.com.sa/offers/%d8%a3%d8%af%d8%a7%d8%a1-%d8%b1%d9%8a%d8%a7%d8%b6%d9%8a-%d9%85%d8%b9-%d8%ae%d8%b7%d8%a9-%d8%aa%d9%82%d8%b3%d9%8a%d8%b7-%d9%85%d8%b0%d9%87%d9%84%d8%a9/" "Mozilla/5.0 (Linux; Android 16; moto g75 5G Build/W1UQS36H.73-38-3; wv) AppleWebKit/537.36 (KHTML, like Gecko) Version/4.0 Chrome/150.0.7871.175 Mobile Safari/537.36 Instagram 439.0.0.37.89 Android (36/16; 400dpi; 1080x2388; motorola; moto g75 5G; sorap; qcom; en_GB; 1021815762; IABMV/1)"
2001:16a2:cb89:4e00:523f:1620:dafb:56fd - - [28/Jul/2026:14:24:11 +0000] "GET /our-offers/ HTTP/1.1" 200 22316 "https://outlet.autozone.com.sa/product/%d8%a7%d9%84%d8%b3%d9%8a%d8%a7%d8%b1%d8%a9-%d9%84%d9%8a%d8%b3%d8%aa-bmw-%d9%84%d8%ba%d8%b1%d8%b6-%d8%a7%d9%84%d8%a7%d8%ae%d8%aa%d8%a8%d8%a7%d8%b1/?status=success" "Mozilla/5.0 (Linux; Android 16; moto g75 5G Build/W1UQS36H.73-38-3; wv) AppleWebKit/537.36 (KHTML, like Gecko) Version/4.0 Chrome/150.0.7871.175 Mobile Safari/537.36 Instagram 439.0.0.37.89 Android (36/16; 400dpi; 1080x2388; motorola; moto g75 5G; sorap; qcom; en_GB; 1021815762; IABMV/1)"
2001:16a2:cb89:4e00:523f:1620:dafb:56fd - - [28/Jul/2026:14:24:13 +0000] "POST /?wc-ajax=get_refreshed_fragments HTTP/1.1" 200 1006 "https://outlet.autozone.com.sa/our-offers/" "Mozilla/5.0 (Linux; Android 16; moto g75 5G Build/W1UQS36H.73-38-3; wv) AppleWebKit/537.36 (KHTML, like Gecko) Version/4.0 Chrome/150.0.7871.175 Mobile Safari/537.36 Instagram 439.0.0.37.89 Android (36/16; 400dpi; 1080x2388; motorola; moto g75 5G; sorap; qcom; en_GB; 1021815762; IABMV/1)"
2001:16a2:cb89:4e00:523f:1620:dafb:56fd - - [28/Jul/2026:14:24:18 +0000] "GET /our-offers/ HTTP/1.1" 200 22317 "https://outlet.autozone.com.sa/our-offers/" "Mozilla/5.0 (Linux; Android 16; moto g75 5G Build/W1UQS36H.73-38-3; wv) AppleWebKit/537.36 (KHTML, like Gecko) Version/4.0 Chrome/150.0.7871.175 Mobile Safari/537.36"
2001:16a2:cb89:4e00:523f:1620:dafb:56fd - - [28/Jul/2026:14:24:20 +0000] "POST /?wc-ajax=get_refreshed_fragments HTTP/1.1" 200 1006 "https://outlet.autozone.com.sa/our-offers/" "Mozilla/5.0 (Linux; Android 16; moto g75 5G Build/W1UQS36H.73-38-3; wv) AppleWebKit/537.36 (KHTML, like Gecko) Version/4.0 Chrome/150.0.7871.175 Mobile Safari/537.36 Instagram 439.0.0.37.89 Android (36/16; 400dpi; 1080x2388; motorola; moto g75 5G; sorap; qcom; en_GB; 1021815762; IABMV/1)"
2001:16a2:cb89:4e00:523f:1620:dafb:56fd - - [28/Jul/2026:14:24:29 +0000] "GET /our-offers/ HTTP/1.1" 200 22316 "https://outlet.autozone.com.sa/our-offers/" "Mozilla/5.0 (Linux; Android 16; moto g75 5G Build/W1UQS36H.73-38-3; wv) AppleWebKit/537.36 (KHTML, like Gecko) Version/4.0 Chrome/150.0.7871.175 Mobile Safari/537.36"
2001:16a2:cb89:4e00:523f:1620:dafb:56fd - - [28/Jul/2026:14:24:31 +0000] "POST /?wc-ajax=get_refreshed_fragments HTTP/1.1" 200 1006 "https://outlet.autozone.com.sa/our-offers/" "Mozilla/5.0 (Linux; Android 16; moto g75 5G Build/W1UQS36H.73-38-3; wv) AppleWebKit/537.36 (KHTML, like Gecko) Version/4.0 Chrome/150.0.7871.175 Mobile Safari/537.36 Instagram 439.0.0.37.89 Android (36/16; 400dpi; 1080x2388; motorola; moto g75 5G; sorap; qcom; en_GB; 1021815762; IABMV/1)"
2001:16a2:cb89:4e00:523f:1620:dafb:56fd - - [28/Jul/2026:14:24:35 +0000] "GET /offers/%d8%a3%d8%af%d8%a7%d8%a1-%d8%b1%d9%8a%d8%a7%d8%b6%d9%8a-%d9%85%d8%b9-%d8%ae%d8%b7%d8%a9-%d8%aa%d9%82%d8%b3%d9%8a%d8%b7-%d9%85%d8%b0%d9%87%d9%84%d8%a9/ HTTP/1.1" 200 29224 "https://outlet.autozone.com.sa/our-offers/" "Mozilla/5.0 (Linux; Android 16; moto g75 5G Build/W1UQS36H.73-38-3; wv) AppleWebKit/537.36 (KHTML, like Gecko) Version/4.0 Chrome/150.0.7871.175 Mobile Safari/537.36"
2001:16a2:cb89:4e00:523f:1620:dafb:56fd - - [28/Jul/2026:14:24:37 +0000] "POST /?wc-ajax=get_refreshed_fragments HTTP/1.1" 200 1006 "https://outlet.autozone.com.sa/offers/%d8%a3%d8%af%d8%a7%d8%a1-%d8%b1%d9%8a%d8%a7%d8%b6%d9%8a-%d9%85%d8%b9-%d8%ae%d8%b7%d8%a9-%d8%aa%d9%82%d8%b3%d9%8a%d8%b7-%d9%85%d8%b0%d9%87%d9%84%d8%a9/" "Mozilla/5.0 (Linux; Android 16; moto g75 5G Build/W1UQS36H.73-38-3; wv) AppleWebKit/537.36 (KHTML, like Gecko) Version/4.0 Chrome/150.0.7871.175 Mobile Safari/537.36 Instagram 439.0.0.37.89 Android (36/16; 400dpi; 1080x2388; motorola; moto g75 5G; sorap; qcom; en_GB; 1021815762; IABMV/1)"
172.105.42.26 - - [28/Jul/2026:14:25:56 +0000] "POST /wp-cron.php?doing_wp_cron=1785248756.1909389495849609375000 HTTP/1.1" 200 20 "-" "WordPress/7.0.2; https://outlet.autozone.com.sa"
66.249.93.75 - - [28/Jul/2026:14:25:52 +0000] "GET /.well-known/traffic-advice HTTP/1.1" 404 20311 "-" "Chrome Privacy Preserving Prefetch Proxy"
2001:4860:7:172d::ff - - [28/Jul/2026:14:25:52 +0000] "GET / HTTP/1.1" 200 36002 "https://www.google.com/" "Mozilla/5.0 (Windows NT 10.0; Win64; x64) AppleWebKit/537.36 (KHTML, like Gecko) Chrome/150.0.0.0 Safari/537.36"
172.105.42.26 - - [28/Jul/2026:14:34:26 +0000] "POST /wp-cron.php?doing_wp_cron=1785249266.1271309852600097656250 HTTP/1.1" 200 20 "-" "WordPress/7.0.2; https://outlet.autozone.com.sa"
157.55.39.57 - - [28/Jul/2026:14:34:22 +0000] "GET /wp-sitemap-posts-page-1.xml HTTP/1.1" 200 317 "-" "Mozilla/5.0 AppleWebKit/537.36 (KHTML, like Gecko; compatible; bingbot/2.0; +http://www.bing.com/bingbot.htm) Chrome/116.0.1938.76 Safari/537.36"
172.105.42.26 - - [28/Jul/2026:14:37:20 +0000] "POST /wp-cron.php?doing_wp_cron=1785249440.2217650413513183593750 HTTP/1.1" 200 20 "-" "WordPress/7.0.2; https://outlet.autozone.com.sa"
66.249.74.35 - - [28/Jul/2026:14:37:28 +0000] "GET /wp-content/uploads/elementor/css/custom-widget-icon-list-rtl.min.css?ver=1783296000 HTTP/1.1" 200 1039 "https://outlet.autozone.com.sa/" "Mozilla/5.0 (Linux; Android 6.0.1; Nexus 5X Build/MMB29P) AppleWebKit/537.36 (KHTML, like Gecko) Chrome/150.0.7871.128 Mobile Safari/537.36 (compatible; Googlebot/2.1; +http://www.google.com/bot.html)"
66.249.74.35 - - [28/Jul/2026:14:37:42 +0000] "POST /?wc-ajax=get_refreshed_fragments HTTP/1.1" 200 1006 "https://outlet.autozone.com.sa/" "Mozilla/5.0 (Linux; Android 6.0.1; Nexus 5X Build/MMB29P) AppleWebKit/537.36 (KHTML, like Gecko) Chrome/150.0.7871.128 Mobile Safari/537.36 (compatible; Googlebot/2.1; +http://www.google.com/bot.html)"
66.249.74.35 - - [28/Jul/2026:14:37:43 +0000] "POST /?wc-ajax=get_refreshed_fragments HTTP/1.1" 200 1006 "https://outlet.autozone.com.sa/" "Mozilla/5.0 (Linux; Android 6.0.1; Nexus 5X Build/MMB29P) AppleWebKit/537.36 (KHTML, like Gecko) Chrome/150.0.7871.128 Mobile Safari/537.36 (compatible; Googlebot/2.1; +http://www.google.com/bot.html)"
66.249.74.35 - - [28/Jul/2026:14:37:52 +0000] "GET / HTTP/1.1" 200 36003 "-" "Mozilla/5.0 (compatible; Googlebot/2.1; +http://www.google.com/bot.html)"
66.249.74.35 - - [28/Jul/2026:14:37:54 +0000] "GET / HTTP/1.1" 200 36001 "-" "Mozilla/5.0 (Linux; Android 6.0.1; Nexus 5X Build/MMB29P) AppleWebKit/537.36 (KHTML, like Gecko) Chrome/99.0.4844.84 Mobile Safari/537.36 (compatible; Googlebot/2.1; +http://www.google.com/bot.html)"
66.249.74.35 - - [28/Jul/2026:14:37:59 +0000] "GET /wp-content/uploads/elementor/css/post-1014.css?ver=1783296000 HTTP/1.1" 200 3166 "https://outlet.autozone.com.sa/" "Mozilla/5.0 AppleWebKit/537.36 (KHTML, like Gecko; compatible; Googlebot/2.1; +http://www.google.com/bot.html) Chrome/150.0.7871.124 Safari/537.36"
172.105.42.26 - - [28/Jul/2026:14:38:12 +0000] "POST /wp-cron.php?doing_wp_cron=1785249492.2353940010070800781250 HTTP/1.1" 200 20 "-" "WordPress/7.0.2; https://outlet.autozone.com.sa"
66.249.74.35 - - [28/Jul/2026:14:38:11 +0000] "POST /?wc-ajax=get_refreshed_fragments HTTP/1.1" 200 1006 "https://outlet.autozone.com.sa/" "Mozilla/5.0 AppleWebKit/537.36 (KHTML, like Gecko; compatible; Googlebot/2.1; +http://www.google.com/bot.html) Chrome/150.0.7871.124 Safari/537.36"
66.249.74.35 - - [28/Jul/2026:14:38:12 +0000] "POST /?wc-ajax=get_refreshed_fragments HTTP/1.1" 200 1006 "https://outlet.autozone.com.sa/" "Mozilla/5.0 AppleWebKit/537.36 (KHTML, like Gecko; compatible; Googlebot/2.1; +http://www.google.com/bot.html) Chrome/150.0.7871.124 Safari/537.36"
66.249.74.35 - - [28/Jul/2026:14:38:16 +0000] "POST /?wc-ajax=get_refreshed_fragments HTTP/1.1" 200 1006 "https://outlet.autozone.com.sa/" "Mozilla/5.0 (Linux; Android 6.0.1; Nexus 5X Build/MMB29P) AppleWebKit/537.36 (KHTML, like Gecko) Chrome/150.0.7871.124 Mobile Safari/537.36 (compatible; Googlebot/2.1; +http://www.google.com/bot.html)"
66.249.74.35 - - [28/Jul/2026:14:38:18 +0000] "POST /?wc-ajax=get_refreshed_fragments HTTP/1.1" 200 1006 "https://outlet.autozone.com.sa/" "Mozilla/5.0 (Linux; Android 6.0.1; Nexus 5X Build/MMB29P) AppleWebKit/537.36 (KHTML, like Gecko) Chrome/150.0.7871.124 Mobile Safari/537.36 (compatible; Googlebot/2.1; +http://www.google.com/bot.html)"
172.105.42.26 - - [28/Jul/2026:14:42:42 +0000] "POST /wp-cron.php?doing_wp_cron=1785249762.1331129074096679687500 HTTP/1.1" 200 20 "-" "WordPress/7.0.2; https://outlet.autozone.com.sa"
2001:16a2:c373:4582:6473:235:a37d:5b7b - - [28/Jul/2026:14:42:37 +0000] "GET / HTTP/1.1" 200 36001 "https://autozone.com.sa/" "Mozilla/5.0 (iPhone; CPU iPhone OS 18_7 like Mac OS X) AppleWebKit/605.1.15 (KHTML, like Gecko) Version/26.4 Mobile/15E148 Safari/604.1"
2001:16a2:c373:4582:6473:235:a37d:5b7b - - [28/Jul/2026:14:42:43 +0000] "POST /?wc-ajax=get_refreshed_fragments HTTP/1.1" 200 1006 "https://outlet.autozone.com.sa/" "Mozilla/5.0 (iPhone; CPU iPhone OS 18_7 like Mac OS X) AppleWebKit/605.1.15 (KHTML, like Gecko) Version/26.4 Mobile/15E148 Safari/604.1"
2001:16a2:c373:4582:6473:235:a37d:5b7b - - [28/Jul/2026:14:42:43 +0000] "POST /?wc-ajax=get_refreshed_fragments HTTP/1.1" 200 1006 "https://outlet.autozone.com.sa/" "Mozilla/5.0 (iPhone; CPU iPhone OS 18_7 like Mac OS X) AppleWebKit/605.1.15 (KHTML, like Gecko) Version/26.4 Mobile/15E148 Safari/604.1"
172.105.42.26 - - [28/Jul/2026:14:55:52 +0000] "POST /wp-cron.php?doing_wp_cron=1785250551.6181139945983886718750 HTTP/1.1" 200 20 "-" "WordPress/7.0.2; https://outlet.autozone.com.sa"
49.37.52.69 - - [28/Jul/2026:14:55:47 +0000] "GET /product/%D8%A7%D9%84%D8%B3%D9%8A%D8%A7%D8%B1%D8%A9-%D9%84%D9%8A%D8%B3%D8%AA-bmw-%D9%84%D8%BA%D8%B1%D8%B6-%D8%A7%D9%84%D8%A7%D8%AE%D8%AA%D8%A8%D8%A7%D8%B1/tel:8007606000 HTTP/1.1" 404 20367 "-" "Mozilla/5.0 (X11; Linux x86_64) AppleWebKit/533.1 (KHTML, like Gecko) Chrome/38.0.895.0 Safari/533.1"
172.105.42.26 - - [28/Jul/2026:14:58:30 +0000] "POST /wp-cron.php?doing_wp_cron=1785250710.2858009338378906250000 HTTP/1.1" 200 20 "-" "WordPress/7.0.2; https://outlet.autozone.com.sa"
2001:16a2:c212:9503:569:19e2:c0fd:1227 - - [28/Jul/2026:14:58:25 +0000] "GET / HTTP/1.1" 200 36001 "https://autozone.com.sa/" "Mozilla/5.0 (iPhone; CPU iPhone OS 18_7 like Mac OS X) AppleWebKit/605.1.15 (KHTML, like Gecko) Version/26.5 Mobile/15E148 Safari/604.1"
2001:16a2:c212:9503:569:19e2:c0fd:1227 - - [28/Jul/2026:14:58:30 +0000] "GET /wp-content/plugins/jet-blog/assets/js/jet-blog.min.js?ver=2.4.5.1 HTTP/1.1" 200 3578 "https://outlet.autozone.com.sa/" "Mozilla/5.0 (iPhone; CPU iPhone OS 18_7 like Mac OS X) AppleWebKit/605.1.15 (KHTML, like Gecko) Version/26.5 Mobile/15E148 Safari/604.1"
2001:16a2:c212:9503:569:19e2:c0fd:1227 - - [28/Jul/2026:14:58:31 +0000] "GET /wp-content/plugins/elementor-pro/assets/js/nav-menu.8521a0597c50611efdc6.bundle.min.js HTTP/1.1" 200 1870 "https://outlet.autozone.com.sa/" "Mozilla/5.0 (iPhone; CPU iPhone OS 18_7 like Mac OS X) AppleWebKit/605.1.15 (KHTML, like Gecko) Version/26.5 Mobile/15E148 Safari/604.1"
2001:16a2:c212:9503:569:19e2:c0fd:1227 - - [28/Jul/2026:14:58:31 +0000] "GET /wp-content/plugins/woo-variation-gallery/images/slick/ajax-loader.gif HTTP/1.1" 304 - "https://outlet.autozone.com.sa/" "Mozilla/5.0 (iPhone; CPU iPhone OS 18_7 like Mac OS X) AppleWebKit/605.1.15 (KHTML, like Gecko) Version/26.5 Mobile/15E148 Safari/604.1"
2001:16a2:c212:9503:569:19e2:c0fd:1227 - - [28/Jul/2026:14:58:31 +0000] "GET /wp-content/plugins/elementor/assets/js/text-editor.45609661e409413f1cef.bundle.min.js HTTP/1.1" 200 648 "https://outlet.autozone.com.sa/" "Mozilla/5.0 (iPhone; CPU iPhone OS 18_7 like Mac OS X) AppleWebKit/605.1.15 (KHTML, like Gecko) Version/26.5 Mobile/15E148 Safari/604.1"
2001:16a2:c212:9503:569:19e2:c0fd:1227 - - [28/Jul/2026:14:58:31 +0000] "GET /wp-content/plugins/elementor/assets/js/nested-tabs.e9769387c6e374e093ed.bundle.min.js HTTP/1.1" 200 3280 "https://outlet.autozone.com.sa/" "Mozilla/5.0 (iPhone; CPU iPhone OS 18_7 like Mac OS X) AppleWebKit/605.1.15 (KHTML, like Gecko) Version/26.5 Mobile/15E148 Safari/604.1"
2001:16a2:c212:9503:569:19e2:c0fd:1227 - - [28/Jul/2026:14:58:31 +0000] "GET /wp-content/plugins/elementor/assets/js/shared-frontend-handlers.03caa53373b56d3bab67.bundle.min.js HTTP/1.1" 200 2644 "https://outlet.autozone.com.sa/" "Mozilla/5.0 (iPhone; CPU iPhone OS 18_7 like Mac OS X) AppleWebKit/605.1.15 (KHTML, like Gecko) Version/26.5 Mobile/15E148 Safari/604.1"
2001:16a2:c212:9503:569:19e2:c0fd:1227 - - [28/Jul/2026:14:58:31 +0000] "GET /wp-includes/js/wp-emoji-release.min.js?ver=7.0.2 HTTP/1.1" 200 5386 "https://outlet.autozone.com.sa/" "Mozilla/5.0 (iPhone; CPU iPhone OS 18_7 like Mac OS X) AppleWebKit/605.1.15 (KHTML, like Gecko) Version/26.5 Mobile/15E148 Safari/604.1"
2001:16a2:c212:9503:569:19e2:c0fd:1227 - - [28/Jul/2026:14:58:32 +0000] "GET /wp-content/plugins/elementor/assets/js/nested-title-keyboard-handler.a7c48b2e79bf0ef22bb3.bundle.min.js HTTP/1.1" 200 1500 "https://outlet.autozone.com.sa/" "Mozilla/5.0 (iPhone; CPU iPhone OS 18_7 like Mac OS X) AppleWebKit/605.1.15 (KHTML, like Gecko) Version/26.5 Mobile/15E148 Safari/604.1"
2001:16a2:c212:9503:569:19e2:c0fd:1227 - - [28/Jul/2026:14:58:31 +0000] "POST /?wc-ajax=get_refreshed_fragments HTTP/1.1" 200 1006 "https://outlet.autozone.com.sa/" "Mozilla/5.0 (iPhone; CPU iPhone OS 18_7 like Mac OS X) AppleWebKit/605.1.15 (KHTML, like Gecko) Version/26.5 Mobile/15E148 Safari/604.1"
2001:16a2:c212:9503:569:19e2:c0fd:1227 - - [28/Jul/2026:14:58:31 +0000] "POST /?wc-ajax=get_refreshed_fragments HTTP/1.1" 200 1006 "https://outlet.autozone.com.sa/" "Mozilla/5.0 (iPhone; CPU iPhone OS 18_7 like Mac OS X) AppleWebKit/605.1.15 (KHTML, like Gecko) Version/26.5 Mobile/15E148 Safari/604.1"
2001:16a2:c212:9503:569:19e2:c0fd:1227 - - [28/Jul/2026:14:58:42 +0000] "POST /?wc-ajax=get_refreshed_fragments HTTP/1.1" 200 1006 "https://outlet.autozone.com.sa/" "Mozilla/5.0 (iPhone; CPU iPhone OS 18_7 like Mac OS X) AppleWebKit/605.1.15 (KHTML, like Gecko) Version/26.5 Mobile/15E148 Safari/604.1"
43.134.56.214 - - [28/Jul/2026:14:59:48 +0000] "GET / HTTP/1.1" 200 36002 "http://web2.autozone.com.sa" "Mozilla/5.0 (iPhone; CPU iPhone OS 13_2_3 like Mac OS X) AppleWebKit/605.1.15 (KHTML, like Gecko) Version/13.0.3 Mobile/15E148 Safari/604.1"
172.105.42.26 - - [28/Jul/2026:15:02:31 +0000] "POST /wp-cron.php?doing_wp_cron=1785250951.0973351001739501953125 HTTP/1.1" 200 20 "-" "WordPress/7.0.2; https://outlet.autozone.com.sa"
66.249.74.40 - - [28/Jul/2026:15:02:26 +0000] "GET /?nocache=1764856902 HTTP/1.1" 200 36002 "-" "Mozilla/5.0 (Linux; Android 6.0.1; Nexus 5X Build/MMB29P) AppleWebKit/537.36 (KHTML, like Gecko) Chrome/150.0.7871.128 Mobile Safari/537.36 (compatible; Googlebot/2.1; +http://www.google.com/bot.html)"
172.105.42.26 - - [28/Jul/2026:15:05:16 +0000] "POST /wp-cron.php?doing_wp_cron=1785251116.7478148937225341796875 HTTP/1.1" 200 20 "-" "WordPress/7.0.2; https://outlet.autozone.com.sa"
117.196.31.185 - - [28/Jul/2026:15:05:12 +0000] "GET /car-type/suv-ar/ HTTP/1.1" 200 31176 "-" "Mozilla/5.0 (Windows; U; Windows NT 6.1) AppleWebKit/531.37.6 (KHTML, like Gecko) Version/5.0.3 Safari/531.37.6"
172.105.42.26 - - [28/Jul/2026:15:08:34 +0000] "POST /wp-cron.php?doing_wp_cron=1785251313.9918830394744873046875 HTTP/1.1" 200 20 "-" "WordPress/7.0.2; https://outlet.autozone.com.sa"
51.36.253.69 - - [28/Jul/2026:15:08:29 +0000] "GET / HTTP/1.1" 200 36001 "https://autozone.com.sa/" "Mozilla/5.0 (iPhone; CPU iPhone OS 26_5_2 like Mac OS X) AppleWebKit/605.1.15 (KHTML, like Gecko) Mobile/23F84 Instagram 439.0.0.35.60 (iPhone18,2; iOS 26_5_2; en_US; en; scale=3.00; 1320x2868; IABMV/1; 1021301964) Safari/604.1"
51.36.253.69 - - [28/Jul/2026:15:08:36 +0000] "POST /?wc-ajax=get_refreshed_fragments HTTP/1.1" 200 1006 "https://outlet.autozone.com.sa/" "Mozilla/5.0 (iPhone; CPU iPhone OS 26_5_2 like Mac OS X) AppleWebKit/605.1.15 (KHTML, like Gecko) Mobile/23F84 Instagram 439.0.0.35.60 (iPhone18,2; iOS 26_5_2; en_US; en; scale=3.00; 1320x2868; IABMV/1; 1021301964) Safari/604.1"
51.36.253.69 - - [28/Jul/2026:15:08:36 +0000] "POST /?wc-ajax=get_refreshed_fragments HTTP/1.1" 200 1006 "https://outlet.autozone.com.sa/" "Mozilla/5.0 (iPhone; CPU iPhone OS 26_5_2 like Mac OS X) AppleWebKit/605.1.15 (KHTML, like Gecko) Mobile/23F84 Instagram 439.0.0.35.60 (iPhone18,2; iOS 26_5_2; en_US; en; scale=3.00; 1320x2868; IABMV/1; 1021301964) Safari/604.1"
51.36.253.69 - - [28/Jul/2026:15:08:50 +0000] "POST /wp-admin/admin-ajax.php HTTP/1.1" 200 454 "https://outlet.autozone.com.sa/" "Mozilla/5.0 (iPhone; CPU iPhone OS 26_5_2 like Mac OS X) AppleWebKit/605.1.15 (KHTML, like Gecko) Mobile/23F84 Instagram 439.0.0.35.60 (iPhone18,2; iOS 26_5_2; en_US; en; scale=3.00; 1320x2868; IABMV/1; 1021301964) Safari/604.1"
172.105.42.26 - - [28/Jul/2026:15:09:03 +0000] "POST /wp-cron.php?doing_wp_cron=1785251343.2950959205627441406250 HTTP/1.1" 200 20 "-" "WordPress/7.0.2; https://outlet.autozone.com.sa"
51.36.253.69 - - [28/Jul/2026:15:09:01 +0000] "GET / HTTP/1.1" 200 36001 "https://outlet.autozone.com.sa/" "Mozilla/5.0 (iPhone; CPU iPhone OS 26_5_2 like Mac OS X) AppleWebKit/605.1.15 (KHTML, like Gecko) Mobile/23F84 Instagram 439.0.0.35.60 (iPhone18,2; iOS 26_5_2; en_US; en; scale=3.00; 1320x2868; IABMV/1; 1021301964) NW/1 Safari/604.1"
172.105.42.26 - - [28/Jul/2026:15:17:18 +0000] "POST /wp-cron.php?doing_wp_cron=1785251838.0789020061492919921875 HTTP/1.1" 200 20 "-" "WordPress/7.0.2; https://outlet.autozone.com.sa"
2001:16a2:c141:7d7e:f430:40ff:fefb:d92f - - [28/Jul/2026:15:17:13 +0000] "GET / HTTP/1.1" 200 36002 "https://autozone.com.sa/" "Mozilla/5.0 (Linux; Android 10; K) AppleWebKit/537.36 (KHTML, like Gecko) Chrome/150.0.0.0 Mobile Safari/537.36"
2001:16a2:c141:7d7e:f430:40ff:fefb:d92f - - [28/Jul/2026:15:17:19 +0000] "POST /?wc-ajax=get_refreshed_fragments HTTP/1.1" 200 1006 "https://outlet.autozone.com.sa/" "Mozilla/5.0 (Linux; Android 10; K) AppleWebKit/537.36 (KHTML, like Gecko) Chrome/150.0.0.0 Mobile Safari/537.36"
2001:16a2:c141:7d7e:f430:40ff:fefb:d92f - - [28/Jul/2026:15:17:19 +0000] "POST /?wc-ajax=get_refreshed_fragments HTTP/1.1" 200 1006 "https://outlet.autozone.com.sa/" "Mozilla/5.0 (Linux; Android 10; K) AppleWebKit/537.36 (KHTML, like Gecko) Chrome/150.0.0.0 Mobile Safari/537.36"
2001:16a2:c141:7d7e:f430:40ff:fefb:d92f - - [28/Jul/2026:15:17:47 +0000] "POST /?wc-ajax=get_refreshed_fragments HTTP/1.1" 200 1006 "https://outlet.autozone.com.sa/" "Mozilla/5.0 (Linux; Android 10; K) AppleWebKit/537.36 (KHTML, like Gecko) Chrome/150.0.0.0 Mobile Safari/537.36"
172.105.42.26 - - [28/Jul/2026:15:32:19 +0000] "POST /wp-cron.php?doing_wp_cron=1785252739.3139929771423339843750 HTTP/1.1" 200 20 "-" "WordPress/7.0.2; https://outlet.autozone.com.sa"
66.249.74.36 - - [28/Jul/2026:15:33:09 +0000] "GET /wp-content/plugins/elementor/assets/css/widget-social-icons-rtl.min.css?ver=3.25.11 HTTP/1.1" 200 1142 "https://web2.autozone.com.sa/" "Mozilla/5.0 (Linux; Android 6.0.1; Nexus 5X Build/MMB29P) AppleWebKit/537.36 (KHTML, like Gecko) Chrome/150.0.7871.128 Mobile Safari/537.36 (compatible; Googlebot/2.1; +http://www.google.com/bot.html)"
66.249.74.35 - - [28/Jul/2026:15:33:22 +0000] "GET /wp-content/plugins/woocommerce/assets/js/frontend/add-to-cart-variation.min.js?ver=9.5.1 HTTP/1.1" 200 3940 "https://web2.autozone.com.sa/" "Mozilla/5.0 (Linux; Android 6.0.1; Nexus 5X Build/MMB29P) AppleWebKit/537.36 (KHTML, like Gecko) Chrome/150.0.7871.128 Mobile Safari/537.36 (compatible; Googlebot/2.1; +http://www.google.com/bot.html)"
66.249.74.35 - - [28/Jul/2026:15:33:25 +0000] "GET /wp-content/plugins/woo-variation-gallery/assets/js/frontend.min.js?ver=1735136690 HTTP/1.1" 200 4745 "https://web2.autozone.com.sa/" "Mozilla/5.0 (Linux; Android 6.0.1; Nexus 5X Build/MMB29P) AppleWebKit/537.36 (KHTML, like Gecko) Chrome/150.0.7871.128 Mobile Safari/537.36 (compatible; Googlebot/2.1; +http://www.google.com/bot.html)"
66.249.74.35 - - [28/Jul/2026:15:33:30 +0000] "GET /wp-content/plugins/jet-blocks/assets/js/jet-blocks.min.js?ver=1.3.16 HTTP/1.1" 200 5961 "https://web2.autozone.com.sa/" "Mozilla/5.0 (Linux; Android 6.0.1; Nexus 5X Build/MMB29P) AppleWebKit/537.36 (KHTML, like Gecko) Chrome/150.0.7871.128 Mobile Safari/537.36 (compatible; Googlebot/2.1; +http://www.google.com/bot.html)"
172.105.42.26 - - [28/Jul/2026:15:34:20 +0000] "POST /wp-cron.php?doing_wp_cron=1785252860.5721800327301025390625 HTTP/1.1" 200 20 "-" "WordPress/7.0.2; https://outlet.autozone.com.sa"
157.55.39.58 - - [28/Jul/2026:15:34:17 +0000] "GET /wp-sitemap.xml HTTP/1.1" 200 283 "-" "Mozilla/5.0 AppleWebKit/537.36 (KHTML, like Gecko; compatible; bingbot/2.0; +http://www.bing.com/bingbot.htm) Chrome/116.0.1938.76 Safari/537.36"
172.105.42.26 - - [28/Jul/2026:15:41:45 +0000] "POST /wp-cron.php?doing_wp_cron=1785253305.7369830608367919921875 HTTP/1.1" 200 20 "-" "WordPress/7.0.2; https://outlet.autozone.com.sa"
161.123.152.84 - - [28/Jul/2026:15:41:40 +0000] "GET /showroom/ HTTP/1.1" 200 20202 "-" "Mozilla/5.0 (compatible; Googlebot/2.1; +http://www.google.com/bot.html)"
172.105.42.26 - - [28/Jul/2026:15:42:35 +0000] "POST /wp-cron.php?doing_wp_cron=1785253355.7808489799499511718750 HTTP/1.1" 200 20 "-" "WordPress/7.0.2; https://outlet.autozone.com.sa"
154.73.249.73 - - [28/Jul/2026:15:42:30 +0000] "GET /shop/ HTTP/1.1" 200 31154 "-" "Mozilla/5.0 (compatible; Googlebot/2.1; +http://www.google.com/bot.html)"
172.105.42.26 - - [28/Jul/2026:15:43:53 +0000] "POST /wp-cron.php?doing_wp_cron=1785253433.9371299743652343750000 HTTP/1.1" 200 20 "-" "WordPress/7.0.2; https://outlet.autozone.com.sa"
2a02:9b0:415b:dbf6:3053:a8bc:afb9:e304 - - [28/Jul/2026:15:43:50 +0000] "GET /favicon.ico HTTP/1.1" 302 20 "-" "NetworkingExtension/8624.2.5.10.8 Network/5812.122.1 iOS/26.5.2"
2a02:9b0:415b:dbf6:3053:a8bc:afb9:e304 - - [28/Jul/2026:15:43:50 +0000] "GET /apple-touch-icon-precomposed.png HTTP/1.1" 404 20313 "-" "NetworkingExtension/8624.2.5.10.8 Network/5812.122.1 iOS/26.5.2"
2a02:9b0:415b:dbf6:3053:a8bc:afb9:e304 - - [28/Jul/2026:15:43:50 +0000] "GET /apple-touch-icon.png HTTP/1.1" 404 20304 "-" "NetworkingExtension/8624.2.5.10.8 Network/5812.122.1 iOS/26.5.2"
172.105.42.26 - - [28/Jul/2026:15:43:54 +0000] "POST /wp-cron.php?doing_wp_cron=1785253434.8811299800872802734375 HTTP/1.1" 200 20 "-" "WordPress/7.0.2; https://outlet.autozone.com.sa"
2a02:9b0:415b:dbf6:3053:a8bc:afb9:e304 - - [28/Jul/2026:15:43:50 +0000] "GET / HTTP/1.1" 200 36003 "-" "Mozilla/5.0 (Macintosh; Intel Mac OS X 10_11_1) AppleWebKit/601.2.4 (KHTML, like Gecko) Version/9.0.1 Safari/601.2.4 facebookexternalhit/1.1 Facebot Twitterbot/1.0"
172.105.42.26 - - [28/Jul/2026:15:45:58 +0000] "POST /wp-cron.php?doing_wp_cron=1785253557.9764540195465087890625 HTTP/1.1" 200 20 "-" "WordPress/7.0.2; https://outlet.autozone.com.sa"
2001:16a4:150:8d0a:1505:b8ac:bd1a:22d3 - - [28/Jul/2026:15:45:53 +0000] "GET / HTTP/1.1" 200 36001 "https://autozone.com.sa/" "Mozilla/5.0 (iPhone; CPU iPhone OS 18_7 like Mac OS X) AppleWebKit/605.1.15 (KHTML, like Gecko) Version/26.5.2 Mobile/15E148 Safari/604.1"
2001:16a4:150:8d0a:1505:b8ac:bd1a:22d3 - - [28/Jul/2026:15:45:59 +0000] "POST /?wc-ajax=get_refreshed_fragments HTTP/1.1" 200 1006 "https://outlet.autozone.com.sa/" "Mozilla/5.0 (iPhone; CPU iPhone OS 18_7 like Mac OS X) AppleWebKit/605.1.15 (KHTML, like Gecko) Version/26.5.2 Mobile/15E148 Safari/604.1"
2001:16a4:150:8d0a:1505:b8ac:bd1a:22d3 - - [28/Jul/2026:15:45:59 +0000] "POST /?wc-ajax=get_refreshed_fragments HTTP/1.1" 200 1006 "https://outlet.autozone.com.sa/" "Mozilla/5.0 (iPhone; CPU iPhone OS 18_7 like Mac OS X) AppleWebKit/605.1.15 (KHTML, like Gecko) Version/26.5.2 Mobile/15E148 Safari/604.1"
172.105.42.26 - - [28/Jul/2026:15:55:25 +0000] "POST /wp-cron.php?doing_wp_cron=1785254125.2296030521392822265625 HTTP/1.1" 200 20 "-" "WordPress/7.0.2; https://outlet.autozone.com.sa"
216.73.217.135 - - [28/Jul/2026:15:55:21 +0000] "GET /wp-sitemap.xml HTTP/1.1" 200 283 "-" "Mozilla/5.0 AppleWebKit/537.36 (KHTML, like Gecko; compatible; ClaudeBot/1.0; +claudebot@anthropic.com)"
148.113.130.64 - - [28/Jul/2026:15:55:28 +0000] "GET /wp-sitemap.xml HTTP/1.1" 200 283 "-" "Mozilla/5.0 (compatible; AhrefsBot/7.0; +http://ahrefs.com/robot/)"
172.105.42.26 - - [28/Jul/2026:16:03:58 +0000] "POST /wp-cron.php?doing_wp_cron=1785254638.0046870708465576171875 HTTP/1.1" 200 20 "-" "WordPress/7.0.2; https://outlet.autozone.com.sa"
2a02:9b0:1e:1c23:18c6:7dcb:f0d:241e - - [28/Jul/2026:16:03:58 +0000] "GET /wp-content/plugins/elementor/assets/css/widget-heading-rtl.min.css?ver=3.33.0 HTTP/1.1" 200 160 "https://outlet.autozone.com.sa/" "Mozilla/5.0 (Linux; Android 10; K) AppleWebKit/537.36 (KHTML, like Gecko) Chrome/150.0.0.0 Mobile Safari/537.36"
2a02:9b0:1e:1c23:18c6:7dcb:f0d:241e - - [28/Jul/2026:16:03:51 +0000] "GET / HTTP/1.1" 200 36001 "https://autozone.com.sa/" "Mozilla/5.0 (Linux; Android 10; K) AppleWebKit/537.36 (KHTML, like Gecko) Chrome/150.0.0.0 Mobile Safari/537.36"
2a02:9b0:1e:1c23:18c6:7dcb:f0d:241e - - [28/Jul/2026:16:03:59 +0000] "GET /wp-content/plugins/jet-popup/includes/elementor/assets/js/jet-popup-elementor-frontend.js?ver=2.0.16 HTTP/1.1" 200 2342 "https://outlet.autozone.com.sa/" "Mozilla/5.0 (Linux; Android 10; K) AppleWebKit/537.36 (KHTML, like Gecko) Chrome/150.0.0.0 Mobile Safari/537.36"
2a02:9b0:1e:1c23:18c6:7dcb:f0d:241e - - [28/Jul/2026:16:03:58 +0000] "GET /wp-content/plugins/elementor-pro/assets/js/elements-handlers.min.js?ver=3.33.1 HTTP/1.1" 200 10567 "https://outlet.autozone.com.sa/" "Mozilla/5.0 (Linux; Android 10; K) AppleWebKit/537.36 (KHTML, like Gecko) Chrome/150.0.0.0 Mobile Safari/537.36"
2a02:9b0:1e:1c23:18c6:7dcb:f0d:241e - - [28/Jul/2026:16:03:59 +0000] "GET /wp-includes/js/dist/vendor/wp-polyfill.min.js?ver=3.15.0 HTTP/1.1" 200 11897 "https://outlet.autozone.com.sa/" "Mozilla/5.0 (Linux; Android 10; K) AppleWebKit/537.36 (KHTML, like Gecko) Chrome/150.0.0.0 Mobile Safari/537.36"
2a02:9b0:1e:1c23:18c6:7dcb:f0d:241e - - [28/Jul/2026:16:03:59 +0000] "POST /?wc-ajax=get_refreshed_fragments HTTP/1.1" 200 1006 "https://outlet.autozone.com.sa/" "Mozilla/5.0 (Linux; Android 10; K) AppleWebKit/537.36 (KHTML, like Gecko) Chrome/150.0.0.0 Mobile Safari/537.36"
2a02:9b0:1e:1c23:18c6:7dcb:f0d:241e - - [28/Jul/2026:16:03:59 +0000] "POST /?wc-ajax=get_refreshed_fragments HTTP/1.1" 200 1006 "https://outlet.autozone.com.sa/" "Mozilla/5.0 (Linux; Android 10; K) AppleWebKit/537.36 (KHTML, like Gecko) Chrome/150.0.0.0 Mobile Safari/537.36"
172.105.42.26 - - [28/Jul/2026:16:04:10 +0000] "POST /wp-cron.php?doing_wp_cron=1785254650.9075269699096679687500 HTTP/1.1" 200 20 "-" "WordPress/7.0.2; https://outlet.autozone.com.sa"
2a02:9b0:1e:1c23:18c6:7dcb:f0d:241e - - [28/Jul/2026:16:04:09 +0000] "POST /wp-admin/admin-ajax.php HTTP/1.1" 200 454 "https://outlet.autozone.com.sa/" "Mozilla/5.0 (Linux; Android 10; K) AppleWebKit/537.36 (KHTML, like Gecko) Chrome/150.0.0.0 Mobile Safari/537.36"
2a02:9b0:1e:1c23:18c6:7dcb:f0d:241e - - [28/Jul/2026:16:04:13 +0000] "POST /wp-admin/admin-ajax.php HTTP/1.1" 200 46 "https://outlet.autozone.com.sa/" "Mozilla/5.0 (Linux; Android 10; K) AppleWebKit/537.36 (KHTML, like Gecko) Chrome/150.0.0.0 Mobile Safari/537.36"
2a02:9b0:1e:1c23:18c6:7dcb:f0d:241e - - [28/Jul/2026:16:05:20 +0000] "GET /wp-content/uploads/2024/12/webstdy_1675070394%D9%85%D8%B5%D8%B1%D9%81%D8%A7%D9%84%D8%B1%D8%A7%D8%AC%D8%AD%D9%8A.webp HTTP/1.1" 200 16892 "https://outlet.autozone.com.sa/" "Mozilla/5.0 (Linux; Android 10; K) AppleWebKit/537.36 (KHTML, like Gecko) Chrome/150.0.0.0 Mobile Safari/537.36"
2a02:9b0:1e:1c23:18c6:7dcb:f0d:241e - - [28/Jul/2026:16:05:21 +0000] "GET /wp-content/uploads/2024/12/webstdy_1675070626%D8%A7%D9%84%D8%A8%D9%86%D9%83%D8%A7%D9%84%D8%B9%D8%B1%D8%A8%D9%8A.webp HTTP/1.1" 200 9504 "https://outlet.autozone.com.sa/" "Mozilla/5.0 (Linux; Android 10; K) AppleWebKit/537.36 (KHTML, like Gecko) Chrome/150.0.0.0 Mobile Safari/537.36"
2a02:9b0:1e:1c23:18c6:7dcb:f0d:241e - - [28/Jul/2026:16:05:21 +0000] "GET /wp-content/uploads/2024/12/webstdy_1675071526%D8%B4%D8%B1%D9%83%D8%A9%D8%AA%D8%A3%D8%AC%D9%8A%D8%B1.webp HTTP/1.1" 200 8599 "https://outlet.autozone.com.sa/" "Mozilla/5.0 (Linux; Android 10; K) AppleWebKit/537.36 (KHTML, like Gecko) Chrome/150.0.0.0 Mobile Safari/537.36"
172.105.42.26 - - [28/Jul/2026:16:05:23 +0000] "POST /wp-cron.php?doing_wp_cron=1785254723.7822029590606689453125 HTTP/1.1" 200 20 "-" "WordPress/7.0.2; https://outlet.autozone.com.sa"
2a02:9b0:1e:1c23:18c6:7dcb:f0d:241e - - [28/Jul/2026:16:05:19 +0000] "GET /car-type/suv-ar/ HTTP/1.1" 200 31511 "https://outlet.autozone.com.sa/" "Mozilla/5.0 (Linux; Android 10; K) AppleWebKit/537.36 (KHTML, like Gecko) Chrome/150.0.0.0 Mobile Safari/537.36"
2a02:9b0:1e:1c23:18c6:7dcb:f0d:241e - - [28/Jul/2026:16:05:24 +0000] "GET /%D8%A7%D9%84%D9%85%D8%A7%D8%B1%D9%83%D8%A9/changan-ar/ HTTP/1.1" 200 31242 "https://outlet.autozone.com.sa/" "Mozilla/5.0 (Linux; Android 10; K) AppleWebKit/537.36 (KHTML, like Gecko) Chrome/150.0.0.0 Mobile Safari/537.36"
2a02:9b0:1e:1c23:18c6:7dcb:f0d:241e - - [28/Jul/2026:16:05:26 +0000] "GET /wp-content/uploads/2024/12/webstdy_1675070697%D8%A8%D9%86%D9%83%D8%A7%D9%84%D8%A8%D9%84%D8%A7%D8%AF.webp HTTP/1.1" 200 16333 "https://outlet.autozone.com.sa/" "Mozilla/5.0 (Linux; Android 10; K) AppleWebKit/537.36 (KHTML, like Gecko) Chrome/150.0.0.0 Mobile Safari/537.36"
2a02:9b0:1e:1c23:18c6:7dcb:f0d:241e - - [28/Jul/2026:16:05:26 +0000] "GET /wp-content/uploads/2024/12/webstdy_1675071343%D8%B9%D8%A8%D8%AF%D8%A7%D9%84%D9%84%D8%B7%D9%8A%D9%81%D8%AC%D9%85%D9%8A%D9%84.webp HTTP/1.1" 200 11078 "https://outlet.autozone.com.sa/" "Mozilla/5.0 (Linux; Android 10; K) AppleWebKit/537.36 (KHTML, like Gecko) Chrome/150.0.0.0 Mobile Safari/537.36"
2a02:cb80:4019:1377:8177:5ecf:9b86:a19c - - [28/Jul/2026:16:05:25 +0000] "GET / HTTP/1.1" 200 36639 "https://autozone.com.sa/" "Mozilla/5.0 (iPhone; CPU iPhone OS 18_6_2 like Mac OS X) AppleWebKit/605.1.15 (KHTML, like Gecko) GSA/430.3.945886556 Mobile/15E148 Safari/604.1"
2a02:cb80:4019:1377:8177:5ecf:9b86:a19c - - [28/Jul/2026:16:05:27 +0000] "GET /wp-content/plugins/jet-engine/assets/css/frontend.css?ver=3.7.3 HTTP/1.1" 200 8461 "https://outlet.autozone.com.sa/" "Mozilla/5.0 (iPhone; CPU iPhone OS 18_6_2 like Mac OS X) AppleWebKit/605.1.15 (KHTML, like Gecko) GSA/430.3.945886556 Mobile/15E148 Safari/604.1"
2a02:cb80:4019:1377:8177:5ecf:9b86:a19c - - [28/Jul/2026:16:05:27 +0000] "GET /wp-content/plugins/sitepress-multilingual-cms/templates/language-switchers/legacy-list-horizontal/style.min.css?ver=1 HTTP/1.1" 200 318 "https://outlet.autozone.com.sa/" "Mozilla/5.0 (iPhone; CPU iPhone OS 18_6_2 like Mac OS X) AppleWebKit/605.1.15 (KHTML, like Gecko) GSA/430.3.945886556 Mobile/15E148 Safari/604.1"
2a02:cb80:4019:1377:8177:5ecf:9b86:a19c - - [28/Jul/2026:16:05:27 +0000] "GET /wp-content/themes/hello-elementor/style.min.css?ver=3.2.1 HTTP/1.1" 200 1808 "https://outlet.autozone.com.sa/" "Mozilla/5.0 (iPhone; CPU iPhone OS 18_6_2 like Mac OS X) AppleWebKit/605.1.15 (KHTML, like Gecko) GSA/430.3.945886556 Mobile/15E148 Safari/604.1"
2a02:cb80:4019:1377:8177:5ecf:9b86:a19c - - [28/Jul/2026:16:05:27 +0000] "GET /wp-content/uploads/elementor/css/post-78.css?ver=1785168314 HTTP/1.1" 200 486 "https://outlet.autozone.com.sa/" "Mozilla/5.0 (iPhone; CPU iPhone OS 18_6_2 like Mac OS X) AppleWebKit/605.1.15 (KHTML, like Gecko) GSA/430.3.945886556 Mobile/15E148 Safari/604.1"
2a02:cb80:4019:1377:8177:5ecf:9b86:a19c - - [28/Jul/2026:16:05:27 +0000] "GET /wp-content/plugins/jet-smart-filters/assets/css/public.css?ver=3.6.9 HTTP/1.1" 200 9128 "https://outlet.autozone.com.sa/" "Mozilla/5.0 (iPhone; CPU iPhone OS 18_6_2 like Mac OS X) AppleWebKit/605.1.15 (KHTML, like Gecko) GSA/430.3.945886556 Mobile/15E148 Safari/604.1"
2a02:cb80:4019:1377:8177:5ecf:9b86:a19c - - [28/Jul/2026:16:05:27 +0000] "GET /wp-content/plugins/jet-search/assets/lib/chosen/chosen.min.css?ver=1.8.7 HTTP/1.1" 200 2273 "https://outlet.autozone.com.sa/" "Mozilla/5.0 (iPhone; CPU iPhone OS 18_6_2 like Mac OS X) AppleWebKit/605.1.15 (KHTML, like Gecko) GSA/430.3.945886556 Mobile/15E148 Safari/604.1"
2a02:cb80:4019:1377:8177:5ecf:9b86:a19c - - [28/Jul/2026:16:05:27 +0000] "GET /wp-content/uploads/elementor/css/custom-apple-webkit.min.css?ver=1785168313 HTTP/1.1" 200 557 "https://outlet.autozone.com.sa/" "Mozilla/5.0 (iPhone; CPU iPhone OS 18_6_2 like Mac OS X) AppleWebKit/605.1.15 (KHTML, like Gecko) GSA/430.3.945886556 Mobile/15E148 Safari/604.1"
2a02:cb80:4019:1377:8177:5ecf:9b86:a19c - - [28/Jul/2026:16:05:27 +0000] "GET /wp-content/plugins/woocommerce/assets/css/brands.css?ver=10.3.7 HTTP/1.1" 200 684 "https://outlet.autozone.com.sa/" "Mozilla/5.0 (iPhone; CPU iPhone OS 18_6_2 like Mac OS X) AppleWebKit/605.1.15 (KHTML, like Gecko) GSA/430.3.945886556 Mobile/15E148 Safari/604.1"
2a02:cb80:4019:1377:8177:5ecf:9b86:a19c - - [28/Jul/2026:16:05:27 +0000] "GET /wp-content/uploads/elementor/css/post-6.css?ver=1785168313 HTTP/1.1" 200 870 "https://outlet.autozone.com.sa/" "Mozilla/5.0 (iPhone; CPU iPhone OS 18_6_2 like Mac OS X) AppleWebKit/605.1.15 (KHTML, like Gecko) GSA/430.3.945886556 Mobile/15E148 Safari/604.1"
2a02:cb80:4019:1377:8177:5ecf:9b86:a19c - - [28/Jul/2026:16:05:27 +0000] "GET /wp-content/plugins/elementor/assets/lib/animations/styles/slideInDown.min.css?ver=3.33.0 HTTP/1.1" 200 122 "https://outlet.autozone.com.sa/" "Mozilla/5.0 (iPhone; CPU iPhone OS 18_6_2 like Mac OS X) AppleWebKit/605.1.15 (KHTML, like Gecko) GSA/430.3.945886556 Mobile/15E148 Safari/604.1"
2a02:cb80:4019:1377:8177:5ecf:9b86:a19c - - [28/Jul/2026:16:05:27 +0000] "GET /wp-content/plugins/jet-popup/assets/css/jet-popup-frontend.css?ver=2.0.16 HTTP/1.1" 200 2860 "https://outlet.autozone.com.sa/" "Mozilla/5.0 (iPhone; CPU iPhone OS 18_6_2 like Mac OS X) AppleWebKit/605.1.15 (KHTML, like Gecko) GSA/430.3.945886556 Mobile/15E148 Safari/604.1"
2a02:cb80:4019:1377:8177:5ecf:9b86:a19c - - [28/Jul/2026:16:05:27 +0000] "GET /wp-content/themes/hello-elementor/header-footer.min.css?ver=3.2.1 HTTP/1.1" 200 1468 "https://outlet.autozone.com.sa/" "Mozilla/5.0 (iPhone; CPU iPhone OS 18_6_2 like Mac OS X) AppleWebKit/605.1.15 (KHTML, like Gecko) GSA/430.3.945886556 Mobile/15E148 Safari/604.1"
2a02:cb80:4019:1377:8177:5ecf:9b86:a19c - - [28/Jul/2026:16:05:27 +0000] "GET /wp-includes/css/dashicons.min.css?ver=7.0.2 HTTP/1.1" 200 35721 "https://outlet.autozone.com.sa/" "Mozilla/5.0 (iPhone; CPU iPhone OS 18_6_2 like Mac OS X) AppleWebKit/605.1.15 (KHTML, like Gecko) GSA/430.3.945886556 Mobile/15E148 Safari/604.1"
2a02:cb80:4019:1377:8177:5ecf:9b86:a19c - - [28/Jul/2026:16:05:27 +0000] "GET /wp-content/plugins/elementor/assets/lib/animations/styles/fadeInUp.min.css?ver=3.33.0 HTTP/1.1" 200 117 "https://outlet.autozone.com.sa/" "Mozilla/5.0 (iPhone; CPU iPhone OS 18_6_2 like Mac OS X) AppleWebKit/605.1.15 (KHTML, like Gecko) GSA/430.3.945886556 Mobile/15E148 Safari/604.1"
2a02:cb80:4019:1377:8177:5ecf:9b86:a19c - - [28/Jul/2026:16:05:27 +0000] "GET /wp-content/plugins/sitepress-multilingual-cms/templates/language-switchers/menu-item/style.min.css?ver=1 HTTP/1.1" 200 141 "https://outlet.autozone.com.sa/" "Mozilla/5.0 (iPhone; CPU iPhone OS 18_6_2 like Mac OS X) AppleWebKit/605.1.15 (KHTML, like Gecko) GSA/430.3.945886556 Mobile/15E148 Safari/604.1"
2a02:cb80:4019:1377:8177:5ecf:9b86:a19c - - [28/Jul/2026:16:05:27 +0000] "GET /wp-content/plugins/jet-tabs/assets/css/jet-tabs-frontend.css?ver=2.2.10 HTTP/1.1" 200 4018 "https://outlet.autozone.com.sa/" "Mozilla/5.0 (iPhone; CPU iPhone OS 18_6_2 like Mac OS X) AppleWebKit/605.1.15 (KHTML, like Gecko) GSA/430.3.945886556 Mobile/15E148 Safari/604.1"
2a02:cb80:4019:1377:8177:5ecf:9b86:a19c - - [28/Jul/2026:16:05:27 +0000] "GET /wp-content/plugins/jet-theme-core/assets/css/frontend.css?ver=2.3.0.3 HTTP/1.1" 304 - "https://outlet.autozone.com.sa/" "Mozilla/5.0 (iPhone; CPU iPhone OS 18_6_2 like Mac OS X) AppleWebKit/605.1.15 (KHTML, like Gecko) GSA/430.3.945886556 Mobile/15E148 Safari/604.1"
2a02:cb80:4019:1377:8177:5ecf:9b86:a19c - - [28/Jul/2026:16:05:27 +0000] "GET /wp-content/plugins/jet-search/assets/css/jet-search.css?ver=3.5.12 HTTP/1.1" 200 10064 "https://outlet.autozone.com.sa/" "Mozilla/5.0 (iPhone; CPU iPhone OS 18_6_2 like Mac OS X) AppleWebKit/605.1.15 (KHTML, like Gecko) GSA/430.3.945886556 Mobile/15E148 Safari/604.1"
2a02:cb80:4019:1377:8177:5ecf:9b86:a19c - - [28/Jul/2026:16:05:27 +0000] "GET /wp-content/plugins/woo-variation-gallery/assets/css/slick.min.css?ver=1.8.1 HTTP/1.1" 200 1108 "https://outlet.autozone.com.sa/" "Mozilla/5.0 (iPhone; CPU iPhone OS 18_6_2 like Mac OS X) AppleWebKit/605.1.15 (KHTML, like Gecko) GSA/430.3.945886556 Mobile/15E148 Safari/604.1"
2a02:cb80:4019:1377:8177:5ecf:9b86:a19c - - [28/Jul/2026:16:05:27 +0000] "GET /wp-content/plugins/jet-blog/assets/css/jet-blog.css?ver=2.4.5.1 HTTP/1.1" 200 10354 "https://outlet.autozone.com.sa/" "Mozilla/5.0 (iPhone; CPU iPhone OS 18_6_2 like Mac OS X) AppleWebKit/605.1.15 (KHTML, like Gecko) GSA/430.3.945886556 Mobile/15E148 Safari/604.1"
2a02:cb80:4019:1377:8177:5ecf:9b86:a19c - - [28/Jul/2026:16:05:27 +0000] "GET /wp-content/plugins/woo-variation-gallery/assets/css/frontend.min.css?ver=1754748830 HTTP/1.1" 200 5657 "https://outlet.autozone.com.sa/" "Mozilla/5.0 (iPhone; CPU iPhone OS 18_6_2 like Mac OS X) AppleWebKit/605.1.15 (KHTML, like Gecko) GSA/430.3.945886556 Mobile/15E148 Safari/604.1"
2a02:cb80:4019:1377:8177:5ecf:9b86:a19c - - [28/Jul/2026:16:05:27 +0000] "GET /wp-content/themes/hello-elementor/theme.min.css?ver=3.2.1 HTTP/1.1" 200 1289 "https://outlet.autozone.com.sa/" "Mozilla/5.0 (iPhone; CPU iPhone OS 18_6_2 like Mac OS X) AppleWebKit/605.1.15 (KHTML, like Gecko) GSA/430.3.945886556 Mobile/15E148 Safari/604.1"
2a02:cb80:4019:1377:8177:5ecf:9b86:a19c - - [28/Jul/2026:16:05:27 +0000] "GET /wp-content/plugins/woo-variation-swatches/assets/css/frontend.min.css?ver=1764760746 HTTP/1.1" 200 4492 "https://outlet.autozone.com.sa/" "Mozilla/5.0 (iPhone; CPU iPhone OS 18_6_2 like Mac OS X) AppleWebKit/605.1.15 (KHTML, like Gecko) GSA/430.3.945886556 Mobile/15E148 Safari/604.1"
2a02:cb80:4019:1377:8177:5ecf:9b86:a19c - - [28/Jul/2026:16:05:27 +0000] "GET /wp-content/plugins/jet-tricks/assets/css/jet-tricks-frontend.css?ver=1.5.6 HTTP/1.1" 200 3414 "https://outlet.autozone.com.sa/" "Mozilla/5.0 (iPhone; CPU iPhone OS 18_6_2 like Mac OS X) AppleWebKit/605.1.15 (KHTML, like Gecko) GSA/430.3.945886556 Mobile/15E148 Safari/604.1"
2a02:cb80:4019:1377:8177:5ecf:9b86:a19c - - [28/Jul/2026:16:05:27 +0000] "GET /wp-content/plugins/elementor/assets/lib/swiper/v8/css/swiper.min.css?ver=8.4.5 HTTP/1.1" 200 4583 "https://outlet.autozone.com.sa/" "Mozilla/5.0 (iPhone; CPU iPhone OS 18_6_2 like Mac OS X) AppleWebKit/605.1.15 (KHTML, like Gecko) GSA/430.3.945886556 Mobile/15E148 Safari/604.1"
2a02:9b0:1e:1c23:18c6:7dcb:f0d:241e - - [28/Jul/2026:16:05:27 +0000] "GET /wp-content/uploads/2024/12/webstdy_1675070763%D8%A8%D9%86%D9%83%D8%A7%D9%84%D8%A7%D9%85%D8%A7%D8%B1%D8%A7%D8%AA.webp HTTP/1.1" 200 9303 "https://outlet.autozone.com.sa/" "Mozilla/5.0 (Linux; Android 10; K) AppleWebKit/537.36 (KHTML, like Gecko) Chrome/150.0.0.0 Mobile Safari/537.36"
2a02:9b0:1e:1c23:18c6:7dcb:f0d:241e - - [28/Jul/2026:16:05:27 +0000] "GET /wp-content/uploads/2024/12/webstdy_1675070438%D8%A7%D9%84%D8%A8%D9%86%D9%83%D8%A7%D9%84%D8%A7%D9%87%D9%84%D9%8A%D8%A7%D9%84%D8%B3%D8%B9%D9%88%D8%AF%D9%8A.webp HTTP/1.1" 200 12292 "https://outlet.autozone.com.sa/" "Mozilla/5.0 (Linux; Android 10; K) AppleWebKit/537.36 (KHTML, like Gecko) Chrome/150.0.0.0 Mobile Safari/537.36"
2a02:cb80:4019:1377:8177:5ecf:9b86:a19c - - [28/Jul/2026:16:05:28 +0000] "GET /wp-content/uploads/2025/01/red-design.webp HTTP/1.1" 200 1793 "https://outlet.autozone.com.sa/" "Mozilla/5.0 (iPhone; CPU iPhone OS 18_6_2 like Mac OS X) AppleWebKit/605.1.15 (KHTML, like Gecko) GSA/430.3.945886556 Mobile/15E148 Safari/604.1"
2a02:cb80:4019:1377:8177:5ecf:9b86:a19c - - [28/Jul/2026:16:05:28 +0000] "GET /wp-content/plugins/elementor/assets/css/conditionals/e-swiper.min.css?ver=3.33.0 HTTP/1.1" 200 799 "https://outlet.autozone.com.sa/" "Mozilla/5.0 (iPhone; CPU iPhone OS 18_6_2 like Mac OS X) AppleWebKit/605.1.15 (KHTML, like Gecko) GSA/430.3.945886556 Mobile/15E148 Safari/604.1"
2a02:cb80:4019:1377:8177:5ecf:9b86:a19c - - [28/Jul/2026:16:05:28 +0000] "GET /wp-content/plugins/sitepress-multilingual-cms/res/flags/ar.svg HTTP/1.1" 200 452 "https://outlet.autozone.com.sa/" "Mozilla/5.0 (iPhone; CPU iPhone OS 18_6_2 like Mac OS X) AppleWebKit/605.1.15 (KHTML, like Gecko) GSA/430.3.945886556 Mobile/15E148 Safari/604.1"
2a02:cb80:4019:1377:8177:5ecf:9b86:a19c - - [28/Jul/2026:16:05:28 +0000] "GET /wp-content/plugins/sitepress-multilingual-cms/res/flags/en.svg HTTP/1.1" 200 568 "https://outlet.autozone.com.sa/" "Mozilla/5.0 (iPhone; CPU iPhone OS 18_6_2 like Mac OS X) AppleWebKit/605.1.15 (KHTML, like Gecko) GSA/430.3.945886556 Mobile/15E148 Safari/604.1"
2a02:cb80:4019:1377:8177:5ecf:9b86:a19c - - [28/Jul/2026:16:05:28 +0000] "GET /wp-content/plugins/jet-tricks/assets/js/lib/tippy/popperjs.js?ver=2.5.2 HTTP/1.1" 200 6619 "https://outlet.autozone.com.sa/" "Mozilla/5.0 (iPhone; CPU iPhone OS 18_6_2 like Mac OS X) AppleWebKit/605.1.15 (KHTML, like Gecko) GSA/430.3.945886556 Mobile/15E148 Safari/604.1"
2a02:cb80:4019:1377:8177:5ecf:9b86:a19c - - [28/Jul/2026:16:05:28 +0000] "GET /wp-content/plugins/jet-elements/assets/js/jet-elements.min.js?ver=2.7.9.1 HTTP/1.1" 200 26520 "https://outlet.autozone.com.sa/" "Mozilla/5.0 (iPhone; CPU iPhone OS 18_6_2 like Mac OS X) AppleWebKit/605.1.15 (KHTML, like Gecko) GSA/430.3.945886556 Mobile/15E148 Safari/604.1"
2a02:cb80:4019:1377:8177:5ecf:9b86:a19c - - [28/Jul/2026:16:05:28 +0000] "GET /wp-content/plugins/jet-tricks/assets/js/jet-tricks-frontend.js?ver=1.5.6 HTTP/1.1" 200 9298 "https://outlet.autozone.com.sa/" "Mozilla/5.0 (iPhone; CPU iPhone OS 18_6_2 like Mac OS X) AppleWebKit/605.1.15 (KHTML, like Gecko) GSA/430.3.945886556 Mobile/15E148 Safari/604.1"
2a02:cb80:4019:1377:8177:5ecf:9b86:a19c - - [28/Jul/2026:16:05:28 +0000] "GET /wp-content/plugins/jet-smart-filters/assets/js/public.js?ver=3.6.9 HTTP/1.1" 200 34762 "https://outlet.autozone.com.sa/" "Mozilla/5.0 (iPhone; CPU iPhone OS 18_6_2 like Mac OS X) AppleWebKit/605.1.15 (KHTML, like Gecko) GSA/430.3.945886556 Mobile/15E148 Safari/604.1"
2a02:cb80:4019:1377:8177:5ecf:9b86:a19c - - [28/Jul/2026:16:05:28 +0000] "GET /wp-content/plugins/jet-tricks/assets/js/lib/tippy/tippy-bundle.js?ver=6.3.1 HTTP/1.1" 200 18936 "https://outlet.autozone.com.sa/" "Mozilla/5.0 (iPhone; CPU iPhone OS 18_6_2 like Mac OS X) AppleWebKit/605.1.15 (KHTML, like Gecko) GSA/430.3.945886556 Mobile/15E148 Safari/604.1"
2a02:cb80:4019:1377:8177:5ecf:9b86:a19c - - [28/Jul/2026:16:05:28 +0000] "GET /wp-content/plugins/element-pack-pro-1/assets/js/common/helper.min.js?ver=7.5.4 HTTP/1.1" 200 678 "https://outlet.autozone.com.sa/" "Mozilla/5.0 (iPhone; CPU iPhone OS 18_6_2 like Mac OS X) AppleWebKit/605.1.15 (KHTML, like Gecko) GSA/430.3.945886556 Mobile/15E148 Safari/604.1"
2a02:cb80:4019:1377:8177:5ecf:9b86:a19c - - [28/Jul/2026:16:05:28 +0000] "GET /wp-content/plugins/woocommerce/assets/js/frontend/order-attribution.min.js?ver=10.3.7 HTTP/1.1" 200 1128 "https://outlet.autozone.com.sa/" "Mozilla/5.0 (iPhone; CPU iPhone OS 18_6_2 like Mac OS X) AppleWebKit/605.1.15 (KHTML, like Gecko) GSA/430.3.945886556 Mobile/15E148 Safari/604.1"
2a02:cb80:4019:1377:8177:5ecf:9b86:a19c - - [28/Jul/2026:16:05:28 +0000] "GET /wp-content/plugins/element-pack-pro-1/assets/js/bdt-uikit.min.js?ver=3.16.24 HTTP/1.1" 200 49722 "https://outlet.autozone.com.sa/" "Mozilla/5.0 (iPhone; CPU iPhone OS 18_6_2 like Mac OS X) AppleWebKit/605.1.15 (KHTML, like Gecko) GSA/430.3.945886556 Mobile/15E148 Safari/604.1"
2a02:cb80:4019:1377:8177:5ecf:9b86:a19c - - [28/Jul/2026:16:05:28 +0000] "GET /wp-includes/js/jquery/ui/datepicker.min.js?ver=1.13.3 HTTP/1.1" 200 10907 "https://outlet.autozone.com.sa/" "Mozilla/5.0 (iPhone; CPU iPhone OS 18_6_2 like Mac OS X) AppleWebKit/605.1.15 (KHTML, like Gecko) GSA/430.3.945886556 Mobile/15E148 Safari/604.1"
2a02:cb80:4019:1377:8177:5ecf:9b86:a19c - - [28/Jul/2026:16:05:28 +0000] "GET /wp-content/plugins/elementor-pro/assets/js/frontend.min.js?ver=3.33.1 HTTP/1.1" 200 6433 "https://outlet.autozone.com.sa/" "Mozilla/5.0 (iPhone; CPU iPhone OS 18_6_2 like Mac OS X) AppleWebKit/605.1.15 (KHTML, like Gecko) GSA/430.3.945886556 Mobile/15E148 Safari/604.1"
2a02:cb80:4019:1377:8177:5ecf:9b86:a19c - - [28/Jul/2026:16:05:28 +0000] "GET /wp-content/plugins/jet-blocks/assets/js/jet-blocks.min.js?ver=1.3.19.1 HTTP/1.1" 200 5961 "https://outlet.autozone.com.sa/" "Mozilla/5.0 (iPhone; CPU iPhone OS 18_6_2 like Mac OS X) AppleWebKit/605.1.15 (KHTML, like Gecko) GSA/430.3.945886556 Mobile/15E148 Safari/604.1"
2a02:cb80:4019:1377:8177:5ecf:9b86:a19c - - [28/Jul/2026:16:05:28 +0000] "GET /wp-content/plugins/woo-variation-gallery/assets/js/frontend.min.js?ver=1754748830 HTTP/1.1" 200 4745 "https://outlet.autozone.com.sa/" "Mozilla/5.0 (iPhone; CPU iPhone OS 18_6_2 like Mac OS X) AppleWebKit/605.1.15 (KHTML, like Gecko) GSA/430.3.945886556 Mobile/15E148 Safari/604.1"
2a02:cb80:4019:1377:8177:5ecf:9b86:a19c - - [28/Jul/2026:16:05:28 +0000] "GET /wp-content/plugins/elementor/assets/js/webpack.runtime.min.js?ver=3.33.0 HTTP/1.1" 200 2481 "https://outlet.autozone.com.sa/" "Mozilla/5.0 (iPhone; CPU iPhone OS 18_6_2 like Mac OS X) AppleWebKit/605.1.15 (KHTML, like Gecko) GSA/430.3.945886556 Mobile/15E148 Safari/604.1"
2a02:cb80:4019:1377:8177:5ecf:9b86:a19c - - [28/Jul/2026:16:05:28 +0000] "GET /wp-content/plugins/jet-compare-wishlist/assets/js/dist/frontend.js?ver=1.5.11 HTTP/1.1" 200 1925 "https://outlet.autozone.com.sa/" "Mozilla/5.0 (iPhone; CPU iPhone OS 18_6_2 like Mac OS X) AppleWebKit/605.1.15 (KHTML, like Gecko) GSA/430.3.945886556 Mobile/15E148 Safari/604.1"
2a02:cb80:4019:1377:8177:5ecf:9b86:a19c - - [28/Jul/2026:16:05:28 +0000] "GET /wp-content/plugins/jet-engine/assets/js/frontend.js?ver=3.7.3 HTTP/1.1" 200 15509 "https://outlet.autozone.com.sa/" "Mozilla/5.0 (iPhone; CPU iPhone OS 18_6_2 like Mac OS X) AppleWebKit/605.1.15 (KHTML, like Gecko) GSA/430.3.945886556 Mobile/15E148 Safari/604.1"
2a02:cb80:4019:1377:8177:5ecf:9b86:a19c - - [28/Jul/2026:16:05:28 +0000] "GET /wp-includes/js/dist/api-fetch.min.js?ver=d7efe4dc1468d36c39b8 HTTP/1.1" 200 2839 "https://outlet.autozone.com.sa/" "Mozilla/5.0 (iPhone; CPU iPhone OS 18_6_2 like Mac OS X) AppleWebKit/605.1.15 (KHTML, like Gecko) GSA/430.3.945886556 Mobile/15E148 Safari/604.1"
2a02:cb80:4019:1377:8177:5ecf:9b86:a19c - - [28/Jul/2026:16:05:28 +0000] "GET /wp-content/plugins/jet-search/assets/lib/jet-plugins/jet-plugins.js?ver=1.0.0 HTTP/1.1" 200 2282 "https://outlet.autozone.com.sa/" "Mozilla/5.0 (iPhone; CPU iPhone OS 18_6_2 like Mac OS X) AppleWebKit/605.1.15 (KHTML, like Gecko) GSA/430.3.945886556 Mobile/15E148 Safari/604.1"
2a02:cb80:4019:1377:8177:5ecf:9b86:a19c - - [28/Jul/2026:16:05:28 +0000] "GET /wp-content/plugins/woo-variation-gallery/assets/js/slick.min.js?ver=1.8.1 HTTP/1.1" 200 10678 "https://outlet.autozone.com.sa/" "Mozilla/5.0 (iPhone; CPU iPhone OS 18_6_2 like Mac OS X) AppleWebKit/605.1.15 (KHTML, like Gecko) GSA/430.3.945886556 Mobile/15E148 Safari/604.1"
2a02:cb80:4019:1377:8177:5ecf:9b86:a19c - - [28/Jul/2026:16:05:28 +0000] "GET /wp-content/plugins/woocommerce/assets/js/sourcebuster/sourcebuster.min.js?ver=10.3.7 HTTP/1.1" 200 4807 "https://outlet.autozone.com.sa/" "Mozilla/5.0 (iPhone; CPU iPhone OS 18_6_2 like Mac OS X) AppleWebKit/605.1.15 (KHTML, like Gecko) GSA/430.3.945886556 Mobile/15E148 Safari/604.1"
2a02:cb80:4019:1377:8177:5ecf:9b86:a19c - - [28/Jul/2026:16:05:28 +0000] "GET /wp-content/plugins/sitepress-multilingual-cms/res/js/cookies/language-cookie.js?ver=486900 HTTP/1.1" 200 187 "https://outlet.autozone.com.sa/" "Mozilla/5.0 (iPhone; CPU iPhone OS 18_6_2 like Mac OS X) AppleWebKit/605.1.15 (KHTML, like Gecko) GSA/430.3.945886556 Mobile/15E148 Safari/604.1"
2a02:cb80:4019:1377:8177:5ecf:9b86:a19c - - [28/Jul/2026:16:05:28 +0000] "GET /wp-includes/js/imagesloaded.min.js?ver=5.0.0 HTTP/1.1" 200 1803 "https://outlet.autozone.com.sa/" "Mozilla/5.0 (iPhone; CPU iPhone OS 18_6_2 like Mac OS X) AppleWebKit/605.1.15 (KHTML, like Gecko) GSA/430.3.945886556 Mobile/15E148 Safari/604.1"
2a02:cb80:4019:1377:8177:5ecf:9b86:a19c - - [28/Jul/2026:16:05:28 +0000] "GET /wp-content/plugins/elementor/assets/js/frontend.min.js?ver=3.33.0 HTTP/1.1" 200 10325 "https://outlet.autozone.com.sa/" "Mozilla/5.0 (iPhone; CPU iPhone OS 18_6_2 like Mac OS X) AppleWebKit/605.1.15 (KHTML, like Gecko) GSA/430.3.945886556 Mobile/15E148 Safari/604.1"
