2001:16a4:71:b1e:b1f5:34c4:f66c:23ef - - [28/Jul/2026:23:32:01 +0000] "GET /wp-content/uploads/2024/12/webstdy_1675071243%D8%B1%D8%A7%D9%8A%D8%A9%D9%84%D9%84%D8%AA%D9%85%D9%88%D9%8A%D9%84.webp HTTP/1.1" 200 17267 "https://outlet.autozone.com.sa/" "Mozilla/5.0 (iPhone; CPU iPhone OS 17_5_1 like Mac OS X) AppleWebKit/605.1.15 (KHTML, like Gecko) GSA/374.0.773146746 Mobile/15E148 Safari/604.1"
2001:16a4:71:b1e:b1f5:34c4:f66c:23ef - - [28/Jul/2026:23:32:01 +0000] "GET /wp-content/uploads/2024/12/webstdy_1675070516%D8%A8%D9%86%D9%83%D8%A7%D9%84%D8%B1%D9%8A%D8%A7%D8%B6.webp HTTP/1.1" 200 10879 "https://outlet.autozone.com.sa/" "Mozilla/5.0 (iPhone; CPU iPhone OS 17_5_1 like Mac OS X) AppleWebKit/605.1.15 (KHTML, like Gecko) GSA/374.0.773146746 Mobile/15E148 Safari/604.1"
2001:16a4:71:b1e:b1f5:34c4:f66c:23ef - - [28/Jul/2026:23:32:30 +0000] "GET / HTTP/1.1" 200 35999 "https://www.google.com/url?q=https://outlet.autozone.com.sa/&sa=U&ved=2ahUKEwjI7YGExPaVAxXgBNsEHXaSDlAQFnoECCQQAQ&usg=AOvVaw0ledoTVqhgO1zBtBpaw7Uv" "Mozilla/5.0 (iPhone; CPU iPhone OS 17_5_1 like Mac OS X) AppleWebKit/605.1.15 (KHTML, like Gecko) GSA/374.0.773146746 Mobile/15E148 Safari/604.1"
2001:16a4:71:b1e:b1f5:34c4:f66c:23ef - - [28/Jul/2026:23:32:34 +0000] "POST /?wc-ajax=get_refreshed_fragments HTTP/1.1" 200 1006 "https://outlet.autozone.com.sa/" "Mozilla/5.0 (iPhone; CPU iPhone OS 17_5_1 like Mac OS X) AppleWebKit/605.1.15 (KHTML, like Gecko) GSA/374.0.773146746 Mobile/15E148 Safari/604.1"
2001:16a4:71:b1e:b1f5:34c4:f66c:23ef - - [28/Jul/2026:23:32:34 +0000] "POST /?wc-ajax=get_refreshed_fragments HTTP/1.1" 200 1006 "https://outlet.autozone.com.sa/" "Mozilla/5.0 (iPhone; CPU iPhone OS 17_5_1 like Mac OS X) AppleWebKit/605.1.15 (KHTML, like Gecko) GSA/374.0.773146746 Mobile/15E148 Safari/604.1"
62.238.57.203 - - [28/Jul/2026:23:35:36 +0000] "GET /wp-content/uploads/2024/12/webstdy_1675070394%D9%85%D8%B5%D8%B1%D9%81%D8%A7%D9%84%D8%B1%D8%A7%D8%AC%D8%AD%D9%8A-600x600.webp HTTP/1.1" 200 10311 "-" "Mozilla/5.0 (X11; Ubuntu; Linux x86_64; rv:72.0) Gecko/20100101 Firefox/72.0"
172.105.42.26 - - [28/Jul/2026:23:35:49 +0000] "POST /wp-cron.php?doing_wp_cron=1785281749.2451560497283935546875 HTTP/1.1" 200 20 "-" "WordPress/7.0.2; https://outlet.autozone.com.sa"
2a02:cb80:40a3:9139:f899:caff:fef6:4cb4 - - [28/Jul/2026:23:35:44 +0000] "GET / HTTP/1.1" 200 35999 "https://autozone.com.sa/" "Mozilla/5.0 (Linux; Android 10; K) AppleWebKit/537.36 (KHTML, like Gecko) Chrome/150.0.0.0 Mobile Safari/537.36"
2a02:cb80:40a3:9139:f899:caff:fef6:4cb4 - - [28/Jul/2026:23:35:50 +0000] "POST /?wc-ajax=get_refreshed_fragments HTTP/1.1" 200 1006 "https://outlet.autozone.com.sa/" "Mozilla/5.0 (Linux; Android 10; K) AppleWebKit/537.36 (KHTML, like Gecko) Chrome/150.0.0.0 Mobile Safari/537.36"
2a02:cb80:40a3:9139:f899:caff:fef6:4cb4 - - [28/Jul/2026:23:35:50 +0000] "POST /?wc-ajax=get_refreshed_fragments HTTP/1.1" 200 1006 "https://outlet.autozone.com.sa/" "Mozilla/5.0 (Linux; Android 10; K) AppleWebKit/537.36 (KHTML, like Gecko) Chrome/150.0.0.0 Mobile Safari/537.36"
2a02:cb80:40a3:9139:f899:caff:fef6:4cb4 - - [28/Jul/2026:23:36:05 +0000] "POST /wp-admin/admin-ajax.php HTTP/1.1" 200 454 "https://outlet.autozone.com.sa/" "Mozilla/5.0 (Linux; Android 10; K) AppleWebKit/537.36 (KHTML, like Gecko) Chrome/150.0.0.0 Mobile Safari/537.36"
2a02:cb80:40a3:9139:f899:caff:fef6:4cb4 - - [28/Jul/2026:23:36:06 +0000] "POST //shop HTTP/1.1" 200 31104 "https://outlet.autozone.com.sa/" "Mozilla/5.0 (Linux; Android 10; K) AppleWebKit/537.36 (KHTML, like Gecko) Chrome/150.0.0.0 Mobile Safari/537.36"
2a02:cb80:40a3:9139:f899:caff:fef6:4cb4 - - [28/Jul/2026:23:36:09 +0000] "POST /?wc-ajax=get_refreshed_fragments HTTP/1.1" 200 1006 "https://outlet.autozone.com.sa//shop" "Mozilla/5.0 (Linux; Android 10; K) AppleWebKit/537.36 (KHTML, like Gecko) Chrome/150.0.0.0 Mobile Safari/537.36"
2a02:cb80:40a3:9139:f899:caff:fef6:4cb4 - - [28/Jul/2026:23:36:13 +0000] "GET /product/%d8%a7%d9%84%d8%b3%d9%8a%d8%a7%d8%b1%d8%a9-%d9%84%d9%8a%d8%b3%d8%aa-bmw-%d9%84%d8%ba%d8%b1%d8%b6-%d8%a7%d9%84%d8%a7%d8%ae%d8%aa%d8%a8%d8%a7%d8%b1/ HTTP/1.1" 200 34062 "https://outlet.autozone.com.sa//shop" "Mozilla/5.0 (Linux; Android 10; K) AppleWebKit/537.36 (KHTML, like Gecko) Chrome/150.0.0.0 Mobile Safari/537.36"
172.105.42.26 - - [28/Jul/2026:23:38:22 +0000] "POST /wp-cron.php?doing_wp_cron=1785281902.5184919834136962890625 HTTP/1.1" 200 20 "-" "WordPress/7.0.2; https://outlet.autozone.com.sa"
94.97.87.68 - - [28/Jul/2026:23:38:18 +0000] "GET / HTTP/1.1" 200 35999 "https://autozone.com.sa/" "Mozilla/5.0 (Linux; Android 10; K) AppleWebKit/537.36 (KHTML, like Gecko) Chrome/150.0.0.0 Mobile Safari/537.36"
94.97.87.68 - - [28/Jul/2026:23:38:23 +0000] "GET /wp-content/uploads/2024/12/outlet-logo-arabic-1024x358.png HTTP/1.1" 304 - "https://outlet.autozone.com.sa/" "Mozilla/5.0 (Linux; Android 10; K) AppleWebKit/537.36 (KHTML, like Gecko) Chrome/150.0.0.0 Mobile Safari/537.36"
94.97.87.68 - - [28/Jul/2026:23:38:26 +0000] "GET /wp-content/uploads/2025/05/outlet-icon-50x50.webp HTTP/1.1" 200 1631 "https://outlet.autozone.com.sa/" "Mozilla/5.0 (Linux; Android 10; K) AppleWebKit/537.36 (KHTML, like Gecko) Chrome/150.0.0.0 Mobile Safari/537.36"
94.97.87.68 - - [28/Jul/2026:23:38:27 +0000] "POST /?wc-ajax=get_refreshed_fragments HTTP/1.1" 200 1006 "https://outlet.autozone.com.sa/" "Mozilla/5.0 (Linux; Android 10; K) AppleWebKit/537.36 (KHTML, like Gecko) Chrome/150.0.0.0 Mobile Safari/537.36"
94.97.87.68 - - [28/Jul/2026:23:38:27 +0000] "POST /?wc-ajax=get_refreshed_fragments HTTP/1.1" 200 1006 "https://outlet.autozone.com.sa/" "Mozilla/5.0 (Linux; Android 10; K) AppleWebKit/537.36 (KHTML, like Gecko) Chrome/150.0.0.0 Mobile Safari/537.36"
172.105.42.26 - - [28/Jul/2026:23:38:46 +0000] "POST /wp-cron.php?doing_wp_cron=1785281926.3044340610504150390625 HTTP/1.1" 200 20 "-" "WordPress/7.0.2; https://outlet.autozone.com.sa"
62.149.110.138 - - [28/Jul/2026:23:38:44 +0000] "GET / HTTP/1.1" 200 35999 "https://autozone.com.sa/" "Mozilla/5.0 (Linux; Android 10; K) AppleWebKit/537.36 (KHTML, like Gecko) Chrome/150.0.0.0 Mobile Safari/537.36"
62.149.110.138 - - [28/Jul/2026:23:38:50 +0000] "POST /?wc-ajax=get_refreshed_fragments HTTP/1.1" 200 1006 "https://outlet.autozone.com.sa/" "Mozilla/5.0 (Linux; Android 10; K) AppleWebKit/537.36 (KHTML, like Gecko) Chrome/150.0.0.0 Mobile Safari/537.36"
62.149.110.138 - - [28/Jul/2026:23:38:50 +0000] "POST /?wc-ajax=get_refreshed_fragments HTTP/1.1" 200 1006 "https://outlet.autozone.com.sa/" "Mozilla/5.0 (Linux; Android 10; K) AppleWebKit/537.36 (KHTML, like Gecko) Chrome/150.0.0.0 Mobile Safari/537.36"
172.105.42.26 - - [28/Jul/2026:23:40:28 +0000] "POST /wp-cron.php?doing_wp_cron=1785282028.5721089839935302734375 HTTP/1.1" 200 20 "-" "WordPress/7.0.2; https://outlet.autozone.com.sa"
74.7.242.32 - - [28/Jul/2026:23:40:25 +0000] "GET /wp-sitemap.xml HTTP/1.1" 200 283 "-" "Mozilla/5.0 AppleWebKit/537.36 (KHTML, like Gecko; compatible; GPTBot/1.4; +https://openai.com/gptbot)"
172.105.42.26 - - [28/Jul/2026:23:41:51 +0000] "POST /wp-cron.php?doing_wp_cron=1785282111.5655710697174072265625 HTTP/1.1" 200 20 "-" "WordPress/7.0.2; https://outlet.autozone.com.sa"
2a02:cb80:40a3:9139:f899:caff:fef6:4cb4 - - [28/Jul/2026:23:41:47 +0000] "GET /our-offers/ HTTP/1.1" 200 22313 "https://outlet.autozone.com.sa//shop" "Mozilla/5.0 (Linux; Android 10; K) AppleWebKit/537.36 (KHTML, like Gecko) Chrome/150.0.0.0 Mobile Safari/537.36"
66.249.74.42 - - [28/Jul/2026:23:42:09 +0000] "GET /?nocache=1777736126&jet_blog_ajax=1 HTTP/1.1" 200 36000 "-" "Mozilla/5.0 (Linux; Android 6.0.1; Nexus 5X Build/MMB29P) AppleWebKit/537.36 (KHTML, like Gecko) Chrome/150.0.7871.128 Mobile Safari/537.36 (compatible; Googlebot/2.1; +http://www.google.com/bot.html)"
66.249.74.32 - - [28/Jul/2026:23:49:10 +0000] "GET /wp-content/uploads/elementor/css/post-787.css?ver=1783296000 HTTP/1.1" 200 1161 "https://outlet.autozone.com.sa/our-offers/?nocache=1784377918&jet_blog_ajax=1" "Mozilla/5.0 (Linux; Android 6.0.1; Nexus 5X Build/MMB29P) AppleWebKit/537.36 (KHTML, like Gecko) Chrome/150.0.7871.128 Mobile Safari/537.36 (compatible; Googlebot/2.1; +http://www.google.com/bot.html)"
172.105.42.26 - - [28/Jul/2026:23:52:45 +0000] "POST /wp-cron.php?doing_wp_cron=1785282764.9901540279388427734375 HTTP/1.1" 200 20 "-" "WordPress/7.0.2; https://outlet.autozone.com.sa"
66.249.74.32 - - [28/Jul/2026:23:52:41 +0000] "POST /?wc-ajax=get_refreshed_fragments HTTP/1.1" 200 1006 "https://outlet.autozone.com.sa/author/az_admin_acc/?nocache=1780671987&jet_blog_ajax=1" "Mozilla/5.0 (Linux; Android 6.0.1; Nexus 5X Build/MMB29P) AppleWebKit/537.36 (KHTML, like Gecko) Chrome/150.0.7871.128 Mobile Safari/537.36 (compatible; Googlebot/2.1; +http://www.google.com/bot.html)"
66.249.74.33 - - [28/Jul/2026:23:52:45 +0000] "POST /?wc-ajax=get_refreshed_fragments HTTP/1.1" 200 1006 "https://outlet.autozone.com.sa/author/az_admin_acc/?nocache=1780671987&jet_blog_ajax=1" "Mozilla/5.0 (Linux; Android 6.0.1; Nexus 5X Build/MMB29P) AppleWebKit/537.36 (KHTML, like Gecko) Chrome/150.0.7871.128 Mobile Safari/537.36 (compatible; Googlebot/2.1; +http://www.google.com/bot.html)"
172.105.42.26 - - [29/Jul/2026:00:05:18 +0000] "POST /wp-cron.php?doing_wp_cron=1785283517.7719800472259521484375 HTTP/1.1" 200 20 "-" "WordPress/7.0.2; https://outlet.autozone.com.sa"
2001:16a2:c35c:4c82:18c3:a742:1d40:a0d2 - - [29/Jul/2026:00:05:11 +0000] "GET / HTTP/1.1" 200 35996 "https://autozone.com.sa/" "Mozilla/5.0 (Linux; Android 10; K) AppleWebKit/537.36 (KHTML, like Gecko) Chrome/150.0.0.0 Mobile Safari/537.36"
2001:16a2:c35c:4c82:18c3:a742:1d40:a0d2 - - [29/Jul/2026:00:05:19 +0000] "GET /wp-content/uploads/2024/12/outlet-logo-arabic-768x268.png HTTP/1.1" 200 33766 "https://outlet.autozone.com.sa/" "Mozilla/5.0 (Linux; Android 10; K) AppleWebKit/537.36 (KHTML, like Gecko) Chrome/150.0.0.0 Mobile Safari/537.36"
2001:16a2:c35c:4c82:18c3:a742:1d40:a0d2 - - [29/Jul/2026:00:05:22 +0000] "GET /wp-content/uploads/2025/05/outlet-icon-300x300.webp HTTP/1.1" 200 9201 "https://outlet.autozone.com.sa/" "Mozilla/5.0 (Linux; Android 10; K) AppleWebKit/537.36 (KHTML, like Gecko) Chrome/150.0.0.0 Mobile Safari/537.36"
2001:16a2:c35c:4c82:18c3:a742:1d40:a0d2 - - [29/Jul/2026:00:05:22 +0000] "POST /?wc-ajax=get_refreshed_fragments HTTP/1.1" 200 1006 "https://outlet.autozone.com.sa/" "Mozilla/5.0 (Linux; Android 10; K) AppleWebKit/537.36 (KHTML, like Gecko) Chrome/150.0.0.0 Mobile Safari/537.36"
2001:16a2:c35c:4c82:18c3:a742:1d40:a0d2 - - [29/Jul/2026:00:05:23 +0000] "POST /?wc-ajax=get_refreshed_fragments HTTP/1.1" 200 1006 "https://outlet.autozone.com.sa/" "Mozilla/5.0 (Linux; Android 10; K) AppleWebKit/537.36 (KHTML, like Gecko) Chrome/150.0.0.0 Mobile Safari/537.36"
2001:16a2:c35c:4c82:18c3:a742:1d40:a0d2 - - [29/Jul/2026:00:05:30 +0000] "POST /wp-admin/admin-ajax.php HTTP/1.1" 200 454 "https://outlet.autozone.com.sa/" "Mozilla/5.0 (Linux; Android 10; K) AppleWebKit/537.36 (KHTML, like Gecko) Chrome/150.0.0.0 Mobile Safari/537.36"
2001:16a2:c35c:4c82:18c3:a742:1d40:a0d2 - - [29/Jul/2026:00:05:34 +0000] "POST /wp-admin/admin-ajax.php HTTP/1.1" 200 46 "https://outlet.autozone.com.sa/" "Mozilla/5.0 (Linux; Android 10; K) AppleWebKit/537.36 (KHTML, like Gecko) Chrome/150.0.0.0 Mobile Safari/537.36"
172.105.42.26 - - [29/Jul/2026:00:05:51 +0000] "POST /wp-cron.php?doing_wp_cron=1785283551.5423190593719482421875 HTTP/1.1" 200 20 "-" "WordPress/7.0.2; https://outlet.autozone.com.sa"
2001:16a2:c35c:4c82:18c3:a742:1d40:a0d2 - - [29/Jul/2026:00:05:50 +0000] "POST //shop HTTP/1.1" 200 31103 "https://outlet.autozone.com.sa/" "Mozilla/5.0 (Linux; Android 10; K) AppleWebKit/537.36 (KHTML, like Gecko) Chrome/150.0.0.0 Mobile Safari/537.36"
2001:16a2:c35c:4c82:18c3:a742:1d40:a0d2 - - [29/Jul/2026:00:05:53 +0000] "GET /wp-content/uploads/2024/12/Untitled-design-53-768x222.webp HTTP/1.1" 200 32478 "https://outlet.autozone.com.sa//shop" "Mozilla/5.0 (Linux; Android 10; K) AppleWebKit/537.36 (KHTML, like Gecko) Chrome/150.0.0.0 Mobile Safari/537.36"
2001:16a2:c35c:4c82:18c3:a742:1d40:a0d2 - - [29/Jul/2026:00:05:53 +0000] "POST /?wc-ajax=get_refreshed_fragments HTTP/1.1" 200 1006 "https://outlet.autozone.com.sa//shop" "Mozilla/5.0 (Linux; Android 10; K) AppleWebKit/537.36 (KHTML, like Gecko) Chrome/150.0.0.0 Mobile Safari/537.36"
2001:16a2:c35c:4c82:18c3:a742:1d40:a0d2 - - [29/Jul/2026:00:06:10 +0000] "GET /product/%d8%a7%d9%84%d8%b3%d9%8a%d8%a7%d8%b1%d8%a9-%d9%84%d9%8a%d8%b3%d8%aa-bmw-%d9%84%d8%ba%d8%b1%d8%b6-%d8%a7%d9%84%d8%a7%d8%ae%d8%aa%d8%a8%d8%a7%d8%b1/ HTTP/1.1" 200 34059 "https://outlet.autozone.com.sa//shop" "Mozilla/5.0 (Linux; Android 10; K) AppleWebKit/537.36 (KHTML, like Gecko) Chrome/150.0.0.0 Mobile Safari/537.36"
2001:16a2:c35c:4c82:18c3:a742:1d40:a0d2 - - [29/Jul/2026:00:06:16 +0000] "POST /?wc-ajax=get_default_gallery HTTP/1.1" 200 431 "https://outlet.autozone.com.sa/product/%d8%a7%d9%84%d8%b3%d9%8a%d8%a7%d8%b1%d8%a9-%d9%84%d9%8a%d8%b3%d8%aa-bmw-%d9%84%d8%ba%d8%b1%d8%b6-%d8%a7%d9%84%d8%a7%d8%ae%d8%aa%d8%a8%d8%a7%d8%b1/" "Mozilla/5.0 (Linux; Android 10; K) AppleWebKit/537.36 (KHTML, like Gecko) Chrome/150.0.0.0 Mobile Safari/537.36"
2001:16a2:c35c:4c82:18c3:a742:1d40:a0d2 - - [29/Jul/2026:00:06:16 +0000] "POST /?wc-ajax=get_variation_gallery HTTP/1.1" 200 641 "https://outlet.autozone.com.sa/product/%d8%a7%d9%84%d8%b3%d9%8a%d8%a7%d8%b1%d8%a9-%d9%84%d9%8a%d8%b3%d8%aa-bmw-%d9%84%d8%ba%d8%b1%d8%b6-%d8%a7%d9%84%d8%a7%d8%ae%d8%aa%d8%a8%d8%a7%d8%b1/" "Mozilla/5.0 (Linux; Android 10; K) AppleWebKit/537.36 (KHTML, like Gecko) Chrome/150.0.0.0 Mobile Safari/537.36"
2001:16a2:c35c:4c82:18c3:a742:1d40:a0d2 - - [29/Jul/2026:00:06:16 +0000] "POST /?wc-ajax=get_refreshed_fragments HTTP/1.1" 200 1006 "https://outlet.autozone.com.sa/product/%d8%a7%d9%84%d8%b3%d9%8a%d8%a7%d8%b1%d8%a9-%d9%84%d9%8a%d8%b3%d8%aa-bmw-%d9%84%d8%ba%d8%b1%d8%b6-%d8%a7%d9%84%d8%a7%d8%ae%d8%aa%d8%a8%d8%a7%d8%b1/" "Mozilla/5.0 (Linux; Android 10; K) AppleWebKit/537.36 (KHTML, like Gecko) Chrome/150.0.0.0 Mobile Safari/537.36"
172.105.42.26 - - [29/Jul/2026:00:07:28 +0000] "POST /wp-cron.php?doing_wp_cron=1785283648.8478341102600097656250 HTTP/1.1" 200 20 "-" "WordPress/7.0.2; https://outlet.autozone.com.sa"
2001:16a2:c35c:4c82:18c3:a742:1d40:a0d2 - - [29/Jul/2026:00:07:24 +0000] "GET /shop/ HTTP/1.1" 200 31155 "https://outlet.autozone.com.sa/product/%d8%a7%d9%84%d8%b3%d9%8a%d8%a7%d8%b1%d8%a9-%d9%84%d9%8a%d8%b3%d8%aa-bmw-%d9%84%d8%ba%d8%b1%d8%b6-%d8%a7%d9%84%d8%a7%d8%ae%d8%aa%d8%a8%d8%a7%d8%b1/" "Mozilla/5.0 (Linux; Android 10; K) AppleWebKit/537.36 (KHTML, like Gecko) Chrome/150.0.0.0 Mobile Safari/537.36"
2001:16a2:c35c:4c82:18c3:a742:1d40:a0d2 - - [29/Jul/2026:00:07:29 +0000] "POST /?wc-ajax=get_refreshed_fragments HTTP/1.1" 200 1006 "https://outlet.autozone.com.sa/product/%d8%a7%d9%84%d8%b3%d9%8a%d8%a7%d8%b1%d8%a9-%d9%84%d9%8a%d8%b3%d8%aa-bmw-%d9%84%d8%ba%d8%b1%d8%b6-%d8%a7%d9%84%d8%a7%d8%ae%d8%aa%d8%a8%d8%a7%d8%b1/" "Mozilla/5.0 (Linux; Android 10; K) AppleWebKit/537.36 (KHTML, like Gecko) Chrome/150.0.0.0 Mobile Safari/537.36"
2001:16a2:c35c:4c82:18c3:a742:1d40:a0d2 - - [29/Jul/2026:00:07:34 +0000] "GET /our-offers/ HTTP/1.1" 200 22311 "https://outlet.autozone.com.sa/product/%d8%a7%d9%84%d8%b3%d9%8a%d8%a7%d8%b1%d8%a9-%d9%84%d9%8a%d8%b3%d8%aa-bmw-%d9%84%d8%ba%d8%b1%d8%b6-%d8%a7%d9%84%d8%a7%d8%ae%d8%aa%d8%a8%d8%a7%d8%b1/" "Mozilla/5.0 (Linux; Android 10; K) AppleWebKit/537.36 (KHTML, like Gecko) Chrome/150.0.0.0 Mobile Safari/537.36"
2001:16a2:c35c:4c82:18c3:a742:1d40:a0d2 - - [29/Jul/2026:00:07:35 +0000] "GET /wp-content/uploads/elementor/css/post-787.css?ver=1785168052 HTTP/1.1" 200 1161 "https://outlet.autozone.com.sa/our-offers/" "Mozilla/5.0 (Linux; Android 10; K) AppleWebKit/537.36 (KHTML, like Gecko) Chrome/150.0.0.0 Mobile Safari/537.36"
2001:16a2:c35c:4c82:18c3:a742:1d40:a0d2 - - [29/Jul/2026:00:07:35 +0000] "GET /wp-content/uploads/2024/12/web-slider-copy-2-768x382.jpg HTTP/1.1" 200 42981 "https://outlet.autozone.com.sa/our-offers/" "Mozilla/5.0 (Linux; Android 10; K) AppleWebKit/537.36 (KHTML, like Gecko) Chrome/150.0.0.0 Mobile Safari/537.36"
2001:16a2:c35c:4c82:18c3:a742:1d40:a0d2 - - [29/Jul/2026:00:07:35 +0000] "GET /wp-content/uploads/2024/12/SUNNY-G2-1.webp HTTP/1.1" 200 72880 "https://outlet.autozone.com.sa/wp-content/uploads/elementor/css/post-787.css?ver=1785168052" "Mozilla/5.0 (Linux; Android 10; K) AppleWebKit/537.36 (KHTML, like Gecko) Chrome/150.0.0.0 Mobile Safari/537.36"
172.105.42.26 - - [29/Jul/2026:00:07:37 +0000] "POST /wp-cron.php?doing_wp_cron=1785283657.1207890510559082031250 HTTP/1.1" 200 20 "-" "WordPress/7.0.2; https://outlet.autozone.com.sa"
2001:16a2:c35c:4c82:18c3:a742:1d40:a0d2 - - [29/Jul/2026:00:07:36 +0000] "POST /?wc-ajax=get_refreshed_fragments HTTP/1.1" 200 1006 "https://outlet.autozone.com.sa/our-offers/" "Mozilla/5.0 (Linux; Android 10; K) AppleWebKit/537.36 (KHTML, like Gecko) Chrome/150.0.0.0 Mobile Safari/537.36"
2001:16a2:c35c:4c82:18c3:a742:1d40:a0d2 - - [29/Jul/2026:00:07:45 +0000] "GET /offers/%d8%a3%d8%af%d8%a7%d8%a1-%d8%b1%d9%8a%d8%a7%d8%b6%d9%8a-%d9%85%d8%b9-%d8%ae%d8%b7%d8%a9-%d8%aa%d9%82%d8%b3%d9%8a%d8%b7-%d9%85%d8%b0%d9%87%d9%84%d8%a9/ HTTP/1.1" 200 29368 "https://outlet.autozone.com.sa/our-offers/" "Mozilla/5.0 (Linux; Android 10; K) AppleWebKit/537.36 (KHTML, like Gecko) Chrome/150.0.0.0 Mobile Safari/537.36"
2001:16a2:c35c:4c82:18c3:a742:1d40:a0d2 - - [29/Jul/2026:00:07:47 +0000] "GET /wp-content/uploads/elementor/css/post-839.css?ver=1785183182 HTTP/1.1" 200 2564 "https://outlet.autozone.com.sa/offers/%d8%a3%d8%af%d8%a7%d8%a1-%d8%b1%d9%8a%d8%a7%d8%b6%d9%8a-%d9%85%d8%b9-%d8%ae%d8%b7%d8%a9-%d8%aa%d9%82%d8%b3%d9%8a%d8%b7-%d9%85%d8%b0%d9%87%d9%84%d8%a9/" "Mozilla/5.0 (Linux; Android 10; K) AppleWebKit/537.36 (KHTML, like Gecko) Chrome/150.0.0.0 Mobile Safari/537.36"
2001:16a2:c35c:4c82:18c3:a742:1d40:a0d2 - - [29/Jul/2026:00:07:47 +0000] "GET /wp-content/uploads/elementor/css/post-907.css?ver=1785183182 HTTP/1.1" 200 1096 "https://outlet.autozone.com.sa/offers/%d8%a3%d8%af%d8%a7%d8%a1-%d8%b1%d9%8a%d8%a7%d8%b6%d9%8a-%d9%85%d8%b9-%d8%ae%d8%b7%d8%a9-%d8%aa%d9%82%d8%b3%d9%8a%d8%b7-%d9%85%d8%b0%d9%87%d9%84%d8%a9/" "Mozilla/5.0 (Linux; Android 10; K) AppleWebKit/537.36 (KHTML, like Gecko) Chrome/150.0.0.0 Mobile Safari/537.36"
2001:16a2:c35c:4c82:18c3:a742:1d40:a0d2 - - [29/Jul/2026:00:07:47 +0000] "GET /wp-content/plugins/elementor/assets/css/widget-nested-accordion-rtl.min.css?ver=3.33.0 HTTP/1.1" 200 788 "https://outlet.autozone.com.sa/offers/%d8%a3%d8%af%d8%a7%d8%a1-%d8%b1%d9%8a%d8%a7%d8%b6%d9%8a-%d9%85%d8%b9-%d8%ae%d8%b7%d8%a9-%d8%aa%d9%82%d8%b3%d9%8a%d8%b7-%d9%85%d8%b0%d9%87%d9%84%d8%a9/" "Mozilla/5.0 (Linux; Android 10; K) AppleWebKit/537.36 (KHTML, like Gecko) Chrome/150.0.0.0 Mobile Safari/537.36"
2001:16a2:c35c:4c82:18c3:a742:1d40:a0d2 - - [29/Jul/2026:00:07:48 +0000] "GET /wp-content/plugins/jetformbuilder/assets/build/frontend/dynamic.value.js?ver=3.4.5 HTTP/1.1" 200 1217 "https://outlet.autozone.com.sa/offers/%d8%a3%d8%af%d8%a7%d8%a1-%d8%b1%d9%8a%d8%a7%d8%b6%d9%8a-%d9%85%d8%b9-%d8%ae%d8%b7%d8%a9-%d8%aa%d9%82%d8%b3%d9%8a%d8%b7-%d9%85%d8%b0%d9%87%d9%84%d8%a9/" "Mozilla/5.0 (Linux; Android 10; K) AppleWebKit/537.36 (KHTML, like Gecko) Chrome/150.0.0.0 Mobile Safari/537.36"
2001:16a2:c35c:4c82:18c3:a742:1d40:a0d2 - - [29/Jul/2026:00:07:48 +0000] "GET /wp-content/plugins/elementor/assets/js/nested-accordion.1118596f3e9b2366fb81.bundle.min.js HTTP/1.1" 200 2846 "https://outlet.autozone.com.sa/offers/%d8%a3%d8%af%d8%a7%d8%a1-%d8%b1%d9%8a%d8%a7%d8%b6%d9%8a-%d9%85%d8%b9-%d8%ae%d8%b7%d8%a9-%d8%aa%d9%82%d8%b3%d9%8a%d8%b7-%d9%85%d8%b0%d9%87%d9%84%d8%a9/" "Mozilla/5.0 (Linux; Android 10; K) AppleWebKit/537.36 (KHTML, like Gecko) Chrome/150.0.0.0 Mobile Safari/537.36"
2001:16a2:c35c:4c82:18c3:a742:1d40:a0d2 - - [29/Jul/2026:00:07:48 +0000] "POST /?wc-ajax=get_refreshed_fragments HTTP/1.1" 200 1006 "https://outlet.autozone.com.sa/offers/%d8%a3%d8%af%d8%a7%d8%a1-%d8%b1%d9%8a%d8%a7%d8%b6%d9%8a-%d9%85%d8%b9-%d8%ae%d8%b7%d8%a9-%d8%aa%d9%82%d8%b3%d9%8a%d8%b7-%d9%85%d8%b0%d9%87%d9%84%d8%a9/" "Mozilla/5.0 (Linux; Android 10; K) AppleWebKit/537.36 (KHTML, like Gecko) Chrome/150.0.0.0 Mobile Safari/537.36"
2001:16a2:c35c:4c82:18c3:a742:1d40:a0d2 - - [29/Jul/2026:00:08:04 +0000] "GET /offers/%d8%a3%d8%af%d8%a7%d8%a1-%d8%b1%d9%8a%d8%a7%d8%b6%d9%8a-%d9%85%d8%b9-%d8%ae%d8%b7%d8%a9-%d8%aa%d9%82%d8%b3%d9%8a%d8%b7-%d9%85%d8%b0%d9%87%d9%84%d8%a9/ HTTP/1.1" 200 29221 "https://outlet.autozone.com.sa/offers/%d8%a3%d8%af%d8%a7%d8%a1-%d8%b1%d9%8a%d8%a7%d8%b6%d9%8a-%d9%85%d8%b9-%d8%ae%d8%b7%d8%a9-%d8%aa%d9%82%d8%b3%d9%8a%d8%b7-%d9%85%d8%b0%d9%87%d9%84%d8%a9/" "Mozilla/5.0 (Linux; Android 10; K) AppleWebKit/537.36 (KHTML, like Gecko) Chrome/150.0.0.0 Mobile Safari/537.36"
2001:16a2:c35c:4c82:18c3:a742:1d40:a0d2 - - [29/Jul/2026:00:08:07 +0000] "POST /?wc-ajax=get_refreshed_fragments HTTP/1.1" 200 1006 "https://outlet.autozone.com.sa/offers/%d8%a3%d8%af%d8%a7%d8%a1-%d8%b1%d9%8a%d8%a7%d8%b6%d9%8a-%d9%85%d8%b9-%d8%ae%d8%b7%d8%a9-%d8%aa%d9%82%d8%b3%d9%8a%d8%b7-%d9%85%d8%b0%d9%87%d9%84%d8%a9/" "Mozilla/5.0 (Linux; Android 10; K) AppleWebKit/537.36 (KHTML, like Gecko) Chrome/150.0.0.0 Mobile Safari/537.36"
2001:16a2:c35c:4c82:18c3:a742:1d40:a0d2 - - [29/Jul/2026:00:08:12 +0000] "POST /?wc-ajax=get_refreshed_fragments HTTP/1.1" 200 1006 "https://outlet.autozone.com.sa/our-offers/" "Mozilla/5.0 (Linux; Android 10; K) AppleWebKit/537.36 (KHTML, like Gecko) Chrome/150.0.0.0 Mobile Safari/537.36"
2001:16a2:c35c:4c82:18c3:a742:1d40:a0d2 - - [29/Jul/2026:00:08:16 +0000] "GET /showroom/ HTTP/1.1" 200 20200 "https://outlet.autozone.com.sa/our-offers/" "Mozilla/5.0 (Linux; Android 10; K) AppleWebKit/537.36 (KHTML, like Gecko) Chrome/150.0.0.0 Mobile Safari/537.36"
2001:16a2:c35c:4c82:18c3:a742:1d40:a0d2 - - [29/Jul/2026:00:08:20 +0000] "POST /?wc-ajax=get_refreshed_fragments HTTP/1.1" 200 1006 "https://outlet.autozone.com.sa/showroom/" "Mozilla/5.0 (Linux; Android 10; K) AppleWebKit/537.36 (KHTML, like Gecko) Chrome/150.0.0.0 Mobile Safari/537.36"
66.249.93.68 - - [29/Jul/2026:00:08:20 +0000] "GET /showroom/ HTTP/1.1" 200 20200 "-" "Mozilla/5.0 (Linux; Android 10; K) AppleWebKit/537.36 (KHTML, like Gecko) Chrome/138.0.0.0 Mobile Safari/537.36 (compatible; Google-Read-Aloud; +https://support.google.com/webmasters/answer/1061943)"
66.249.93.74 - - [29/Jul/2026:00:08:20 +0000] "GET /showroom/ HTTP/1.1" 200 20200 "-" "Mozilla/5.0 (Linux; Android 10; K) AppleWebKit/537.36 (KHTML, like Gecko) Chrome/138.0.0.0 Mobile Safari/537.36 (compatible; Google-Read-Aloud; +https://support.google.com/webmasters/answer/1061943)"
66.249.93.73 - - [29/Jul/2026:00:08:23 +0000] "POST /?wc-ajax=get_refreshed_fragments HTTP/1.1" 200 1006 "https://outlet.autozone.com.sa/showroom/" "Mozilla/5.0 (Linux; Android 10; K) AppleWebKit/537.36 (KHTML, like Gecko) Chrome/138.0.0.0 Mobile Safari/537.36 (compatible; Google-Read-Aloud; +https://support.google.com/webmasters/answer/1061943)"
66.249.93.66 - - [29/Jul/2026:00:08:23 +0000] "POST /?wc-ajax=get_refreshed_fragments HTTP/1.1" 200 1006 "https://outlet.autozone.com.sa/showroom/" "Mozilla/5.0 (Linux; Android 10; K) AppleWebKit/537.36 (KHTML, like Gecko) Chrome/138.0.0.0 Mobile Safari/537.36 (compatible; Google-Read-Aloud; +https://support.google.com/webmasters/answer/1061943)"
2001:16a2:c35c:4c82:18c3:a742:1d40:a0d2 - - [29/Jul/2026:00:08:28 +0000] "POST /?wc-ajax=get_refreshed_fragments HTTP/1.1" 200 1006 "https://outlet.autozone.com.sa/our-offers/" "Mozilla/5.0 (Linux; Android 10; K) AppleWebKit/537.36 (KHTML, like Gecko) Chrome/150.0.0.0 Mobile Safari/537.36"
2001:16a2:c35c:4c82:18c3:a742:1d40:a0d2 - - [29/Jul/2026:00:08:30 +0000] "POST /?wc-ajax=get_refreshed_fragments HTTP/1.1" 200 1006 "https://outlet.autozone.com.sa/product/%d8%a7%d9%84%d8%b3%d9%8a%d8%a7%d8%b1%d8%a9-%d9%84%d9%8a%d8%b3%d8%aa-bmw-%d9%84%d8%ba%d8%b1%d8%b6-%d8%a7%d9%84%d8%a7%d8%ae%d8%aa%d8%a8%d8%a7%d8%b1/" "Mozilla/5.0 (Linux; Android 10; K) AppleWebKit/537.36 (KHTML, like Gecko) Chrome/150.0.0.0 Mobile Safari/537.36"
2001:16a2:c35c:4c82:18c3:a742:1d40:a0d2 - - [29/Jul/2026:00:08:32 +0000] "POST /?wc-ajax=get_refreshed_fragments HTTP/1.1" 200 1006 "https://outlet.autozone.com.sa/" "Mozilla/5.0 (Linux; Android 10; K) AppleWebKit/537.36 (KHTML, like Gecko) Chrome/150.0.0.0 Mobile Safari/537.36"
172.105.42.26 - - [29/Jul/2026:00:19:47 +0000] "POST /wp-cron.php?doing_wp_cron=1785284386.7993030548095703125000 HTTP/1.1" 200 20 "-" "WordPress/7.0.2; https://outlet.autozone.com.sa"
2001:ee0:5596:7740:f539:c5e8:e4c0:20e1 - - [29/Jul/2026:00:19:43 +0000] "GET /product/%7B%7Bdata.gallery_thumbnail_src%7D%7D HTTP/1.1" 301 20 "-" "Mozilla/5.0 (Macintosh; U; PPC Mac OS X 10_7_4) AppleWebKit/534.2 (KHTML, like Gecko) Chrome/15.0.849.0 Safari/534.2"
177.124.96.106 - - [29/Jul/2026:00:19:49 +0000] "GET /product/%7B%7Bdata.gallery_thumbnail_src HTTP/1.1" 404 19946 "-" "Mozilla/5.0 (Windows NT 5.1) AppleWebKit/536.1 (KHTML, like Gecko) Chrome/30.0.873.0 Safari/536.1"
45.131.108.192 - - [29/Jul/2026:00:20:07 +0000] "GET /wp-login.php HTTP/1.1" 302 20 "-" "-"
45.131.108.192 - - [29/Jul/2026:00:20:08 +0000] "GET /not_found/ HTTP/1.1" 404 20293 "-" "-"
66.249.74.36 - - [29/Jul/2026:00:21:45 +0000] "GET /wp-content/uploads/elementor/css/custom-apple-webkit.min.css?ver=1783296000 HTTP/1.1" 200 557 "https://outlet.autozone.com.sa/our-offers/?nocache=1782194177&jet_blog_ajax=1" "Mozilla/5.0 (Linux; Android 6.0.1; Nexus 5X Build/MMB29P) AppleWebKit/537.36 (KHTML, like Gecko) Chrome/150.0.7871.128 Mobile Safari/537.36 (compatible; Googlebot/2.1; +http://www.google.com/bot.html)"
172.105.42.26 - - [29/Jul/2026:00:21:58 +0000] "POST /wp-cron.php?doing_wp_cron=1785284518.2638750076293945312500 HTTP/1.1" 200 20 "-" "WordPress/7.0.2; https://outlet.autozone.com.sa"
66.249.74.36 - - [29/Jul/2026:00:21:54 +0000] "POST /?wc-ajax=get_refreshed_fragments HTTP/1.1" 200 1006 "https://outlet.autozone.com.sa/our-offers/?nocache=1782194177&jet_blog_ajax=1" "Mozilla/5.0 (Linux; Android 6.0.1; Nexus 5X Build/MMB29P) AppleWebKit/537.36 (KHTML, like Gecko) Chrome/150.0.7871.128 Mobile Safari/537.36 (compatible; Googlebot/2.1; +http://www.google.com/bot.html)"
66.249.74.35 - - [29/Jul/2026:00:21:58 +0000] "POST /?wc-ajax=get_refreshed_fragments HTTP/1.1" 200 1006 "https://outlet.autozone.com.sa/our-offers/?nocache=1782194177&jet_blog_ajax=1" "Mozilla/5.0 (Linux; Android 6.0.1; Nexus 5X Build/MMB29P) AppleWebKit/537.36 (KHTML, like Gecko) Chrome/150.0.7871.128 Mobile Safari/537.36 (compatible; Googlebot/2.1; +http://www.google.com/bot.html)"
172.105.42.26 - - [29/Jul/2026:00:27:43 +0000] "POST /wp-cron.php?doing_wp_cron=1785284862.7516250610351562500000 HTTP/1.1" 200 20 "-" "WordPress/7.0.2; https://outlet.autozone.com.sa"
172.105.42.26 - - [29/Jul/2026:00:30:10 +0000] "POST /wp-cron.php?doing_wp_cron=1785285010.2451701164245605468750 HTTP/1.1" 200 20 "-" "WordPress/7.0.2; https://outlet.autozone.com.sa"
2001:16a2:c171:8db3:599f:f302:a5f4:3f4 - - [29/Jul/2026:00:30:05 +0000] "GET / HTTP/1.1" 200 35998 "https://autozone.com.sa/" "Mozilla/5.0 (Linux; Android 16; SM-S938B Build/BP4A.251205.006) AppleWebKit/537.36 (KHTML, like Gecko) Version/4.0 Chrome/150.0.7871.94 Mobile Safari/537.36 [FB_IAB/FB4A;FBAV/569.0.0.42.72;IABMV/1;]"
2001:16a2:c171:8db3:599f:f302:a5f4:3f4 - - [29/Jul/2026:00:30:10 +0000] "GET /wp-content/plugins/jet-engine/assets/css/frontend.css?ver=3.7.3 HTTP/1.1" 200 8461 "https://outlet.autozone.com.sa/" "Mozilla/5.0 (Linux; Android 16; SM-S938B Build/BP4A.251205.006) AppleWebKit/537.36 (KHTML, like Gecko) Version/4.0 Chrome/150.0.7871.94 Mobile Safari/537.36 [FB_IAB/FB4A;FBAV/569.0.0.42.72;IABMV/1;]"
2001:16a2:c171:8db3:599f:f302:a5f4:3f4 - - [29/Jul/2026:00:30:10 +0000] "GET /wp-content/plugins/woo-variation-gallery/assets/css/slick.min.css?ver=1.8.1 HTTP/1.1" 200 1108 "https://outlet.autozone.com.sa/" "Mozilla/5.0 (Linux; Android 16; SM-S938B Build/BP4A.251205.006) AppleWebKit/537.36 (KHTML, like Gecko) Version/4.0 Chrome/150.0.7871.94 Mobile Safari/537.36 [FB_IAB/FB4A;FBAV/569.0.0.42.72;IABMV/1;]"
2001:16a2:c171:8db3:599f:f302:a5f4:3f4 - - [29/Jul/2026:00:30:10 +0000] "GET /wp-content/plugins/sitepress-multilingual-cms/templates/language-switchers/legacy-list-horizontal/style.min.css?ver=1 HTTP/1.1" 200 318 "https://outlet.autozone.com.sa/" "Mozilla/5.0 (Linux; Android 16; SM-S938B Build/BP4A.251205.006) AppleWebKit/537.36 (KHTML, like Gecko) Version/4.0 Chrome/150.0.7871.94 Mobile Safari/537.36 [FB_IAB/FB4A;FBAV/569.0.0.42.72;IABMV/1;]"
2001:16a2:c171:8db3:599f:f302:a5f4:3f4 - - [29/Jul/2026:00:30:10 +0000] "GET /wp-content/plugins/sitepress-multilingual-cms/templates/language-switchers/menu-item/style.min.css?ver=1 HTTP/1.1" 200 141 "https://outlet.autozone.com.sa/" "Mozilla/5.0 (Linux; Android 16; SM-S938B Build/BP4A.251205.006) AppleWebKit/537.36 (KHTML, like Gecko) Version/4.0 Chrome/150.0.7871.94 Mobile Safari/537.36 [FB_IAB/FB4A;FBAV/569.0.0.42.72;IABMV/1;]"
2001:16a2:c171:8db3:599f:f302:a5f4:3f4 - - [29/Jul/2026:00:30:11 +0000] "GET /wp-content/plugins/jet-blog/assets/js/jet-blog.min.js?ver=2.4.5.1 HTTP/1.1" 200 3578 "https://outlet.autozone.com.sa/" "Mozilla/5.0 (Linux; Android 16; SM-S938B Build/BP4A.251205.006) AppleWebKit/537.36 (KHTML, like Gecko) Version/4.0 Chrome/150.0.7871.94 Mobile Safari/537.36 [FB_IAB/FB4A;FBAV/569.0.0.42.72;IABMV/1;]"
2001:16a2:c171:8db3:599f:f302:a5f4:3f4 - - [29/Jul/2026:00:30:12 +0000] "GET /wp-includes/js/wp-emoji-release.min.js?ver=7.0.2 HTTP/1.1" 200 5386 "https://outlet.autozone.com.sa/" "Mozilla/5.0 (Linux; Android 16; SM-S938B Build/BP4A.251205.006) AppleWebKit/537.36 (KHTML, like Gecko) Version/4.0 Chrome/150.0.7871.94 Mobile Safari/537.36 [FB_IAB/FB4A;FBAV/569.0.0.42.72;IABMV/1;]"
2001:16a2:c171:8db3:599f:f302:a5f4:3f4 - - [29/Jul/2026:00:30:12 +0000] "GET /wp-content/plugins/elementor/assets/js/nested-title-keyboard-handler.a7c48b2e79bf0ef22bb3.bundle.min.js HTTP/1.1" 200 1500 "https://outlet.autozone.com.sa/" "Mozilla/5.0 (Linux; Android 16; SM-S938B Build/BP4A.251205.006) AppleWebKit/537.36 (KHTML, like Gecko) Version/4.0 Chrome/150.0.7871.94 Mobile Safari/537.36 [FB_IAB/FB4A;FBAV/569.0.0.42.72;IABMV/1;]"
2001:16a2:c171:8db3:599f:f302:a5f4:3f4 - - [29/Jul/2026:00:30:11 +0000] "POST /?wc-ajax=get_refreshed_fragments HTTP/1.1" 200 1006 "https://outlet.autozone.com.sa/" "Mozilla/5.0 (Linux; Android 16; SM-S938B Build/BP4A.251205.006) AppleWebKit/537.36 (KHTML, like Gecko) Version/4.0 Chrome/150.0.7871.94 Mobile Safari/537.36 [FB_IAB/FB4A;FBAV/569.0.0.42.72;IABMV/1;]"
2001:16a2:c171:8db3:599f:f302:a5f4:3f4 - - [29/Jul/2026:00:30:11 +0000] "POST /?wc-ajax=get_refreshed_fragments HTTP/1.1" 200 1006 "https://outlet.autozone.com.sa/" "Mozilla/5.0 (Linux; Android 16; SM-S938B Build/BP4A.251205.006) AppleWebKit/537.36 (KHTML, like Gecko) Version/4.0 Chrome/150.0.7871.94 Mobile Safari/537.36 [FB_IAB/FB4A;FBAV/569.0.0.42.72;IABMV/1;]"
172.105.42.26 - - [29/Jul/2026:00:34:29 +0000] "POST /wp-cron.php?doing_wp_cron=1785285269.4676780700683593750000 HTTP/1.1" 200 20 "-" "WordPress/7.0.2; https://outlet.autozone.com.sa"
66.249.74.40 - - [29/Jul/2026:00:34:25 +0000] "GET /our-offers/?nocache=1784356397&jet_blog_ajax=1 HTTP/1.1" 200 22312 "-" "Mozilla/5.0 (Linux; Android 6.0.1; Nexus 5X Build/MMB29P) AppleWebKit/537.36 (KHTML, like Gecko) Chrome/150.0.7871.128 Mobile Safari/537.36 (compatible; Googlebot/2.1; +http://www.google.com/bot.html)"
172.105.42.26 - - [29/Jul/2026:00:35:34 +0000] "POST /wp-cron.php?doing_wp_cron=1785285334.5402300357818603515625 HTTP/1.1" 200 20 "-" "WordPress/7.0.2; https://outlet.autozone.com.sa"
40.77.167.27 - - [29/Jul/2026:00:35:30 +0000] "GET /shop/?nocache=1768154439 HTTP/1.1" 200 31150 "-" "Mozilla/5.0 AppleWebKit/537.36 (KHTML, like Gecko; compatible; bingbot/2.0; +http://www.bing.com/bingbot.htm) Chrome/116.0.1938.76 Safari/537.36"
172.105.42.26 - - [29/Jul/2026:00:35:37 +0000] "POST /wp-cron.php?doing_wp_cron=1785285337.6420519351959228515625 HTTP/1.1" 200 20 "-" "WordPress/7.0.2; https://outlet.autozone.com.sa"
40.77.179.56 - - [29/Jul/2026:00:35:36 +0000] "GET /shop?nocache=1768154439 HTTP/1.1" 301 20 "-" "Mozilla/5.0 AppleWebKit/537.36 (KHTML, like Gecko; compatible; bingbot/2.0; +http://www.bing.com/bingbot.htm) Chrome/136.0.0.0 Safari/537.36"
172.105.42.26 - - [29/Jul/2026:00:41:36 +0000] "POST /wp-cron.php?doing_wp_cron=1785285696.7440810203552246093750 HTTP/1.1" 200 20 "-" "WordPress/7.0.2; https://outlet.autozone.com.sa"
66.249.74.43 - - [29/Jul/2026:00:43:17 +0000] "GET /wp-content/plugins/elementor/assets/css/conditionals/shapes.min.css?ver=3.33.0 HTTP/1.1" 200 288 "https://outlet.autozone.com.sa/our-offers/?nocache=1784356397&jet_blog_ajax=1" "Mozilla/5.0 (Linux; Android 6.0.1; Nexus 5X Build/MMB29P) AppleWebKit/537.36 (KHTML, like Gecko) Chrome/150.0.7871.128 Mobile Safari/537.36 (compatible; Googlebot/2.1; +http://www.google.com/bot.html)"
66.249.74.32 - - [29/Jul/2026:00:43:18 +0000] "GET /wp-content/uploads/elementor/css/custom-jet-blocks-rtl.css?ver=1783296000&ver=1.3.19.1 HTTP/1.1" 200 5820 "https://outlet.autozone.com.sa/our-offers/?nocache=1784356397&jet_blog_ajax=1" "Mozilla/5.0 (Linux; Android 6.0.1; Nexus 5X Build/MMB29P) AppleWebKit/537.36 (KHTML, like Gecko) Chrome/150.0.7871.128 Mobile Safari/537.36 (compatible; Googlebot/2.1; +http://www.google.com/bot.html)"
172.105.42.26 - - [29/Jul/2026:00:43:24 +0000] "POST /wp-cron.php?doing_wp_cron=1785285803.9743409156799316406250 HTTP/1.1" 200 20 "-" "WordPress/7.0.2; https://outlet.autozone.com.sa"
66.249.74.33 - - [29/Jul/2026:00:43:20 +0000] "POST /?wc-ajax=get_refreshed_fragments HTTP/1.1" 200 1006 "https://outlet.autozone.com.sa/our-offers/?nocache=1784356397&jet_blog_ajax=1" "Mozilla/5.0 (Linux; Android 6.0.1; Nexus 5X Build/MMB29P) AppleWebKit/537.36 (KHTML, like Gecko) Chrome/150.0.7871.128 Mobile Safari/537.36 (compatible; Googlebot/2.1; +http://www.google.com/bot.html)"
66.249.74.43 - - [29/Jul/2026:00:43:24 +0000] "POST /?wc-ajax=get_refreshed_fragments HTTP/1.1" 200 1006 "https://outlet.autozone.com.sa/our-offers/?nocache=1784356397&jet_blog_ajax=1" "Mozilla/5.0 (Linux; Android 6.0.1; Nexus 5X Build/MMB29P) AppleWebKit/537.36 (KHTML, like Gecko) Chrome/150.0.7871.128 Mobile Safari/537.36 (compatible; Googlebot/2.1; +http://www.google.com/bot.html)"
172.105.42.26 - - [29/Jul/2026:00:47:45 +0000] "POST /wp-cron.php?doing_wp_cron=1785286065.0536489486694335937500 HTTP/1.1" 200 20 "-" "WordPress/7.0.2; https://outlet.autozone.com.sa"
43.156.36.169 - - [29/Jul/2026:00:48:14 +0000] "GET / HTTP/1.1" 200 35996 "http://web2.autozone.com.sa" "Mozilla/5.0 (iPhone; CPU iPhone OS 13_2_3 like Mac OS X) AppleWebKit/605.1.15 (KHTML, like Gecko) Version/13.0.3 Mobile/15E148 Safari/604.1"
172.105.42.26 - - [29/Jul/2026:00:52:07 +0000] "POST /wp-cron.php?doing_wp_cron=1785286327.5722439289093017578125 HTTP/1.1" 200 20 "-" "WordPress/7.0.2; https://outlet.autozone.com.sa"
172.105.42.26 - - [29/Jul/2026:01:00:47 +0000] "POST /wp-cron.php?doing_wp_cron=1785286846.7102189064025878906250 HTTP/1.1" 200 20 "-" "WordPress/7.0.2; https://outlet.autozone.com.sa"
51.195.244.100 - - [29/Jul/2026:01:00:43 +0000] "GET /wp-sitemap.xml HTTP/1.1" 200 283 "-" "Mozilla/5.0 (compatible; AhrefsBot/7.0; +http://ahrefs.com/robot/)"
51.195.183.155 - - [29/Jul/2026:01:00:48 +0000] "GET /wp-sitemap-posts-page-1.xml HTTP/1.1" 200 317 "-" "Mozilla/5.0 (compatible; AhrefsBot/7.0; +http://ahrefs.com/robot/)"
51.195.244.144 - - [29/Jul/2026:01:00:51 +0000] "GET /wp-sitemap-posts-jet-popup-1.xml HTTP/1.1" 200 247 "-" "Mozilla/5.0 (compatible; AhrefsBot/7.0; +http://ahrefs.com/robot/)"
198.244.183.46 - - [29/Jul/2026:01:00:53 +0000] "GET /wp-sitemap-posts-product-1.xml HTTP/1.1" 200 280 "-" "Mozilla/5.0 (compatible; AhrefsBot/7.0; +http://ahrefs.com/robot/)"
54.38.147.20 - - [29/Jul/2026:01:00:55 +0000] "GET /wp-sitemap-posts-offers-1.xml HTTP/1.1" 200 282 "-" "Mozilla/5.0 (compatible; AhrefsBot/7.0; +http://ahrefs.com/robot/)"
51.89.129.169 - - [29/Jul/2026:01:00:57 +0000] "GET /wp-sitemap-taxonomies-product_cat-1.xml HTTP/1.1" 200 205 "-" "Mozilla/5.0 (compatible; AhrefsBot/7.0; +http://ahrefs.com/robot/)"
51.195.183.77 - - [29/Jul/2026:01:00:59 +0000] "GET /wp-sitemap-taxonomies-engine-capacity-1.xml HTTP/1.1" 200 200 "-" "Mozilla/5.0 (compatible; AhrefsBot/7.0; +http://ahrefs.com/robot/)"
198.244.242.232 - - [29/Jul/2026:01:01:02 +0000] "GET /wp-sitemap-taxonomies-condition-1.xml HTTP/1.1" 200 195 "-" "Mozilla/5.0 (compatible; AhrefsBot/7.0; +http://ahrefs.com/robot/)"
198.244.168.85 - - [29/Jul/2026:01:01:04 +0000] "GET /wp-sitemap-taxonomies-car-type-1.xml HTTP/1.1" 200 193 "-" "Mozilla/5.0 (compatible; AhrefsBot/7.0; +http://ahrefs.com/robot/)"
198.244.183.144 - - [29/Jul/2026:01:01:06 +0000] "GET /wp-sitemap-taxonomies-model-1.xml HTTP/1.1" 200 190 "-" "Mozilla/5.0 (compatible; AhrefsBot/7.0; +http://ahrefs.com/robot/)"
51.89.129.183 - - [29/Jul/2026:01:01:09 +0000] "GET /wp-sitemap-taxonomies-make-1.xml HTTP/1.1" 200 213 "-" "Mozilla/5.0 (compatible; AhrefsBot/7.0; +http://ahrefs.com/robot/)"
172.105.42.26 - - [29/Jul/2026:01:21:16 +0000] "POST /wp-cron.php?doing_wp_cron=1785288076.1173410415649414062500 HTTP/1.1" 200 20 "-" "WordPress/7.0.2; https://outlet.autozone.com.sa"
149.126.14.6 - - [29/Jul/2026:01:21:11 +0000] "GET / HTTP/1.1" 200 35997 "https://autozone.com.sa/" "Mozilla/5.0 (iPhone; CPU iPhone OS 18_7_9 like Mac OS X) AppleWebKit/605.1.15 (KHTML, like Gecko) CriOS/150.0.7871.113 Mobile/15E148 Safari/604.1"
149.126.14.6 - - [29/Jul/2026:01:21:19 +0000] "POST /?wc-ajax=get_refreshed_fragments HTTP/1.1" 200 1006 "https://outlet.autozone.com.sa/" "Mozilla/5.0 (iPhone; CPU iPhone OS 18_7_9 like Mac OS X) AppleWebKit/605.1.15 (KHTML, like Gecko) CriOS/150.0.7871.113 Mobile/15E148 Safari/604.1"
149.126.14.6 - - [29/Jul/2026:01:21:19 +0000] "POST /?wc-ajax=get_refreshed_fragments HTTP/1.1" 200 1006 "https://outlet.autozone.com.sa/" "Mozilla/5.0 (iPhone; CPU iPhone OS 18_7_9 like Mac OS X) AppleWebKit/605.1.15 (KHTML, like Gecko) CriOS/150.0.7871.113 Mobile/15E148 Safari/604.1"
172.105.42.26 - - [29/Jul/2026:01:22:45 +0000] "POST /wp-cron.php?doing_wp_cron=1785288165.0718851089477539062500 HTTP/1.1" 200 20 "-" "WordPress/7.0.2; https://outlet.autozone.com.sa"
149.126.14.6 - - [29/Jul/2026:01:22:40 +0000] "GET /our-offers/ HTTP/1.1" 200 22311 "https://outlet.autozone.com.sa/" "Mozilla/5.0 (iPhone; CPU iPhone OS 18_7_9 like Mac OS X) AppleWebKit/605.1.15 (KHTML, like Gecko) CriOS/150.0.7871.113 Mobile/15E148 Safari/604.1"
149.126.14.6 - - [29/Jul/2026:01:22:46 +0000] "POST /?wc-ajax=get_refreshed_fragments HTTP/1.1" 200 1006 "https://outlet.autozone.com.sa/our-offers/" "Mozilla/5.0 (iPhone; CPU iPhone OS 18_7_9 like Mac OS X) AppleWebKit/605.1.15 (KHTML, like Gecko) CriOS/150.0.7871.113 Mobile/15E148 Safari/604.1"
149.126.14.6 - - [29/Jul/2026:01:23:04 +0000] "GET /offers/%d8%a3%d8%af%d8%a7%d8%a1-%d8%b1%d9%8a%d8%a7%d8%b6%d9%8a-%d9%85%d8%b9-%d8%ae%d8%b7%d8%a9-%d8%aa%d9%82%d8%b3%d9%8a%d8%b7-%d9%85%d8%b0%d9%87%d9%84%d8%a9/ HTTP/1.1" 200 29220 "https://outlet.autozone.com.sa/our-offers/" "Mozilla/5.0 (iPhone; CPU iPhone OS 18_7_9 like Mac OS X) AppleWebKit/605.1.15 (KHTML, like Gecko) CriOS/150.0.7871.113 Mobile/15E148 Safari/604.1"
149.126.14.6 - - [29/Jul/2026:01:23:07 +0000] "POST /?wc-ajax=get_refreshed_fragments HTTP/1.1" 200 1006 "https://outlet.autozone.com.sa/offers/%d8%a3%d8%af%d8%a7%d8%a1-%d8%b1%d9%8a%d8%a7%d8%b6%d9%8a-%d9%85%d8%b9-%d8%ae%d8%b7%d8%a9-%d8%aa%d9%82%d8%b3%d9%8a%d8%b7-%d9%85%d8%b0%d9%87%d9%84%d8%a9/" "Mozilla/5.0 (iPhone; CPU iPhone OS 18_7_9 like Mac OS X) AppleWebKit/605.1.15 (KHTML, like Gecko) CriOS/150.0.7871.113 Mobile/15E148 Safari/604.1"
149.126.14.6 - - [29/Jul/2026:01:23:15 +0000] "GET /offers/%d8%a3%d8%af%d8%a7%d8%a1-%d8%b1%d9%8a%d8%a7%d8%b6%d9%8a-%d9%85%d8%b9-%d8%ae%d8%b7%d8%a9-%d8%aa%d9%82%d8%b3%d9%8a%d8%b7-%d9%85%d8%b0%d9%87%d9%84%d8%a9/ HTTP/1.1" 200 29220 "https://outlet.autozone.com.sa/offers/%d8%a3%d8%af%d8%a7%d8%a1-%d8%b1%d9%8a%d8%a7%d8%b6%d9%8a-%d9%85%d8%b9-%d8%ae%d8%b7%d8%a9-%d8%aa%d9%82%d8%b3%d9%8a%d8%b7-%d9%85%d8%b0%d9%87%d9%84%d8%a9/" "Mozilla/5.0 (iPhone; CPU iPhone OS 18_7_9 like Mac OS X) AppleWebKit/605.1.15 (KHTML, like Gecko) CriOS/150.0.7871.113 Mobile/15E148 Safari/604.1"
149.126.14.6 - - [29/Jul/2026:01:23:18 +0000] "POST /?wc-ajax=get_refreshed_fragments HTTP/1.1" 200 1006 "https://outlet.autozone.com.sa/offers/%d8%a3%d8%af%d8%a7%d8%a1-%d8%b1%d9%8a%d8%a7%d8%b6%d9%8a-%d9%85%d8%b9-%d8%ae%d8%b7%d8%a9-%d8%aa%d9%82%d8%b3%d9%8a%d8%b7-%d9%85%d8%b0%d9%87%d9%84%d8%a9/" "Mozilla/5.0 (iPhone; CPU iPhone OS 18_7_9 like Mac OS X) AppleWebKit/605.1.15 (KHTML, like Gecko) CriOS/150.0.7871.113 Mobile/15E148 Safari/604.1"
172.105.42.26 - - [29/Jul/2026:01:23:46 +0000] "POST /wp-cron.php?doing_wp_cron=1785288226.4357910156250000000000 HTTP/1.1" 200 20 "-" "WordPress/7.0.2; https://outlet.autozone.com.sa"
149.126.14.6 - - [29/Jul/2026:01:23:45 +0000] "POST /?wc-ajax=get_refreshed_fragments HTTP/1.1" 200 1006 "https://outlet.autozone.com.sa/offers/%d8%a3%d8%af%d8%a7%d8%a1-%d8%b1%d9%8a%d8%a7%d8%b6%d9%8a-%d9%85%d8%b9-%d8%ae%d8%b7%d8%a9-%d8%aa%d9%82%d8%b3%d9%8a%d8%b7-%d9%85%d8%b0%d9%87%d9%84%d8%a9/" "Mozilla/5.0 (iPhone; CPU iPhone OS 18_7_9 like Mac OS X) AppleWebKit/605.1.15 (KHTML, like Gecko) CriOS/150.0.7871.113 Mobile/15E148 Safari/604.1"
149.126.14.6 - - [29/Jul/2026:01:23:48 +0000] "GET /shop/ HTTP/1.1" 200 31156 "https://outlet.autozone.com.sa/offers/%d8%a3%d8%af%d8%a7%d8%a1-%d8%b1%d9%8a%d8%a7%d8%b6%d9%8a-%d9%85%d8%b9-%d8%ae%d8%b7%d8%a9-%d8%aa%d9%82%d8%b3%d9%8a%d8%b7-%d9%85%d8%b0%d9%87%d9%84%d8%a9/" "Mozilla/5.0 (iPhone; CPU iPhone OS 18_7_9 like Mac OS X) AppleWebKit/605.1.15 (KHTML, like Gecko) CriOS/150.0.7871.113 Mobile/15E148 Safari/604.1"
149.126.14.6 - - [29/Jul/2026:01:23:50 +0000] "GET /wp-content/uploads/elementor/css/post-877.css?ver=1785175992 HTTP/1.1" 200 2937 "https://outlet.autozone.com.sa/shop/" "Mozilla/5.0 (iPhone; CPU iPhone OS 18_7_9 like Mac OS X) AppleWebKit/605.1.15 (KHTML, like Gecko) CriOS/150.0.7871.113 Mobile/15E148 Safari/604.1"
149.126.14.6 - - [29/Jul/2026:01:23:50 +0000] "GET /wp-content/plugins/elementor-pro/assets/css/modules/motion-fx.min.css?ver=3.33.1 HTTP/1.1" 200 310 "https://outlet.autozone.com.sa/shop/" "Mozilla/5.0 (iPhone; CPU iPhone OS 18_7_9 like Mac OS X) AppleWebKit/605.1.15 (KHTML, like Gecko) CriOS/150.0.7871.113 Mobile/15E148 Safari/604.1"
149.126.14.6 - - [29/Jul/2026:01:23:50 +0000] "GET /wp-content/uploads/2024/12/az-outlet-en-min-1.png HTTP/1.1" 304 - "https://outlet.autozone.com.sa/shop/" "Mozilla/5.0 (iPhone; CPU iPhone OS 18_7_9 like Mac OS X) AppleWebKit/605.1.15 (KHTML, like Gecko) CriOS/150.0.7871.113 Mobile/15E148 Safari/604.1"
149.126.14.6 - - [29/Jul/2026:01:23:50 +0000] "GET /wp-content/uploads/2024/12/222f4a4449ce-best-cars-inline2.webp HTTP/1.1" 200 63041 "https://outlet.autozone.com.sa/shop/" "Mozilla/5.0 (iPhone; CPU iPhone OS 18_7_9 like Mac OS X) AppleWebKit/605.1.15 (KHTML, like Gecko) CriOS/150.0.7871.113 Mobile/15E148 Safari/604.1"
149.126.14.6 - - [29/Jul/2026:01:23:50 +0000] "GET /wp-content/uploads/2024/12/Untitled-design-53.webp HTTP/1.1" 200 38463 "https://outlet.autozone.com.sa/shop/" "Mozilla/5.0 (iPhone; CPU iPhone OS 18_7_9 like Mac OS X) AppleWebKit/605.1.15 (KHTML, like Gecko) CriOS/150.0.7871.113 Mobile/15E148 Safari/604.1"
149.126.14.6 - - [29/Jul/2026:01:23:51 +0000] "POST /?wc-ajax=get_refreshed_fragments HTTP/1.1" 200 1006 "https://outlet.autozone.com.sa/shop/" "Mozilla/5.0 (iPhone; CPU iPhone OS 18_7_9 like Mac OS X) AppleWebKit/605.1.15 (KHTML, like Gecko) CriOS/150.0.7871.113 Mobile/15E148 Safari/604.1"
172.105.42.26 - - [29/Jul/2026:01:24:41 +0000] "POST /wp-cron.php?doing_wp_cron=1785288281.8677430152893066406250 HTTP/1.1" 200 20 "-" "WordPress/7.0.2; https://outlet.autozone.com.sa"
149.126.14.6 - - [29/Jul/2026:01:24:38 +0000] "POST /wp-admin/admin-ajax.php HTTP/1.1" 200 454 "https://outlet.autozone.com.sa/shop/" "Mozilla/5.0 (iPhone; CPU iPhone OS 18_7_9 like Mac OS X) AppleWebKit/605.1.15 (KHTML, like Gecko) CriOS/150.0.7871.113 Mobile/15E148 Safari/604.1"
172.105.42.26 - - [29/Jul/2026:01:24:42 +0000] "POST /wp-cron.php?doing_wp_cron=1785288282.7010428905487060546875 HTTP/1.1" 200 20 "-" "WordPress/7.0.2; https://outlet.autozone.com.sa"
149.126.14.6 - - [29/Jul/2026:01:24:38 +0000] "POST /wp-admin/admin-ajax.php HTTP/1.1" 200 7887 "https://outlet.autozone.com.sa/shop/" "Mozilla/5.0 (iPhone; CPU iPhone OS 18_7_9 like Mac OS X) AppleWebKit/605.1.15 (KHTML, like Gecko) CriOS/150.0.7871.113 Mobile/15E148 Safari/604.1"
149.126.14.6 - - [29/Jul/2026:01:24:46 +0000] "GET /product/%d8%a7%d9%84%d8%b3%d9%8a%d8%a7%d8%b1%d8%a9-%d9%84%d9%8a%d8%b3%d8%aa-bmw-%d9%84%d8%ba%d8%b1%d8%b6-%d8%a7%d9%84%d8%a7%d8%ae%d8%aa%d8%a8%d8%a7%d8%b1/ HTTP/1.1" 200 34059 "https://outlet.autozone.com.sa/shop/" "Mozilla/5.0 (iPhone; CPU iPhone OS 18_7_9 like Mac OS X) AppleWebKit/605.1.15 (KHTML, like Gecko) CriOS/150.0.7871.113 Mobile/15E148 Safari/604.1"
149.126.14.6 - - [29/Jul/2026:01:24:49 +0000] "POST /?wc-ajax=get_default_gallery HTTP/1.1" 200 431 "https://outlet.autozone.com.sa/product/%d8%a7%d9%84%d8%b3%d9%8a%d8%a7%d8%b1%d8%a9-%d9%84%d9%8a%d8%b3%d8%aa-bmw-%d9%84%d8%ba%d8%b1%d8%b6-%d8%a7%d9%84%d8%a7%d8%ae%d8%aa%d8%a8%d8%a7%d8%b1/" "Mozilla/5.0 (iPhone; CPU iPhone OS 18_7_9 like Mac OS X) AppleWebKit/605.1.15 (KHTML, like Gecko) CriOS/150.0.7871.113 Mobile/15E148 Safari/604.1"
149.126.14.6 - - [29/Jul/2026:01:24:49 +0000] "POST /?wc-ajax=get_refreshed_fragments HTTP/1.1" 200 1006 "https://outlet.autozone.com.sa/product/%d8%a7%d9%84%d8%b3%d9%8a%d8%a7%d8%b1%d8%a9-%d9%84%d9%8a%d8%b3%d8%aa-bmw-%d9%84%d8%ba%d8%b1%d8%b6-%d8%a7%d9%84%d8%a7%d8%ae%d8%aa%d8%a8%d8%a7%d8%b1/" "Mozilla/5.0 (iPhone; CPU iPhone OS 18_7_9 like Mac OS X) AppleWebKit/605.1.15 (KHTML, like Gecko) CriOS/150.0.7871.113 Mobile/15E148 Safari/604.1"
149.126.14.6 - - [29/Jul/2026:01:24:49 +0000] "POST /?wc-ajax=get_variation_gallery HTTP/1.1" 200 641 "https://outlet.autozone.com.sa/product/%d8%a7%d9%84%d8%b3%d9%8a%d8%a7%d8%b1%d8%a9-%d9%84%d9%8a%d8%b3%d8%aa-bmw-%d9%84%d8%ba%d8%b1%d8%b6-%d8%a7%d9%84%d8%a7%d8%ae%d8%aa%d8%a8%d8%a7%d8%b1/" "Mozilla/5.0 (iPhone; CPU iPhone OS 18_7_9 like Mac OS X) AppleWebKit/605.1.15 (KHTML, like Gecko) CriOS/150.0.7871.113 Mobile/15E148 Safari/604.1"
149.126.14.6 - - [29/Jul/2026:01:25:30 +0000] "GET / HTTP/1.1" 200 35996 "https://outlet.autozone.com.sa/product/%d8%a7%d9%84%d8%b3%d9%8a%d8%a7%d8%b1%d8%a9-%d9%84%d9%8a%d8%b3%d8%aa-bmw-%d9%84%d8%ba%d8%b1%d8%b6-%d8%a7%d9%84%d8%a7%d8%ae%d8%aa%d8%a8%d8%a7%d8%b1/" "Mozilla/5.0 (iPhone; CPU iPhone OS 18_7_9 like Mac OS X) AppleWebKit/605.1.15 (KHTML, like Gecko) CriOS/150.0.7871.113 Mobile/15E148 Safari/604.1"
149.126.14.6 - - [29/Jul/2026:01:25:35 +0000] "POST /?wc-ajax=get_refreshed_fragments HTTP/1.1" 200 1006 "https://outlet.autozone.com.sa/" "Mozilla/5.0 (iPhone; CPU iPhone OS 18_7_9 like Mac OS X) AppleWebKit/605.1.15 (KHTML, like Gecko) CriOS/150.0.7871.113 Mobile/15E148 Safari/604.1"
172.105.42.26 - - [29/Jul/2026:01:25:49 +0000] "POST /wp-cron.php?doing_wp_cron=1785288349.4448208808898925781250 HTTP/1.1" 200 20 "-" "WordPress/7.0.2; https://outlet.autozone.com.sa"
149.126.14.6 - - [29/Jul/2026:01:25:48 +0000] "POST /?wc-ajax=get_refreshed_fragments HTTP/1.1" 200 1006 "https://outlet.autozone.com.sa/" "Mozilla/5.0 (iPhone; CPU iPhone OS 18_7_9 like Mac OS X) AppleWebKit/605.1.15 (KHTML, like Gecko) CriOS/150.0.7871.113 Mobile/15E148 Safari/604.1"
149.126.14.6 - - [29/Jul/2026:01:26:18 +0000] "POST /?wc-ajax=get_refreshed_fragments HTTP/1.1" 200 1006 "https://outlet.autozone.com.sa/" "Mozilla/5.0 (iPhone; CPU iPhone OS 18_7_9 like Mac OS X) AppleWebKit/605.1.15 (KHTML, like Gecko) CriOS/150.0.7871.113 Mobile/15E148 Safari/604.1"
149.126.14.6 - - [29/Jul/2026:01:26:20 +0000] "GET /our-offers/ HTTP/1.1" 200 22311 "https://outlet.autozone.com.sa/" "Mozilla/5.0 (iPhone; CPU iPhone OS 18_7_9 like Mac OS X) AppleWebKit/605.1.15 (KHTML, like Gecko) CriOS/150.0.7871.113 Mobile/15E148 Safari/604.1"
149.126.14.6 - - [29/Jul/2026:01:26:22 +0000] "POST /?wc-ajax=get_refreshed_fragments HTTP/1.1" 200 1006 "https://outlet.autozone.com.sa/our-offers/" "Mozilla/5.0 (iPhone; CPU iPhone OS 18_7_9 like Mac OS X) AppleWebKit/605.1.15 (KHTML, like Gecko) CriOS/150.0.7871.113 Mobile/15E148 Safari/604.1"
172.105.42.26 - - [29/Jul/2026:01:27:07 +0000] "POST /wp-cron.php?doing_wp_cron=1785288427.6329629421234130859375 HTTP/1.1" 200 20 "-" "WordPress/7.0.2; https://outlet.autozone.com.sa"
149.126.14.6 - - [29/Jul/2026:01:27:03 +0000] "GET /offers/%d8%a3%d8%af%d8%a7%d8%a1-%d8%b1%d9%8a%d8%a7%d8%b6%d9%8a-%d9%85%d8%b9-%d8%ae%d8%b7%d8%a9-%d8%aa%d9%82%d8%b3%d9%8a%d8%b7-%d9%85%d8%b0%d9%87%d9%84%d8%a9/ HTTP/1.1" 200 29220 "https://outlet.autozone.com.sa/our-offers/" "Mozilla/5.0 (iPhone; CPU iPhone OS 18_7_9 like Mac OS X) AppleWebKit/605.1.15 (KHTML, like Gecko) CriOS/150.0.7871.113 Mobile/15E148 Safari/604.1"
149.126.14.6 - - [29/Jul/2026:01:27:08 +0000] "POST /?wc-ajax=get_refreshed_fragments HTTP/1.1" 200 1006 "https://outlet.autozone.com.sa/offers/%d8%a3%d8%af%d8%a7%d8%a1-%d8%b1%d9%8a%d8%a7%d8%b6%d9%8a-%d9%85%d8%b9-%d8%ae%d8%b7%d8%a9-%d8%aa%d9%82%d8%b3%d9%8a%d8%b7-%d9%85%d8%b0%d9%87%d9%84%d8%a9/" "Mozilla/5.0 (iPhone; CPU iPhone OS 18_7_9 like Mac OS X) AppleWebKit/605.1.15 (KHTML, like Gecko) CriOS/150.0.7871.113 Mobile/15E148 Safari/604.1"
172.105.42.26 - - [29/Jul/2026:01:27:37 +0000] "POST /wp-cron.php?doing_wp_cron=1785288457.7302329540252685546875 HTTP/1.1" 200 20 "-" "WordPress/7.0.2; https://outlet.autozone.com.sa"
149.126.14.6 - - [29/Jul/2026:01:27:36 +0000] "POST /?wc-ajax=get_refreshed_fragments HTTP/1.1" 200 1006 "https://outlet.autozone.com.sa/our-offers/" "Mozilla/5.0 (iPhone; CPU iPhone OS 18_7_9 like Mac OS X) AppleWebKit/605.1.15 (KHTML, like Gecko) CriOS/150.0.7871.113 Mobile/15E148 Safari/604.1"
172.105.42.26 - - [29/Jul/2026:01:43:22 +0000] "POST /wp-cron.php?doing_wp_cron=1785289402.3438270092010498046875 HTTP/1.1" 200 20 "-" "WordPress/7.0.2; https://outlet.autozone.com.sa/en/"
